74.7.227.146 - - [03/Jul/2026:20:20:09 +0600] "GET /?action=cmd&path=%2Fopt%2Falt%2Falt-nodejs12%2Froot%2Fboot HTTP/2" 200 24216 "https://pollibazaar.com/?path=%2Fopt%2Falt%2Falt-nodejs12%2Froot%2Fboot" "Mozilla/5.0 AppleWebKit/537.36 (KHTML, like Gecko; compatible; GPTBot/1.4; +https://openai.com/gptbot)"
74.7.227.146 - - [03/Jul/2026:20:20:13 +0600] "GET /?action=cmd&path=%2Fopt%2Falt%2Falt-nodejs20%2Froot%2Fboot HTTP/2" 200 24214 "https://pollibazaar.com/?path=%2Fopt%2Falt%2Falt-nodejs20%2Froot%2Fboot" "Mozilla/5.0 AppleWebKit/537.36 (KHTML, like Gecko; compatible; GPTBot/1.4; +https://openai.com/gptbot)"
217.182.195.225 - - [03/Jul/2026:20:20:14 +0600] "GET /?path=/home/pollibazaar/public_html/storage/debugbar HTTP/1.1" 200 24568 "-" "Mozilla/5.0 (compatible; MJ12bot/v1.4.8; http://mj12bot.com/)"
74.7.227.146 - - [03/Jul/2026:20:20:18 +0600] "GET /?action=whois&path=%2Fopt%2Falt%2Falt-nodejs10%2Froot%2Froot HTTP/2" 200 24125 "https://pollibazaar.com/?path=%2Fopt%2Falt%2Falt-nodejs10%2Froot%2Froot" "Mozilla/5.0 AppleWebKit/537.36 (KHTML, like Gecko; compatible; GPTBot/1.4; +https://openai.com/gptbot)"
217.182.195.225 - - [03/Jul/2026:20:20:20 +0600] "GET /?path=/home/pollibazaar/public_html/storage/default HTTP/1.1" 200 24685 "-" "Mozilla/5.0 (compatible; MJ12bot/v1.4.8; http://mj12bot.com/)"
74.7.227.146 - - [03/Jul/2026:20:20:21 +0600] "GET /?action=whois&path=%2Fopt%2Falt%2Falt-nodejs16%2Froot%2Froot HTTP/2" 200 24127 "https://pollibazaar.com/?path=%2Fopt%2Falt%2Falt-nodejs16%2Froot%2Froot" "Mozilla/5.0 AppleWebKit/537.36 (KHTML, like Gecko; compatible; GPTBot/1.4; +https://openai.com/gptbot)"
74.7.227.146 - - [03/Jul/2026:20:20:25 +0600] "GET /?action=whois&path=%2Fopt%2Falt%2Falt-nodejs19%2Froot%2Froot HTTP/2" 200 24121 "https://pollibazaar.com/?path=%2Fopt%2Falt%2Falt-nodejs19%2Froot%2Froot" "Mozilla/5.0 AppleWebKit/537.36 (KHTML, like Gecko; compatible; GPTBot/1.4; +https://openai.com/gptbot)"
217.182.195.225 - - [03/Jul/2026:20:20:25 +0600] "GET /?path=/home/pollibazaar/public_html/storage/framework HTTP/1.1" 200 24765 "-" "Mozilla/5.0 (compatible; MJ12bot/v1.4.8; http://mj12bot.com/)"
74.7.227.146 - - [03/Jul/2026:20:20:30 +0600] "GET /?action=whois&path=%2Fopt%2Falt%2Falt-nodejs18%2Froot%2Froot HTTP/2" 200 24122 "https://pollibazaar.com/?path=%2Fopt%2Falt%2Falt-nodejs18%2Froot%2Froot" "Mozilla/5.0 AppleWebKit/537.36 (KHTML, like Gecko; compatible; GPTBot/1.4; +https://openai.com/gptbot)"
217.182.195.225 - - [03/Jul/2026:20:20:31 +0600] "GET /?path=/home/pollibazaar/public_html/storage/logs HTTP/1.1" 200 24617 "-" "Mozilla/5.0 (compatible; MJ12bot/v1.4.8; http://mj12bot.com/)"
74.7.227.146 - - [03/Jul/2026:20:20:33 +0600] "GET /?path=%2Fopt%2Falt%2Falt-nodejs22%2Froot%2Fproc HTTP/2" 200 24404 "https://pollibazaar.com/?path=%2Fopt%2Falt%2Falt-nodejs22%2Froot" "Mozilla/5.0 AppleWebKit/537.36 (KHTML, like Gecko; compatible; GPTBot/1.4; +https://openai.com/gptbot)"
74.7.227.146 - - [03/Jul/2026:20:20:37 +0600] "GET /?path=%2Fopt%2Falt%2Falt-nodejs12%2Froot%2Froot HTTP/2" 200 24254 "https://pollibazaar.com/?path=%2Fopt%2Falt%2Falt-nodejs12%2Froot" "Mozilla/5.0 AppleWebKit/537.36 (KHTML, like Gecko; compatible; GPTBot/1.4; +https://openai.com/gptbot)"
217.182.195.225 - - [03/Jul/2026:20:20:37 +0600] "GET /?path=/home/pollibazaar/public_html/tests&action=cmd HTTP/1.1" 200 24219 "-" "Mozilla/5.0 (compatible; MJ12bot/v1.4.8; http://mj12bot.com/)"
74.7.227.146 - - [03/Jul/2026:20:20:42 +0600] "GET /?path=%2Fopt%2Falt%2Falt-nodejs11%2Froot%2Fboot HTTP/2" 200 24396 "https://pollibazaar.com/?path=%2Fopt%2Falt%2Falt-nodejs11%2Froot" "Mozilla/5.0 AppleWebKit/537.36 (KHTML, like Gecko; compatible; GPTBot/1.4; +https://openai.com/gptbot)"
217.182.195.225 - - [03/Jul/2026:20:20:43 +0600] "GET /?path=/home/pollibazaar/public_html/tests&action=create_form HTTP/1.1" 200 24141 "-" "Mozilla/5.0 (compatible; MJ12bot/v1.4.8; http://mj12bot.com/)"
74.7.227.146 - - [03/Jul/2026:20:20:45 +0600] "GET /?path=%2Fopt%2Falt%2Falt-nodejs24%2Froot%2Fboot HTTP/2" 200 24394 "https://pollibazaar.com/?path=%2Fopt%2Falt%2Falt-nodejs24%2Froot" "Mozilla/5.0 AppleWebKit/537.36 (KHTML, like Gecko; compatible; GPTBot/1.4; +https://openai.com/gptbot)"
217.182.195.225 - - [03/Jul/2026:20:20:49 +0600] "GET /?path=/home/pollibazaar/public_html/tests&action=curl HTTP/1.1" 200 24173 "-" "Mozilla/5.0 (compatible; MJ12bot/v1.4.8; http://mj12bot.com/)"
74.7.227.146 - - [03/Jul/2026:20:20:49 +0600] "GET /?path=%2Fopt%2Falt%2Falt-nodejs12%2Froot%2Fproc HTTP/2" 200 24401 "https://pollibazaar.com/?path=%2Fopt%2Falt%2Falt-nodejs12%2Froot" "Mozilla/5.0 AppleWebKit/537.36 (KHTML, like Gecko; compatible; GPTBot/1.4; +https://openai.com/gptbot)"
74.7.227.146 - - [03/Jul/2026:20:20:54 +0600] "GET /?path=%2Fopt%2Falt%2Falt-nodejs11%2Froot%2Froot HTTP/2" 200 24259 "https://pollibazaar.com/?path=%2Fopt%2Falt%2Falt-nodejs11%2Froot" "Mozilla/5.0 AppleWebKit/537.36 (KHTML, like Gecko; compatible; GPTBot/1.4; +https://openai.com/gptbot)"
217.182.195.225 - - [03/Jul/2026:20:20:55 +0600] "GET /?path=/home/pollibazaar/public_html/tests&action=dnslookup HTTP/1.1" 200 24172 "-" "Mozilla/5.0 (compatible; MJ12bot/v1.4.8; http://mj12bot.com/)"
74.7.227.146 - - [03/Jul/2026:20:20:58 +0600] "GET /?path=%2Fopt%2Falt%2Falt-nodejs24%2Froot%2Fproc HTTP/2" 200 24396 "https://pollibazaar.com/?path=%2Fopt%2Falt%2Falt-nodejs24%2Froot" "Mozilla/5.0 AppleWebKit/537.36 (KHTML, like Gecko; compatible; GPTBot/1.4; +https://openai.com/gptbot)"
217.182.195.225 - - [03/Jul/2026:20:21:01 +0600] "GET /?path=/home/pollibazaar/public_html/tests&action=header HTTP/1.1" 200 24239 "-" "Mozilla/5.0 (compatible; MJ12bot/v1.4.8; http://mj12bot.com/)"
74.7.227.146 - - [03/Jul/2026:20:21:01 +0600] "GET /?path=%2Fopt%2Falt%2Falt-nodejs20%2Froot%2Froot HTTP/2" 200 24252 "https://pollibazaar.com/?path=%2Fopt%2Falt%2Falt-nodejs20%2Froot" "Mozilla/5.0 AppleWebKit/537.36 (KHTML, like Gecko; compatible; GPTBot/1.4; +https://openai.com/gptbot)"
74.7.227.146 - - [03/Jul/2026:20:21:07 +0600] "GET /?action=mass_deface_form&path=%2Fopt%2Falt%2Falt-nodejs22%2Froot%2Fsys HTTP/2" 200 24241 "https://pollibazaar.com/?path=%2Fopt%2Falt%2Falt-nodejs22%2Froot%2Fsys" "Mozilla/5.0 AppleWebKit/537.36 (KHTML, like Gecko; compatible; GPTBot/1.4; +https://openai.com/gptbot)"
217.182.195.225 - - [03/Jul/2026:20:21:08 +0600] "GET /?path=/home/pollibazaar/public_html/tests&action=jumping HTTP/1.1" 200 24119 "-" "Mozilla/5.0 (compatible; MJ12bot/v1.4.8; http://mj12bot.com/)"
74.7.227.146 - - [03/Jul/2026:20:21:11 +0600] "GET /?action=mass_deface_form&path=%2Fopt%2Falt%2Falt-nodejs12%2Froot%2Fetc HTTP/2" 200 24242 "https://pollibazaar.com/?path=%2Fopt%2Falt%2Falt-nodejs12%2Froot%2Fetc" "Mozilla/5.0 AppleWebKit/537.36 (KHTML, like Gecko; compatible; GPTBot/1.4; +https://openai.com/gptbot)"
217.182.195.225 - - [03/Jul/2026:20:21:14 +0600] "GET /?path=/home/pollibazaar/public_html/tests&action=mass_deface_form HTTP/1.1" 200 24276 "-" "Mozilla/5.0 (compatible; MJ12bot/v1.4.8; http://mj12bot.com/)"
74.7.227.146 - - [03/Jul/2026:20:21:14 +0600] "GET /?action=mass_deface_form&path=%2Fopt%2Falt%2Falt-nodejs24%2Froot%2Fmnt HTTP/2" 200 24242 "https://pollibazaar.com/?path=%2Fopt%2Falt%2Falt-nodejs24%2Froot%2Fmnt" "Mozilla/5.0 AppleWebKit/537.36 (KHTML, like Gecko; compatible; GPTBot/1.4; +https://openai.com/gptbot)"
74.7.227.146 - - [03/Jul/2026:20:21:18 +0600] "GET /?action=create_form&path=%2Fopt%2Falt%2Falt-nodejs22%2Froot%2Fproc HTTP/2" 200 24127 "https://pollibazaar.com/?path=%2Fopt%2Falt%2Falt-nodejs22%2Froot%2Fproc" "Mozilla/5.0 AppleWebKit/537.36 (KHTML, like Gecko; compatible; GPTBot/1.4; +https://openai.com/gptbot)"
217.182.195.225 - - [03/Jul/2026:20:21:19 +0600] "GET /?path=/home/pollibazaar/public_html/tests&action=ping HTTP/1.1" 200 24181 "-" "Mozilla/5.0 (compatible; MJ12bot/v1.4.8; http://mj12bot.com/)"
74.7.227.146 - - [03/Jul/2026:20:21:23 +0600] "GET /?action=portscan&path=%2Fopt%2Falt%2Falt-nodejs12%2Froot%2Froot HTTP/2" 200 24142 "https://pollibazaar.com/?path=%2Fopt%2Falt%2Falt-nodejs12%2Froot%2Froot" "Mozilla/5.0 AppleWebKit/537.36 (KHTML, like Gecko; compatible; GPTBot/1.4; +https://openai.com/gptbot)"
217.182.195.225 - - [03/Jul/2026:20:21:25 +0600] "GET /?path=/home/pollibazaar/public_html/tests&action=portscan HTTP/1.1" 200 24141 "-" "Mozilla/5.0 (compatible; MJ12bot/v1.4.8; http://mj12bot.com/)"
74.7.227.146 - - [03/Jul/2026:20:21:26 +0600] "GET /?action=curl&path=%2Fopt%2Falt%2Falt-nodejs12%2Froot%2Froot HTTP/2" 200 24164 "https://pollibazaar.com/?path=%2Fopt%2Falt%2Falt-nodejs12%2Froot%2Froot" "Mozilla/5.0 AppleWebKit/537.36 (KHTML, like Gecko; compatible; GPTBot/1.4; +https://openai.com/gptbot)"
74.7.227.146 - - [03/Jul/2026:20:21:30 +0600] "GET /?action=whois&path=%2Fopt%2Falt%2Falt-nodejs12%2Froot%2Froot HTTP/2" 200 24117 "https://pollibazaar.com/?path=%2Fopt%2Falt%2Falt-nodejs12%2Froot%2Froot" "Mozilla/5.0 AppleWebKit/537.36 (KHTML, like Gecko; compatible; GPTBot/1.4; +https://openai.com/gptbot)"
217.182.195.225 - - [03/Jul/2026:20:21:31 +0600] "GET /?path=/home/pollibazaar/public_html/tests&action=reverse_shell HTTP/1.1" 200 24359 "-" "Mozilla/5.0 (compatible; MJ12bot/v1.4.8; http://mj12bot.com/)"
74.7.227.146 - - [03/Jul/2026:20:21:34 +0600] "GET /?action=symlink&path=%2Fopt%2Falt%2Falt-nodejs12%2Froot%2Fproc HTTP/2" 200 24247 "https://pollibazaar.com/?path=%2Fopt%2Falt%2Falt-nodejs12%2Froot%2Fproc" "Mozilla/5.0 AppleWebKit/537.36 (KHTML, like Gecko; compatible; GPTBot/1.4; +https://openai.com/gptbot)"
217.182.195.225 - - [03/Jul/2026:20:21:36 +0600] "GET /?path=/home/pollibazaar/public_html/tests&action=symlink HTTP/1.1" 200 24254 "-" "Mozilla/5.0 (compatible; MJ12bot/v1.4.8; http://mj12bot.com/)"
74.7.227.146 - - [03/Jul/2026:20:21:38 +0600] "GET /?action=portscan&path=%2Fopt%2Falt%2Falt-nodejs11%2Froot%2Froot HTTP/2" 200 24143 "https://pollibazaar.com/?path=%2Fopt%2Falt%2Falt-nodejs11%2Froot%2Froot" "Mozilla/5.0 AppleWebKit/537.36 (KHTML, like Gecko; compatible; GPTBot/1.4; +https://openai.com/gptbot)"
74.7.227.146 - - [03/Jul/2026:20:21:42 +0600] "GET /?action=header&path=%2Fopt%2Falt%2Falt-nodejs12%2Froot%2Froot HTTP/2" 200 24221 "https://pollibazaar.com/?path=%2Fopt%2Falt%2Falt-nodejs12%2Froot%2Froot" "Mozilla/5.0 AppleWebKit/537.36 (KHTML, like Gecko; compatible; GPTBot/1.4; +https://openai.com/gptbot)"
217.182.195.225 - - [03/Jul/2026:20:21:42 +0600] "GET /?path=/home/pollibazaar/public_html/tests&action=upload_form HTTP/1.1" 200 24191 "-" "Mozilla/5.0 (compatible; MJ12bot/v1.4.8; http://mj12bot.com/)"
74.7.227.146 - - [03/Jul/2026:20:21:46 +0600] "GET /?action=portscan&path=%2Fopt%2Falt%2Falt-nodejs20%2Froot%2Froot HTTP/2" 200 24141 "https://pollibazaar.com/?path=%2Fopt%2Falt%2Falt-nodejs20%2Froot%2Froot" "Mozilla/5.0 AppleWebKit/537.36 (KHTML, like Gecko; compatible; GPTBot/1.4; +https://openai.com/gptbot)"
217.182.195.225 - - [03/Jul/2026:20:21:48 +0600] "GET /?path=/home/pollibazaar/public_html/tests&action=whois HTTP/1.1" 200 24130 "-" "Mozilla/5.0 (compatible; MJ12bot/v1.4.8; http://mj12bot.com/)"
74.7.227.146 - - [03/Jul/2026:20:21:49 +0600] "GET /?action=whois&path=%2Fopt%2Falt%2Falt-nodejs20%2Froot%2Froot HTTP/2" 200 24125 "https://pollibazaar.com/?path=%2Fopt%2Falt%2Falt-nodejs20%2Froot%2Froot" "Mozilla/5.0 AppleWebKit/537.36 (KHTML, like Gecko; compatible; GPTBot/1.4; +https://openai.com/gptbot)"
74.7.227.146 - - [03/Jul/2026:20:21:53 +0600] "GET /?action=header&path=%2Fopt%2Falt%2Falt-nodejs20%2Froot%2Froot HTTP/2" 200 24219 "https://pollibazaar.com/?path=%2Fopt%2Falt%2Falt-nodejs20%2Froot%2Froot" "Mozilla/5.0 AppleWebKit/537.36 (KHTML, like Gecko; compatible; GPTBot/1.4; +https://openai.com/gptbot)"
217.182.195.225 - - [03/Jul/2026:20:21:53 +0600] "GET /?path=/home/pollibazaar/public_html/tests/Feature HTTP/1.1" 200 24710 "-" "Mozilla/5.0 (compatible; MJ12bot/v1.4.8; http://mj12bot.com/)"
74.7.227.146 - - [03/Jul/2026:20:21:58 +0600] "GET /?action=curl&path=%2Fopt%2Falt%2Falt-nodejs20%2Froot%2Froot HTTP/2" 200 24170 "https://pollibazaar.com/?path=%2Fopt%2Falt%2Falt-nodejs20%2Froot%2Froot" "Mozilla/5.0 AppleWebKit/537.36 (KHTML, like Gecko; compatible; GPTBot/1.4; +https://openai.com/gptbot)"
217.182.195.225 - - [03/Jul/2026:20:21:59 +0600] "GET /?path=/home/pollibazaar/public_html/tests/Unit HTTP/1.1" 200 24702 "-" "Mozilla/5.0 (compatible; MJ12bot/v1.4.8; http://mj12bot.com/)"
74.7.227.146 - - [03/Jul/2026:20:22:01 +0600] "GET /?action=dnslookup&path=%2Fopt%2Falt%2Falt-nodejs20%2Froot%2Froot HTTP/2" 200 24164 "https://pollibazaar.com/?path=%2Fopt%2Falt%2Falt-nodejs20%2Froot%2Froot" "Mozilla/5.0 AppleWebKit/537.36 (KHTML, like Gecko; compatible; GPTBot/1.4; +https://openai.com/gptbot)"
74.7.227.146 - - [03/Jul/2026:20:22:05 +0600] "GET /?action=dnslookup&path=%2Fopt%2Falt%2Falt-nodejs12%2Froot%2Froot HTTP/2" 200 24164 "https://pollibazaar.com/?path=%2Fopt%2Falt%2Falt-nodejs12%2Froot%2Froot" "Mozilla/5.0 AppleWebKit/537.36 (KHTML, like Gecko; compatible; GPTBot/1.4; +https://openai.com/gptbot)"
217.182.195.225 - - [03/Jul/2026:20:22:05 +0600] "GET /?path=/home/pollibazaar/public_html/vendor&action=cmd HTTP/1.1" 200 24229 "-" "Mozilla/5.0 (compatible; MJ12bot/v1.4.8; http://mj12bot.com/)"
74.7.227.146 - - [03/Jul/2026:20:22:10 +0600] "GET /?action=dnslookup&path=%2Fopt%2Falt%2Falt-nodejs11%2Froot%2Froot HTTP/2" 200 24162 "https://pollibazaar.com/?path=%2Fopt%2Falt%2Falt-nodejs11%2Froot%2Froot" "Mozilla/5.0 AppleWebKit/537.36 (KHTML, like Gecko; compatible; GPTBot/1.4; +https://openai.com/gptbot)"
217.182.195.225 - - [03/Jul/2026:20:22:11 +0600] "GET /?path=/home/pollibazaar/public_html/vendor&action=create_form HTTP/1.1" 200 24157 "-" "Mozilla/5.0 (compatible; MJ12bot/v1.4.8; http://mj12bot.com/)"
74.7.227.146 - - [03/Jul/2026:20:22:13 +0600] "GET /?action=curl&path=%2Fopt%2Falt%2Falt-nodejs11%2Froot%2Froot HTTP/2" 200 24165 "https://pollibazaar.com/?path=%2Fopt%2Falt%2Falt-nodejs11%2Froot%2Froot" "Mozilla/5.0 AppleWebKit/537.36 (KHTML, like Gecko; compatible; GPTBot/1.4; +https://openai.com/gptbot)"
217.182.195.225 - - [03/Jul/2026:20:22:17 +0600] "GET /?path=/home/pollibazaar/public_html/vendor&action=curl HTTP/1.1" 200 24150 "-" "Mozilla/5.0 (compatible; MJ12bot/v1.4.8; http://mj12bot.com/)"
74.7.227.146 - - [03/Jul/2026:20:22:17 +0600] "GET /?action=whois&path=%2Fopt%2Falt%2Falt-nodejs11%2Froot%2Froot HTTP/2" 200 24121 "https://pollibazaar.com/?path=%2Fopt%2Falt%2Falt-nodejs11%2Froot%2Froot" "Mozilla/5.0 AppleWebKit/537.36 (KHTML, like Gecko; compatible; GPTBot/1.4; +https://openai.com/gptbot)"
74.7.227.146 - - [03/Jul/2026:20:22:21 +0600] "GET /?action=header&path=%2Fopt%2Falt%2Falt-nodejs11%2Froot%2Froot HTTP/2" 200 24225 "https://pollibazaar.com/?path=%2Fopt%2Falt%2Falt-nodejs11%2Froot%2Froot" "Mozilla/5.0 AppleWebKit/537.36 (KHTML, like Gecko; compatible; GPTBot/1.4; +https://openai.com/gptbot)"
217.182.195.225 - - [03/Jul/2026:20:22:22 +0600] "GET /?path=/home/pollibazaar/public_html/vendor&action=dnslookup HTTP/1.1" 200 24163 "-" "Mozilla/5.0 (compatible; MJ12bot/v1.4.8; http://mj12bot.com/)"
74.7.227.146 - - [03/Jul/2026:20:22:25 +0600] "GET /?action=curl&path=%2Fopt%2Falt%2Falt-nodejs24%2Froot%2Fproc HTTP/2" 200 24178 "https://pollibazaar.com/?path=%2Fopt%2Falt%2Falt-nodejs24%2Froot%2Fproc" "Mozilla/5.0 AppleWebKit/537.36 (KHTML, like Gecko; compatible; GPTBot/1.4; +https://openai.com/gptbot)"
217.182.195.225 - - [03/Jul/2026:20:22:28 +0600] "GET /?path=/home/pollibazaar/public_html/vendor&action=header HTTP/1.1" 200 24217 "-" "Mozilla/5.0 (compatible; MJ12bot/v1.4.8; http://mj12bot.com/)"
74.7.227.146 - - [03/Jul/2026:20:22:28 +0600] "GET /?action=cmd&path=%2Fopt%2Falt%2Falt-nodejs20%2Froot%2Froot HTTP/2" 200 24211 "https://pollibazaar.com/?path=%2Fopt%2Falt%2Falt-nodejs20%2Froot%2Froot" "Mozilla/5.0 AppleWebKit/537.36 (KHTML, like Gecko; compatible; GPTBot/1.4; +https://openai.com/gptbot)"
74.7.227.146 - - [03/Jul/2026:20:22:33 +0600] "GET /?action=cmd&path=%2Fopt%2Falt%2Falt-nodejs12%2Froot%2Froot HTTP/2" 200 24210 "https://pollibazaar.com/?path=%2Fopt%2Falt%2Falt-nodejs12%2Froot%2Froot" "Mozilla/5.0 AppleWebKit/537.36 (KHTML, like Gecko; compatible; GPTBot/1.4; +https://openai.com/gptbot)"
217.182.195.225 - - [03/Jul/2026:20:22:34 +0600] "GET /?path=/home/pollibazaar/public_html/vendor&action=jumping HTTP/1.1" 200 24158 "-" "Mozilla/5.0 (compatible; MJ12bot/v1.4.8; http://mj12bot.com/)"
74.7.227.146 - - [03/Jul/2026:20:22:39 +0600] "GET /?action=create_form&path=%2Fopt%2Falt%2Falt-nodejs20%2Froot%2Froot HTTP/2" 200 24127 "https://pollibazaar.com/?path=%2Fopt%2Falt%2Falt-nodejs20%2Froot%2Froot" "Mozilla/5.0 AppleWebKit/537.36 (KHTML, like Gecko; compatible; GPTBot/1.4; +https://openai.com/gptbot)"
217.182.195.225 - - [03/Jul/2026:20:22:41 +0600] "GET /?path=/home/pollibazaar/public_html/vendor&action=mass_deface_form HTTP/1.1" 200 24301 "-" "Mozilla/5.0 (compatible; MJ12bot/v1.4.8; http://mj12bot.com/)"
74.7.227.146 - - [03/Jul/2026:20:22:42 +0600] "GET /?action=create_form&path=%2Fopt%2Falt%2Falt-nodejs12%2Froot%2Froot HTTP/2" 200 24128 "https://pollibazaar.com/?path=%2Fopt%2Falt%2Falt-nodejs12%2Froot%2Froot" "Mozilla/5.0 AppleWebKit/537.36 (KHTML, like Gecko; compatible; GPTBot/1.4; +https://openai.com/gptbot)"
74.7.227.146 - - [03/Jul/2026:20:22:46 +0600] "GET /?action=reverse_shell&path=%2Fopt%2Falt%2Falt-nodejs12%2Froot%2Froot HTTP/2" 200 24372 "https://pollibazaar.com/?path=%2Fopt%2Falt%2Falt-nodejs12%2Froot%2Froot" "Mozilla/5.0 AppleWebKit/537.36 (KHTML, like Gecko; compatible; GPTBot/1.4; +https://openai.com/gptbot)"
217.182.195.225 - - [03/Jul/2026:20:22:47 +0600] "GET /?path=/home/pollibazaar/public_html/vendor&action=ping HTTP/1.1" 200 24163 "-" "Mozilla/5.0 (compatible; MJ12bot/v1.4.8; http://mj12bot.com/)"
74.7.227.146 - - [03/Jul/2026:20:22:51 +0600] "GET /?action=reverse_shell&path=%2Fopt%2Falt%2Falt-nodejs20%2Froot%2Froot HTTP/2" 200 24374 "https://pollibazaar.com/?path=%2Fopt%2Falt%2Falt-nodejs20%2Froot%2Froot" "Mozilla/5.0 AppleWebKit/537.36 (KHTML, like Gecko; compatible; GPTBot/1.4; +https://openai.com/gptbot)"
217.182.195.225 - - [03/Jul/2026:20:22:52 +0600] "GET /?path=/home/pollibazaar/public_html/vendor&action=portscan HTTP/1.1" 200 24165 "-" "Mozilla/5.0 (compatible; MJ12bot/v1.4.8; http://mj12bot.com/)"
74.7.227.146 - - [03/Jul/2026:20:22:54 +0600] "GET /?action=cmd&path=%2Fopt%2Falt%2Falt-nodejs11%2Froot%2Froot HTTP/2" 200 24214 "https://pollibazaar.com/?path=%2Fopt%2Falt%2Falt-nodejs11%2Froot%2Froot" "Mozilla/5.0 AppleWebKit/537.36 (KHTML, like Gecko; compatible; GPTBot/1.4; +https://openai.com/gptbot)"
74.7.227.146 - - [03/Jul/2026:20:22:57 +0600] "GET /?action=dnslookup&path=%2Fopt%2Falt%2Falt-nodejs11%2Froot%2Fboot HTTP/2" 200 24164 "https://pollibazaar.com/?path=%2Fopt%2Falt%2Falt-nodejs11%2Froot%2Fboot" "Mozilla/5.0 AppleWebKit/537.36 (KHTML, like Gecko; compatible; GPTBot/1.4; +https://openai.com/gptbot)"
217.182.195.225 - - [03/Jul/2026:20:22:58 +0600] "GET /?path=/home/pollibazaar/public_html/vendor&action=reverse_shell HTTP/1.1" 200 24349 "-" "Mozilla/5.0 (compatible; MJ12bot/v1.4.8; http://mj12bot.com/)"
74.7.227.146 - - [03/Jul/2026:20:23:02 +0600] "GET /?action=portscan&path=%2Fopt%2Falt%2Falt-nodejs24%2Froot%2Fproc HTTP/2" 200 24137 "https://pollibazaar.com/?path=%2Fopt%2Falt%2Falt-nodejs24%2Froot%2Fproc" "Mozilla/5.0 AppleWebKit/537.36 (KHTML, like Gecko; compatible; GPTBot/1.4; +https://openai.com/gptbot)"
217.182.195.225 - - [03/Jul/2026:20:23:04 +0600] "GET /?path=/home/pollibazaar/public_html/vendor&action=symlink HTTP/1.1" 200 24232 "-" "Mozilla/5.0 (compatible; MJ12bot/v1.4.8; http://mj12bot.com/)"
74.7.227.146 - - [03/Jul/2026:20:23:05 +0600] "GET /?action=portscan&path=%2Fopt%2Falt%2Falt-nodejs24%2Froot%2Fboot HTTP/2" 200 24140 "https://pollibazaar.com/?path=%2Fopt%2Falt%2Falt-nodejs24%2Froot%2Fboot" "Mozilla/5.0 AppleWebKit/537.36 (KHTML, like Gecko; compatible; GPTBot/1.4; +https://openai.com/gptbot)"
217.182.195.225 - - [03/Jul/2026:20:23:09 +0600] "GET /?path=/home/pollibazaar/public_html/vendor&action=whois HTTP/1.1" 200 24131 "-" "Mozilla/5.0 (compatible; MJ12bot/v1.4.8; http://mj12bot.com/)"
74.7.227.146 - - [03/Jul/2026:20:23:09 +0600] "GET /?action=portscan&path=%2Fopt%2Falt%2Falt-nodejs22%2Froot%2Fproc HTTP/2" 200 24142 "https://pollibazaar.com/?path=%2Fopt%2Falt%2Falt-nodejs22%2Froot%2Fproc" "Mozilla/5.0 AppleWebKit/537.36 (KHTML, like Gecko; compatible; GPTBot/1.4; +https://openai.com/gptbot)"
74.7.227.146 - - [03/Jul/2026:20:23:14 +0600] "GET /?action=portscan&path=%2Fopt%2Falt%2Falt-nodejs12%2Froot%2Fproc HTTP/2" 200 24139 "https://pollibazaar.com/?path=%2Fopt%2Falt%2Falt-nodejs12%2Froot%2Fproc" "Mozilla/5.0 AppleWebKit/537.36 (KHTML, like Gecko; compatible; GPTBot/1.4; +https://openai.com/gptbot)"
217.182.195.225 - - [03/Jul/2026:20:23:16 +0600] "GET /?path=/home/pollibazaar/public_html/vendor/beste HTTP/1.1" 200 24641 "-" "Mozilla/5.0 (compatible; MJ12bot/v1.4.8; http://mj12bot.com/)"
74.7.227.146 - - [03/Jul/2026:20:23:18 +0600] "GET /?action=whois&path=%2Fopt%2Falt%2Falt-nodejs22%2Froot%2Fproc HTTP/2" 200 24123 "https://pollibazaar.com/?path=%2Fopt%2Falt%2Falt-nodejs22%2Froot%2Fproc" "Mozilla/5.0 AppleWebKit/537.36 (KHTML, like Gecko; compatible; GPTBot/1.4; +https://openai.com/gptbot)"
217.182.195.225 - - [03/Jul/2026:20:23:21 +0600] "GET /?path=/home/pollibazaar/public_html/vendor/bin HTTP/1.1" 200 25034 "-" "Mozilla/5.0 (compatible; MJ12bot/v1.4.8; http://mj12bot.com/)"
74.7.227.146 - - [03/Jul/2026:20:23:21 +0600] "GET /?action=ping&path=%2Fopt%2Falt%2Falt-nodejs20%2Froot%2Froot HTTP/2" 200 24178 "https://pollibazaar.com/?path=%2Fopt%2Falt%2Falt-nodejs20%2Froot%2Froot" "Mozilla/5.0 AppleWebKit/537.36 (KHTML, like Gecko; compatible; GPTBot/1.4; +https://openai.com/gptbot)"
74.7.227.146 - - [03/Jul/2026:20:23:26 +0600] "GET /?action=ping&path=%2Fopt%2Falt%2Falt-nodejs12%2Froot%2Froot HTTP/2" 200 24178 "https://pollibazaar.com/?path=%2Fopt%2Falt%2Falt-nodejs12%2Froot%2Froot" "Mozilla/5.0 AppleWebKit/537.36 (KHTML, like Gecko; compatible; GPTBot/1.4; +https://openai.com/gptbot)"
217.182.195.225 - - [03/Jul/2026:20:23:27 +0600] "GET /?path=/home/pollibazaar/public_html/vendor/brian2694 HTTP/1.1" 200 24580 "-" "Mozilla/5.0 (compatible; MJ12bot/v1.4.8; http://mj12bot.com/)"
74.7.227.146 - - [03/Jul/2026:20:23:30 +0600] "GET /?action=header&path=%2Fopt%2Falt%2Falt-nodejs22%2Froot%2Fproc HTTP/2" 200 24235 "https://pollibazaar.com/?path=%2Fopt%2Falt%2Falt-nodejs22%2Froot%2Fproc" "Mozilla/5.0 AppleWebKit/537.36 (KHTML, like Gecko; compatible; GPTBot/1.4; +https://openai.com/gptbot)"
217.182.195.225 - - [03/Jul/2026:20:23:32 +0600] "GET /?path=/home/pollibazaar/public_html/vendor/brick HTTP/1.1" 200 24566 "-" "Mozilla/5.0 (compatible; MJ12bot/v1.4.8; http://mj12bot.com/)"
74.7.227.146 - - [03/Jul/2026:20:23:33 +0600] "GET /?action=mass_deface_form&path=%2Fopt%2Falt%2Falt-nodejs22%2Froot%2Fproc HTTP/2" 200 24236 "https://pollibazaar.com/?path=%2Fopt%2Falt%2Falt-nodejs22%2Froot%2Fproc" "Mozilla/5.0 AppleWebKit/537.36 (KHTML, like Gecko; compatible; GPTBot/1.4; +https://openai.com/gptbot)"
74.7.227.146 - - [03/Jul/2026:20:23:37 +0600] "GET /?action=ping&path=%2Fopt%2Falt%2Falt-nodejs22%2Froot%2Fproc HTTP/2" 200 24174 "https://pollibazaar.com/?path=%2Fopt%2Falt%2Falt-nodejs22%2Froot%2Fproc" "Mozilla/5.0 AppleWebKit/537.36 (KHTML, like Gecko; compatible; GPTBot/1.4; +https://openai.com/gptbot)"
74.7.227.146 - - [03/Jul/2026:20:23:40 +0600] "GET /?action=curl&path=%2Fopt%2Falt%2Falt-nodejs22%2Froot%2Fproc HTTP/2" 200 24175 "https://pollibazaar.com/?path=%2Fopt%2Falt%2Falt-nodejs22%2Froot%2Fproc" "Mozilla/5.0 AppleWebKit/537.36 (KHTML, like Gecko; compatible; GPTBot/1.4; +https://openai.com/gptbot)"
74.7.227.146 - - [03/Jul/2026:20:23:43 +0600] "GET /?action=reverse_shell&path=%2Fopt%2Falt%2Falt-nodejs22%2Froot%2Fproc HTTP/2" 200 24389 "https://pollibazaar.com/?path=%2Fopt%2Falt%2Falt-nodejs22%2Froot%2Fproc" "Mozilla/5.0 AppleWebKit/537.36 (KHTML, like Gecko; compatible; GPTBot/1.4; +https://openai.com/gptbot)"
74.7.227.146 - - [03/Jul/2026:20:23:45 +0600] "GET /?action=cmd&path=%2Fopt%2Falt%2Falt-nodejs22%2Froot%2Fproc HTTP/2" 200 24218 "https://pollibazaar.com/?path=%2Fopt%2Falt%2Falt-nodejs22%2Froot%2Fproc" "Mozilla/5.0 AppleWebKit/537.36 (KHTML, like Gecko; compatible; GPTBot/1.4; +https://openai.com/gptbot)"
74.7.227.146 - - [03/Jul/2026:20:23:48 +0600] "GET /?action=mass_deface_form&path=%2Fopt%2Falt%2Falt-nodejs20%2Froot%2Froot HTTP/2" 200 24233 "https://pollibazaar.com/?path=%2Fopt%2Falt%2Falt-nodejs20%2Froot%2Froot" "Mozilla/5.0 AppleWebKit/537.36 (KHTML, like Gecko; compatible; GPTBot/1.4; +https://openai.com/gptbot)"
74.7.227.146 - - [03/Jul/2026:20:23:50 +0600] "GET /?action=mass_deface_form&path=%2Fopt%2Falt%2Falt-nodejs12%2Froot%2Froot HTTP/2" 200 24228 "https://pollibazaar.com/?path=%2Fopt%2Falt%2Falt-nodejs12%2Froot%2Froot" "Mozilla/5.0 AppleWebKit/537.36 (KHTML, like Gecko; compatible; GPTBot/1.4; +https://openai.com/gptbot)"
74.7.227.146 - - [03/Jul/2026:20:23:53 +0600] "GET /?action=dnslookup&path=%2Fopt%2Falt%2Falt-nodejs22%2Froot%2Fproc HTTP/2" 200 24163 "https://pollibazaar.com/?path=%2Fopt%2Falt%2Falt-nodejs22%2Froot%2Fproc" "Mozilla/5.0 AppleWebKit/537.36 (KHTML, like Gecko; compatible; GPTBot/1.4; +https://openai.com/gptbot)"
74.7.227.146 - - [03/Jul/2026:20:23:56 +0600] "GET /?action=portscan&path=%2Fopt%2Falt%2Falt-nodejs11%2Froot%2Fboot HTTP/2" 200 24143 "https://pollibazaar.com/?path=%2Fopt%2Falt%2Falt-nodejs11%2Froot%2Fboot" "Mozilla/5.0 AppleWebKit/537.36 (KHTML, like Gecko; compatible; GPTBot/1.4; +https://openai.com/gptbot)"
74.7.227.146 - - [03/Jul/2026:20:23:59 +0600] "GET /?action=header&path=%2Fopt%2Falt%2Falt-nodejs24%2Froot%2Fproc HTTP/2" 200 24227 "https://pollibazaar.com/?path=%2Fopt%2Falt%2Falt-nodejs24%2Froot%2Fproc" "Mozilla/5.0 AppleWebKit/537.36 (KHTML, like Gecko; compatible; GPTBot/1.4; +https://openai.com/gptbot)"
74.7.227.146 - - [03/Jul/2026:20:24:01 +0600] "GET /?action=header&path=%2Fopt%2Falt%2Falt-nodejs12%2Froot%2Fproc HTTP/2" 200 24230 "https://pollibazaar.com/?path=%2Fopt%2Falt%2Falt-nodejs12%2Froot%2Fproc" "Mozilla/5.0 AppleWebKit/537.36 (KHTML, like Gecko; compatible; GPTBot/1.4; +https://openai.com/gptbot)"
74.7.227.146 - - [03/Jul/2026:20:24:04 +0600] "GET /?action=mass_deface_form&path=%2Fopt%2Falt%2Falt-nodejs24%2Froot%2Fboot HTTP/2" 200 24243 "https://pollibazaar.com/?path=%2Fopt%2Falt%2Falt-nodejs24%2Froot%2Fboot" "Mozilla/5.0 AppleWebKit/537.36 (KHTML, like Gecko; compatible; GPTBot/1.4; +https://openai.com/gptbot)"
74.7.227.146 - - [03/Jul/2026:20:24:07 +0600] "GET /?action=mass_deface_form&path=%2Fopt%2Falt%2Falt-nodejs11%2Froot%2Froot HTTP/2" 200 24227 "https://pollibazaar.com/?path=%2Fopt%2Falt%2Falt-nodejs11%2Froot%2Froot" "Mozilla/5.0 AppleWebKit/537.36 (KHTML, like Gecko; compatible; GPTBot/1.4; +https://openai.com/gptbot)"
74.7.227.146 - - [03/Jul/2026:20:24:09 +0600] "GET /?action=upload_form&path=%2Fopt%2Falt%2Falt-nodejs22%2Froot%2Fproc HTTP/2" 200 24189 "https://pollibazaar.com/?path=%2Fopt%2Falt%2Falt-nodejs22%2Froot%2Fproc" "Mozilla/5.0 AppleWebKit/537.36 (KHTML, like Gecko; compatible; GPTBot/1.4; +https://openai.com/gptbot)"
74.7.227.146 - - [03/Jul/2026:20:24:12 +0600] "GET /?action=dnslookup&path=%2Fopt%2Falt%2Falt-nodejs24%2Froot%2Fboot HTTP/2" 200 24167 "https://pollibazaar.com/?path=%2Fopt%2Falt%2Falt-nodejs24%2Froot%2Fboot" "Mozilla/5.0 AppleWebKit/537.36 (KHTML, like Gecko; compatible; GPTBot/1.4; +https://openai.com/gptbot)"
74.7.227.146 - - [03/Jul/2026:20:24:14 +0600] "GET /?action=whois&path=%2Fopt%2Falt%2Falt-nodejs12%2Froot%2Fproc HTTP/2" 200 24122 "https://pollibazaar.com/?path=%2Fopt%2Falt%2Falt-nodejs12%2Froot%2Fproc" "Mozilla/5.0 AppleWebKit/537.36 (KHTML, like Gecko; compatible; GPTBot/1.4; +https://openai.com/gptbot)"
74.7.227.146 - - [03/Jul/2026:20:24:17 +0600] "GET /?action=whois&path=%2Fopt%2Falt%2Falt-nodejs11%2Froot%2Fboot HTTP/2" 200 24124 "https://pollibazaar.com/?path=%2Fopt%2Falt%2Falt-nodejs11%2Froot%2Fboot" "Mozilla/5.0 AppleWebKit/537.36 (KHTML, like Gecko; compatible; GPTBot/1.4; +https://openai.com/gptbot)"
74.7.227.146 - - [03/Jul/2026:20:24:21 +0600] "GET /?action=dnslookup&path=%2Fopt%2Falt%2Falt-nodejs12%2Froot%2Fproc HTTP/2" 200 24165 "https://pollibazaar.com/?path=%2Fopt%2Falt%2Falt-nodejs12%2Froot%2Fproc" "Mozilla/5.0 AppleWebKit/537.36 (KHTML, like Gecko; compatible; GPTBot/1.4; +https://openai.com/gptbot)"
74.7.227.146 - - [03/Jul/2026:20:24:25 +0600] "GET /?action=dnslookup&path=%2Fopt%2Falt%2Falt-nodejs24%2Froot%2Fproc HTTP/2" 200 24165 "https://pollibazaar.com/?path=%2Fopt%2Falt%2Falt-nodejs24%2Froot%2Fproc" "Mozilla/5.0 AppleWebKit/537.36 (KHTML, like Gecko; compatible; GPTBot/1.4; +https://openai.com/gptbot)"
74.7.227.146 - - [03/Jul/2026:20:24:29 +0600] "GET /?action=header&path=%2Fopt%2Falt%2Falt-nodejs24%2Froot%2Fboot HTTP/2" 200 24224 "https://pollibazaar.com/?path=%2Fopt%2Falt%2Falt-nodejs24%2Froot%2Fboot" "Mozilla/5.0 AppleWebKit/537.36 (KHTML, like Gecko; compatible; GPTBot/1.4; +https://openai.com/gptbot)"
74.7.227.146 - - [03/Jul/2026:20:24:33 +0600] "GET /?action=ping&path=%2Fopt%2Falt%2Falt-nodejs11%2Froot%2Froot HTTP/2" 200 24177 "https://pollibazaar.com/?path=%2Fopt%2Falt%2Falt-nodejs11%2Froot%2Froot" "Mozilla/5.0 AppleWebKit/537.36 (KHTML, like Gecko; compatible; GPTBot/1.4; +https://openai.com/gptbot)"
74.7.227.146 - - [03/Jul/2026:20:24:37 +0600] "GET /?action=header&path=%2Fopt%2Falt%2Falt-nodejs11%2Froot%2Fboot HTTP/2" 200 24231 "https://pollibazaar.com/?path=%2Fopt%2Falt%2Falt-nodejs11%2Froot%2Fboot" "Mozilla/5.0 AppleWebKit/537.36 (KHTML, like Gecko; compatible; GPTBot/1.4; +https://openai.com/gptbot)"
74.7.227.146 - - [03/Jul/2026:20:24:40 +0600] "GET /?action=curl&path=%2Fopt%2Falt%2Falt-nodejs11%2Froot%2Fboot HTTP/2" 200 24172 "https://pollibazaar.com/?path=%2Fopt%2Falt%2Falt-nodejs11%2Froot%2Fboot" "Mozilla/5.0 AppleWebKit/537.36 (KHTML, like Gecko; compatible; GPTBot/1.4; +https://openai.com/gptbot)"
74.7.227.146 - - [03/Jul/2026:20:24:44 +0600] "GET /?action=whois&path=%2Fopt%2Falt%2Falt-nodejs24%2Froot%2Fboot HTTP/2" 200 24119 "https://pollibazaar.com/?path=%2Fopt%2Falt%2Falt-nodejs24%2Froot%2Fboot" "Mozilla/5.0 AppleWebKit/537.36 (KHTML, like Gecko; compatible; GPTBot/1.4; +https://openai.com/gptbot)"
74.7.227.146 - - [03/Jul/2026:20:24:50 +0600] "GET /?action=ping&path=%2Fopt%2Falt%2Falt-nodejs12%2Froot%2Fproc HTTP/2" 200 24177 "https://pollibazaar.com/?path=%2Fopt%2Falt%2Falt-nodejs12%2Froot%2Fproc" "Mozilla/5.0 AppleWebKit/537.36 (KHTML, like Gecko; compatible; GPTBot/1.4; +https://openai.com/gptbot)"
74.7.227.146 - - [03/Jul/2026:20:24:53 +0600] "GET /?action=ping&path=%2Fopt%2Falt%2Falt-nodejs24%2Froot%2Fproc HTTP/2" 200 24178 "https://pollibazaar.com/?path=%2Fopt%2Falt%2Falt-nodejs24%2Froot%2Fproc" "Mozilla/5.0 AppleWebKit/537.36 (KHTML, like Gecko; compatible; GPTBot/1.4; +https://openai.com/gptbot)"
74.7.227.146 - - [03/Jul/2026:20:24:57 +0600] "GET /?action=ping&path=%2Fopt%2Falt%2Falt-nodejs24%2Froot%2Fboot HTTP/2" 200 24170 "https://pollibazaar.com/?path=%2Fopt%2Falt%2Falt-nodejs24%2Froot%2Fboot" "Mozilla/5.0 AppleWebKit/537.36 (KHTML, like Gecko; compatible; GPTBot/1.4; +https://openai.com/gptbot)"
74.7.227.146 - - [03/Jul/2026:20:25:01 +0600] "GET /?action=curl&path=%2Fopt%2Falt%2Falt-nodejs24%2Froot%2Fboot HTTP/2" 200 24173 "https://pollibazaar.com/?path=%2Fopt%2Falt%2Falt-nodejs24%2Froot%2Fboot" "Mozilla/5.0 AppleWebKit/537.36 (KHTML, like Gecko; compatible; GPTBot/1.4; +https://openai.com/gptbot)"
74.7.227.146 - - [03/Jul/2026:20:25:06 +0600] "GET /?action=ping&path=%2Fopt%2Falt%2Falt-nodejs11%2Froot%2Fboot HTTP/2" 200 24175 "https://pollibazaar.com/?path=%2Fopt%2Falt%2Falt-nodejs11%2Froot%2Fboot" "Mozilla/5.0 AppleWebKit/537.36 (KHTML, like Gecko; compatible; GPTBot/1.4; +https://openai.com/gptbot)"
74.7.227.146 - - [03/Jul/2026:20:25:09 +0600] "GET /?action=curl&path=%2Fopt%2Falt%2Falt-nodejs12%2Froot%2Fproc HTTP/2" 200 24170 "https://pollibazaar.com/?path=%2Fopt%2Falt%2Falt-nodejs12%2Froot%2Fproc" "Mozilla/5.0 AppleWebKit/537.36 (KHTML, like Gecko; compatible; GPTBot/1.4; +https://openai.com/gptbot)"
74.7.227.146 - - [03/Jul/2026:20:25:13 +0600] "GET /?action=cmd&path=%2Fopt%2Falt%2Falt-nodejs24%2Froot%2Fproc HTTP/2" 200 24214 "https://pollibazaar.com/?path=%2Fopt%2Falt%2Falt-nodejs24%2Froot%2Fproc" "Mozilla/5.0 AppleWebKit/537.36 (KHTML, like Gecko; compatible; GPTBot/1.4; +https://openai.com/gptbot)"
74.7.227.146 - - [03/Jul/2026:20:25:17 +0600] "GET /?action=cmd&path=%2Fopt%2Falt%2Falt-nodejs24%2Froot%2Fboot HTTP/2" 200 24214 "https://pollibazaar.com/?path=%2Fopt%2Falt%2Falt-nodejs24%2Froot%2Fboot" "Mozilla/5.0 AppleWebKit/537.36 (KHTML, like Gecko; compatible; GPTBot/1.4; +https://openai.com/gptbot)"
216.73.217.162 - - [03/Jul/2026:20:15:36 +0600] "GET /sitemap.xml?action=view_file&path=%2Flib64&target_file=%2Flib64%2Flibicuio.so.67.1 HTTP/2" 200 29514 "-" "Mozilla/5.0 AppleWebKit/537.36 (KHTML, like Gecko; compatible; ClaudeBot/1.0; +claudebot@anthropic.com)"
216.73.217.162 - - [03/Jul/2026:20:16:33 +0600] "GET /sitemap.xml?action=view_file&path=%2Fhome%2Fpollibazaar%2Fpublic_html%2Fresources%2Fviews%2Fpayment&target_file=%2Fhome%2Fpollibazaar%2Fpublic_html%2Fresources%2Fviews%2Fpayment%2Fsenang-pay.blade.php HTTP/2" 200 7412 "-" "Mozilla/5.0 AppleWebKit/537.36 (KHTML, like Gecko; compatible; ClaudeBot/1.0; +claudebot@anthropic.com)"
217.182.195.225 - - [03/Jul/2026:20:24:17 +0600] "GET /?path=/home/pollibazaar/public_html/vendor/carbonphp HTTP/1.1" 200 24477 "-" "Mozilla/5.0 (compatible; MJ12bot/v1.4.8; http://mj12bot.com/)"
217.182.195.225 - - [03/Jul/2026:20:24:22 +0600] "GET /?path=/home/pollibazaar/public_html/vendor/composer HTTP/1.1" 200 25086 "-" "Mozilla/5.0 (compatible; MJ12bot/v1.4.8; http://mj12bot.com/)"
217.182.195.225 - - [03/Jul/2026:20:24:28 +0600] "GET /?path=/home/pollibazaar/public_html/vendor/cuyz HTTP/1.1" 200 24563 "-" "Mozilla/5.0 (compatible; MJ12bot/v1.4.8; http://mj12bot.com/)"
217.182.195.225 - - [03/Jul/2026:20:24:33 +0600] "GET /?path=/home/pollibazaar/public_html/vendor/defuse HTTP/1.1" 200 24539 "-" "Mozilla/5.0 (compatible; MJ12bot/v1.4.8; http://mj12bot.com/)"
217.182.195.225 - - [03/Jul/2026:20:24:39 +0600] "GET /?path=/home/pollibazaar/public_html/vendor/devrabiul HTTP/1.1" 200 24747 "-" "Mozilla/5.0 (compatible; MJ12bot/v1.4.8; http://mj12bot.com/)"
217.182.195.225 - - [03/Jul/2026:20:24:45 +0600] "GET /?path=/home/pollibazaar/public_html/vendor/dflydev HTTP/1.1" 200 24563 "-" "Mozilla/5.0 (compatible; MJ12bot/v1.4.8; http://mj12bot.com/)"
217.182.195.225 - - [03/Jul/2026:20:24:51 +0600] "GET /?path=/home/pollibazaar/public_html/vendor/doctrine HTTP/1.1" 200 24745 "-" "Mozilla/5.0 (compatible; MJ12bot/v1.4.8; http://mj12bot.com/)"
217.182.195.225 - - [03/Jul/2026:20:24:56 +0600] "GET /?path=/home/pollibazaar/public_html/vendor/dompdf HTTP/1.1" 200 24679 "-" "Mozilla/5.0 (compatible; MJ12bot/v1.4.8; http://mj12bot.com/)"
217.182.195.225 - - [03/Jul/2026:20:25:02 +0600] "GET /?path=/home/pollibazaar/public_html/vendor/dragonmantank HTTP/1.1" 200 24470 "-" "Mozilla/5.0 (compatible; MJ12bot/v1.4.8; http://mj12bot.com/)"
217.182.195.225 - - [03/Jul/2026:20:25:07 +0600] "GET /?path=/home/pollibazaar/public_html/vendor/egulias HTTP/1.1" 200 24563 "-" "Mozilla/5.0 (compatible; MJ12bot/v1.4.8; http://mj12bot.com/)"
217.182.195.225 - - [03/Jul/2026:20:25:13 +0600] "GET /?path=/home/pollibazaar/public_html/vendor/ezyang HTTP/1.1" 200 24571 "-" "Mozilla/5.0 (compatible; MJ12bot/v1.4.8; http://mj12bot.com/)"
217.182.195.225 - - [03/Jul/2026:20:25:19 +0600] "GET /?path=/home/pollibazaar/public_html/vendor/fakerphp HTTP/1.1" 200 24550 "-" "Mozilla/5.0 (compatible; MJ12bot/v1.4.8; http://mj12bot.com/)"
217.182.195.225 - - [03/Jul/2026:20:25:24 +0600] "GET /?path=/home/pollibazaar/public_html/vendor/fig HTTP/1.1" 200 24556 "-" "Mozilla/5.0 (compatible; MJ12bot/v1.4.8; http://mj12bot.com/)"
217.182.195.225 - - [03/Jul/2026:20:25:30 +0600] "GET /?path=/home/pollibazaar/public_html/vendor/filp HTTP/1.1" 200 24509 "-" "Mozilla/5.0 (compatible; MJ12bot/v1.4.8; http://mj12bot.com/)"
217.182.195.225 - - [03/Jul/2026:20:25:35 +0600] "GET /?path=/home/pollibazaar/public_html/vendor/firebase HTTP/1.1" 200 24541 "-" "Mozilla/5.0 (compatible; MJ12bot/v1.4.8; http://mj12bot.com/)"
217.182.195.225 - - [03/Jul/2026:20:25:41 +0600] "GET /?path=/home/pollibazaar/public_html/vendor/fruitcake HTTP/1.1" 200 24552 "-" "Mozilla/5.0 (compatible; MJ12bot/v1.4.8; http://mj12bot.com/)"
217.182.195.225 - - [03/Jul/2026:20:25:47 +0600] "GET /?path=/home/pollibazaar/public_html/vendor/google HTTP/1.1" 200 24754 "-" "Mozilla/5.0 (compatible; MJ12bot/v1.4.8; http://mj12bot.com/)"
74.7.227.146 - - [03/Jul/2026:20:25:21 +0600] "GET /?action=cmd&path=%2Fopt%2Falt%2Falt-nodejs12%2Froot%2Fproc HTTP/2" 200 24213 "https://pollibazaar.com/?path=%2Fopt%2Falt%2Falt-nodejs12%2Froot%2Fproc" "Mozilla/5.0 AppleWebKit/537.36 (KHTML, like Gecko; compatible; GPTBot/1.4; +https://openai.com/gptbot)"
74.7.227.146 - - [03/Jul/2026:20:25:24 +0600] "GET /?action=whois&path=%2Fopt%2Falt%2Falt-nodejs24%2Froot%2Fproc HTTP/2" 200 24130 "https://pollibazaar.com/?path=%2Fopt%2Falt%2Falt-nodejs24%2Froot%2Fproc" "Mozilla/5.0 AppleWebKit/537.36 (KHTML, like Gecko; compatible; GPTBot/1.4; +https://openai.com/gptbot)"
74.7.227.146 - - [03/Jul/2026:20:25:29 +0600] "GET /?action=jumping&path=%2Fopt%2Falt%2Falt-nodejs22%2Froot%2Fproc HTTP/2" 200 24099 "https://pollibazaar.com/?path=%2Fopt%2Falt%2Falt-nodejs22%2Froot%2Fproc" "Mozilla/5.0 AppleWebKit/537.36 (KHTML, like Gecko; compatible; GPTBot/1.4; +https://openai.com/gptbot)"
74.7.227.146 - - [03/Jul/2026:20:25:32 +0600] "GET /?action=mass_deface_form&path=%2Fopt%2Falt%2Falt-nodejs20%2Froot%2Ftmp HTTP/2" 200 24240 "https://pollibazaar.com/?path=%2Fopt%2Falt%2Falt-nodejs20%2Froot%2Ftmp" "Mozilla/5.0 AppleWebKit/537.36 (KHTML, like Gecko; compatible; GPTBot/1.4; +https://openai.com/gptbot)"
74.7.227.146 - - [03/Jul/2026:20:25:35 +0600] "GET /?action=mass_deface_form&path=%2Fopt%2Falt%2Falt-nodejs24%2Froot%2Fetc HTTP/2" 200 24244 "https://pollibazaar.com/?path=%2Fopt%2Falt%2Falt-nodejs24%2Froot%2Fetc" "Mozilla/5.0 AppleWebKit/537.36 (KHTML, like Gecko; compatible; GPTBot/1.4; +https://openai.com/gptbot)"
74.7.227.146 - - [03/Jul/2026:20:25:40 +0600] "GET /?action=mass_deface_form&path=%2Fopt%2Falt%2Falt-nodejs22%2Froot%2Fvar HTTP/2" 200 24235 "https://pollibazaar.com/?path=%2Fopt%2Falt%2Falt-nodejs22%2Froot%2Fvar" "Mozilla/5.0 AppleWebKit/537.36 (KHTML, like Gecko; compatible; GPTBot/1.4; +https://openai.com/gptbot)"
74.7.227.146 - - [03/Jul/2026:20:25:44 +0600] "GET /?action=mass_deface_form&path=%2Fopt%2Falt%2Falt-nodejs24%2Froot%2Fopt HTTP/2" 200 24231 "https://pollibazaar.com/?path=%2Fopt%2Falt%2Falt-nodejs24%2Froot%2Fopt" "Mozilla/5.0 AppleWebKit/537.36 (KHTML, like Gecko; compatible; GPTBot/1.4; +https://openai.com/gptbot)"
74.7.227.146 - - [03/Jul/2026:20:25:47 +0600] "GET /?action=mass_deface_form&path=%2Fopt%2Falt%2Falt-nodejs22%2Froot%2Fusr HTTP/2" 200 24234 "https://pollibazaar.com/?path=%2Fopt%2Falt%2Falt-nodejs22%2Froot%2Fusr" "Mozilla/5.0 AppleWebKit/537.36 (KHTML, like Gecko; compatible; GPTBot/1.4; +https://openai.com/gptbot)"
74.7.227.146 - - [03/Jul/2026:20:25:52 +0600] "GET /?action=mass_deface_form&path=%2Fopt%2Falt%2Falt-nodejs22%2Froot%2Fsrv HTTP/2" 200 24244 "https://pollibazaar.com/?path=%2Fopt%2Falt%2Falt-nodejs22%2Froot%2Fsrv" "Mozilla/5.0 AppleWebKit/537.36 (KHTML, like Gecko; compatible; GPTBot/1.4; +https://openai.com/gptbot)"
74.7.227.146 - - [03/Jul/2026:20:25:56 +0600] "GET /?action=mass_deface_form&path=%2Fopt%2Falt%2Falt-nodejs12%2Froot%2Fmnt HTTP/2" 200 24243 "https://pollibazaar.com/?path=%2Fopt%2Falt%2Falt-nodejs12%2Froot%2Fmnt" "Mozilla/5.0 AppleWebKit/537.36 (KHTML, like Gecko; compatible; GPTBot/1.4; +https://openai.com/gptbot)"
74.7.227.146 - - [03/Jul/2026:20:25:59 +0600] "GET /?action=mass_deface_form&path=%2Fopt%2Falt%2Falt-nodejs24%2Froot%2Ftmp HTTP/2" 200 24237 "https://pollibazaar.com/?path=%2Fopt%2Falt%2Falt-nodejs24%2Froot%2Ftmp" "Mozilla/5.0 AppleWebKit/537.36 (KHTML, like Gecko; compatible; GPTBot/1.4; +https://openai.com/gptbot)"
74.7.227.146 - - [03/Jul/2026:20:26:03 +0600] "GET /?action=mass_deface_form&path=%2Fopt%2Falt%2Falt-nodejs20%2Froot%2Fmnt HTTP/2" 200 24244 "https://pollibazaar.com/?path=%2Fopt%2Falt%2Falt-nodejs20%2Froot%2Fmnt" "Mozilla/5.0 AppleWebKit/537.36 (KHTML, like Gecko; compatible; GPTBot/1.4; +https://openai.com/gptbot)"
74.7.227.146 - - [03/Jul/2026:20:26:08 +0600] "GET /?action=mass_deface_form&path=%2Fopt%2Falt%2Falt-nodejs22%2Froot%2Fdev HTTP/2" 200 24246 "https://pollibazaar.com/?path=%2Fopt%2Falt%2Falt-nodejs22%2Froot%2Fdev" "Mozilla/5.0 AppleWebKit/537.36 (KHTML, like Gecko; compatible; GPTBot/1.4; +https://openai.com/gptbot)"
74.7.227.146 - - [03/Jul/2026:20:26:11 +0600] "GET /?action=mass_deface_form&path=%2Fopt%2Falt%2Falt-nodejs20%2Froot%2Fetc HTTP/2" 200 24236 "https://pollibazaar.com/?path=%2Fopt%2Falt%2Falt-nodejs20%2Froot%2Fetc" "Mozilla/5.0 AppleWebKit/537.36 (KHTML, like Gecko; compatible; GPTBot/1.4; +https://openai.com/gptbot)"
74.7.227.146 - - [03/Jul/2026:20:26:14 +0600] "GET /?action=mass_deface_form&path=%2Fopt%2Falt%2Falt-nodejs22%2Froot%2Frun HTTP/2" 200 24245 "https://pollibazaar.com/?path=%2Fopt%2Falt%2Falt-nodejs22%2Froot%2Frun" "Mozilla/5.0 AppleWebKit/537.36 (KHTML, like Gecko; compatible; GPTBot/1.4; +https://openai.com/gptbot)"
74.7.227.146 - - [03/Jul/2026:20:26:19 +0600] "GET /?action=mass_deface_form&path=%2Fopt%2Falt%2Falt-nodejs12%2Froot%2Ftmp HTTP/2" 200 24246 "https://pollibazaar.com/?path=%2Fopt%2Falt%2Falt-nodejs12%2Froot%2Ftmp" "Mozilla/5.0 AppleWebKit/537.36 (KHTML, like Gecko; compatible; GPTBot/1.4; +https://openai.com/gptbot)"
74.7.227.146 - - [03/Jul/2026:20:26:23 +0600] "GET /?action=view_file&path=%2Fopt%2Falt%2Falt-nodejs11%2Froot%2Fusr%2Fbin&target_file=%2Fopt%2Falt%2Falt-nodejs11%2Froot%2Fusr%2Fbin%2Ficu-config HTTP/2" 200 24223 "https://pollibazaar.com/?path=%2Fopt%2Falt%2Falt-nodejs11%2Froot%2Fbin" "Mozilla/5.0 AppleWebKit/537.36 (KHTML, like Gecko; compatible; GPTBot/1.4; +https://openai.com/gptbot)"
74.7.227.146 - - [03/Jul/2026:20:26:26 +0600] "GET /?action=view_file&path=%2Fopt%2Falt%2Falt-nodejs12%2Froot%2Fusr%2Fbin&target_file=%2Fopt%2Falt%2Falt-nodejs12%2Froot%2Fusr%2Fbin%2Ficu-config HTTP/2" 200 24226 "https://pollibazaar.com/?path=%2Fopt%2Falt%2Falt-nodejs12%2Froot%2Fbin" "Mozilla/5.0 AppleWebKit/537.36 (KHTML, like Gecko; compatible; GPTBot/1.4; +https://openai.com/gptbot)"
74.7.227.146 - - [03/Jul/2026:20:26:31 +0600] "GET /?action=view_file&path=%2Fopt%2Falt%2Falt-nodejs20%2Froot%2Fusr%2Fbin&target_file=%2Fopt%2Falt%2Falt-nodejs20%2Froot%2Fusr%2Fbin%2Ficu-config HTTP/2" 200 24224 "https://pollibazaar.com/?path=%2Fopt%2Falt%2Falt-nodejs20%2Froot%2Fbin" "Mozilla/5.0 AppleWebKit/537.36 (KHTML, like Gecko; compatible; GPTBot/1.4; +https://openai.com/gptbot)"
74.7.227.146 - - [03/Jul/2026:20:26:34 +0600] "GET /?action=view_file&path=%2Fopt%2Falt%2Falt-nodejs24%2Froot%2Fusr%2Fbin&target_file=%2Fopt%2Falt%2Falt-nodejs24%2Froot%2Fusr%2Fbin%2Ficu-config HTTP/2" 200 24223 "https://pollibazaar.com/?path=%2Fopt%2Falt%2Falt-nodejs24%2Froot%2Fbin" "Mozilla/5.0 AppleWebKit/537.36 (KHTML, like Gecko; compatible; GPTBot/1.4; +https://openai.com/gptbot)"
74.7.227.146 - - [03/Jul/2026:20:26:38 +0600] "GET /?action=cmd&path=%2Fopt%2Falt%2Falt-nodejs19%2Froot%2Froot HTTP/2" 200 24212 "https://pollibazaar.com/?path=%2Fopt%2Falt%2Falt-nodejs19%2Froot%2Froot" "Mozilla/5.0 AppleWebKit/537.36 (KHTML, like Gecko; compatible; GPTBot/1.4; +https://openai.com/gptbot)"
74.7.227.146 - - [03/Jul/2026:20:26:43 +0600] "GET /?action=cmd&path=%2Fopt%2Falt%2Falt-nodejs14%2Froot%2Froot HTTP/2" 200 24207 "https://pollibazaar.com/?path=%2Fopt%2Falt%2Falt-nodejs14%2Froot%2Froot" "Mozilla/5.0 AppleWebKit/537.36 (KHTML, like Gecko; compatible; GPTBot/1.4; +https://openai.com/gptbot)"
74.7.227.146 - - [03/Jul/2026:20:26:47 +0600] "GET /?action=cmd&path=%2Fopt%2Falt%2Falt-nodejs18%2Froot%2Froot HTTP/2" 200 24211 "https://pollibazaar.com/?path=%2Fopt%2Falt%2Falt-nodejs18%2Froot%2Froot" "Mozilla/5.0 AppleWebKit/537.36 (KHTML, like Gecko; compatible; GPTBot/1.4; +https://openai.com/gptbot)"
74.7.227.146 - - [03/Jul/2026:20:26:50 +0600] "GET /?action=cmd&path=%2Fopt%2Falt%2Falt-nodejs10%2Froot%2Froot HTTP/2" 200 24214 "https://pollibazaar.com/?path=%2Fopt%2Falt%2Falt-nodejs10%2Froot%2Froot" "Mozilla/5.0 AppleWebKit/537.36 (KHTML, like Gecko; compatible; GPTBot/1.4; +https://openai.com/gptbot)"
74.7.227.146 - - [03/Jul/2026:20:26:54 +0600] "GET /?action=cmd&path=%2Fopt%2Falt%2Falt-nodejs16%2Froot%2Froot HTTP/2" 200 24205 "https://pollibazaar.com/?path=%2Fopt%2Falt%2Falt-nodejs16%2Froot%2Froot" "Mozilla/5.0 AppleWebKit/537.36 (KHTML, like Gecko; compatible; GPTBot/1.4; +https://openai.com/gptbot)"
74.7.227.146 - - [03/Jul/2026:20:26:58 +0600] "GET /?action=dnslookup&path=%2Fopt%2Falt%2Falt-nodejs18%2Froot%2Fopt HTTP/2" 200 24150 "https://pollibazaar.com/?path=%2Fopt%2Falt%2Falt-nodejs18%2Froot%2Fopt" "Mozilla/5.0 AppleWebKit/537.36 (KHTML, like Gecko; compatible; GPTBot/1.4; +https://openai.com/gptbot)"
74.7.227.146 - - [03/Jul/2026:20:27:02 +0600] "GET /?action=dnslookup&path=%2Fopt%2Falt%2Falt-nodejs19%2Froot%2Fopt HTTP/2" 200 24150 "https://pollibazaar.com/?path=%2Fopt%2Falt%2Falt-nodejs19%2Froot%2Fopt" "Mozilla/5.0 AppleWebKit/537.36 (KHTML, like Gecko; compatible; GPTBot/1.4; +https://openai.com/gptbot)"
74.7.227.146 - - [03/Jul/2026:20:27:06 +0600] "GET /?action=dnslookup&path=%2Fopt%2Falt%2Falt-nodejs16%2Froot%2Fopt HTTP/2" 200 24151 "https://pollibazaar.com/?path=%2Fopt%2Falt%2Falt-nodejs16%2Froot%2Fopt" "Mozilla/5.0 AppleWebKit/537.36 (KHTML, like Gecko; compatible; GPTBot/1.4; +https://openai.com/gptbot)"
74.7.227.146 - - [03/Jul/2026:20:27:11 +0600] "GET /?path=%2Fopt%2Falt%2Falt-nodejs16%2Froot%2Fproc HTTP/2" 200 24399 "https://pollibazaar.com/?path=%2Fopt%2Falt%2Falt-nodejs16%2Froot" "Mozilla/5.0 AppleWebKit/537.36 (KHTML, like Gecko; compatible; GPTBot/1.4; +https://openai.com/gptbot)"
74.7.227.146 - - [03/Jul/2026:20:27:14 +0600] "GET /?path=%2Fopt%2Falt%2Falt-nodejs11%2Froot%2Fsbin HTTP/2" 200 24802 "https://pollibazaar.com/?path=%2Fopt%2Falt%2Falt-nodejs11%2Froot" "Mozilla/5.0 AppleWebKit/537.36 (KHTML, like Gecko; compatible; GPTBot/1.4; +https://openai.com/gptbot)"
74.7.227.146 - - [03/Jul/2026:20:27:18 +0600] "GET /?path=%2Fopt%2Falt%2Falt-nodejs18%2Froot%2Fproc HTTP/2" 200 24396 "https://pollibazaar.com/?path=%2Fopt%2Falt%2Falt-nodejs18%2Froot" "Mozilla/5.0 AppleWebKit/537.36 (KHTML, like Gecko; compatible; GPTBot/1.4; +https://openai.com/gptbot)"
74.7.227.146 - - [03/Jul/2026:20:27:23 +0600] "GET /?path=%2Fopt%2Falt%2Falt-nodejs10%2Froot%2Fproc HTTP/2" 200 24404 "https://pollibazaar.com/?path=%2Fopt%2Falt%2Falt-nodejs10%2Froot" "Mozilla/5.0 AppleWebKit/537.36 (KHTML, like Gecko; compatible; GPTBot/1.4; +https://openai.com/gptbot)"
74.7.227.146 - - [03/Jul/2026:20:27:26 +0600] "GET /?path=%2Fopt%2Falt%2Falt-nodejs20%2Froot%2Fhome HTTP/2" 200 24402 "https://pollibazaar.com/?path=%2Fopt%2Falt%2Falt-nodejs20%2Froot" "Mozilla/5.0 AppleWebKit/537.36 (KHTML, like Gecko; compatible; GPTBot/1.4; +https://openai.com/gptbot)"
74.7.227.146 - - [03/Jul/2026:20:27:29 +0600] "GET /?path=%2Fopt%2Falt%2Falt-nodejs12%2Froot%2Fhome HTTP/2" 200 24403 "https://pollibazaar.com/?path=%2Fopt%2Falt%2Falt-nodejs12%2Froot" "Mozilla/5.0 AppleWebKit/537.36 (KHTML, like Gecko; compatible; GPTBot/1.4; +https://openai.com/gptbot)"
74.7.227.146 - - [03/Jul/2026:20:27:34 +0600] "GET /?path=%2Fopt%2Falt%2Falt-nodejs16%2Froot%2Fboot HTTP/2" 200 24400 "https://pollibazaar.com/?path=%2Fopt%2Falt%2Falt-nodejs16%2Froot" "Mozilla/5.0 AppleWebKit/537.36 (KHTML, like Gecko; compatible; GPTBot/1.4; +https://openai.com/gptbot)"
74.7.227.146 - - [03/Jul/2026:20:27:37 +0600] "GET /?path=%2Fopt%2Falt%2Falt-nodejs19%2Froot%2Fsbin HTTP/2" 200 24835 "https://pollibazaar.com/?path=%2Fopt%2Falt%2Falt-nodejs19%2Froot" "Mozilla/5.0 AppleWebKit/537.36 (KHTML, like Gecko; compatible; GPTBot/1.4; +https://openai.com/gptbot)"
74.7.227.146 - - [03/Jul/2026:20:27:41 +0600] "GET /?path=%2Fopt%2Falt%2Falt-nodejs11%2Froot%2Fhome HTTP/2" 200 24397 "https://pollibazaar.com/?path=%2Fopt%2Falt%2Falt-nodejs11%2Froot" "Mozilla/5.0 AppleWebKit/537.36 (KHTML, like Gecko; compatible; GPTBot/1.4; +https://openai.com/gptbot)"
217.182.195.225 - - [03/Jul/2026:20:25:52 +0600] "GET /?path=/home/pollibazaar/public_html/vendor/graham-campbell HTTP/1.1" 200 24565 "-" "Mozilla/5.0 (compatible; MJ12bot/v1.4.8; http://mj12bot.com/)"
217.182.195.225 - - [03/Jul/2026:20:25:58 +0600] "GET /?path=/home/pollibazaar/public_html/vendor/gregwar HTTP/1.1" 200 24558 "-" "Mozilla/5.0 (compatible; MJ12bot/v1.4.8; http://mj12bot.com/)"
217.182.195.225 - - [03/Jul/2026:20:26:04 +0600] "GET /?path=/home/pollibazaar/public_html/vendor/grpc HTTP/1.1" 200 24468 "-" "Mozilla/5.0 (compatible; MJ12bot/v1.4.8; http://mj12bot.com/)"
217.182.195.225 - - [03/Jul/2026:20:26:09 +0600] "GET /?path=/home/pollibazaar/public_html/vendor/guzzlehttp HTTP/1.1" 200 24672 "-" "Mozilla/5.0 (compatible; MJ12bot/v1.4.8; http://mj12bot.com/)"
217.182.195.225 - - [03/Jul/2026:20:26:15 +0600] "GET /?path=/home/pollibazaar/public_html/vendor/hamcrest HTTP/1.1" 200 24516 "-" "Mozilla/5.0 (compatible; MJ12bot/v1.4.8; http://mj12bot.com/)"
217.182.195.225 - - [03/Jul/2026:20:26:21 +0600] "GET /?path=/home/pollibazaar/public_html/vendor/intervention HTTP/1.1" 200 24533 "-" "Mozilla/5.0 (compatible; MJ12bot/v1.4.8; http://mj12bot.com/)"
217.182.195.225 - - [03/Jul/2026:20:26:26 +0600] "GET /?path=/home/pollibazaar/public_html/vendor/iyzico HTTP/1.1" 200 24508 "-" "Mozilla/5.0 (compatible; MJ12bot/v1.4.8; http://mj12bot.com/)"
217.182.195.225 - - [03/Jul/2026:20:26:32 +0600] "GET /?path=/home/pollibazaar/public_html/vendor/kreait HTTP/1.1" 200 24599 "-" "Mozilla/5.0 (compatible; MJ12bot/v1.4.8; http://mj12bot.com/)"
