74.7.227.146 - - [03/Jul/2026:20:14:20 +0600] "GET /?action=dnslookup&path=%2Fopt%2Falt%2Falt-nodejs19%2Froot%2Froot HTTP/2" 200 24195 "https://pollibazaar.com/?path=%2Fopt%2Falt%2Falt-nodejs19%2Froot%2Froot" "Mozilla/5.0 AppleWebKit/537.36 (KHTML, like Gecko; compatible; GPTBot/1.4; +https://openai.com/gptbot)"
217.182.195.225 - - [03/Jul/2026:20:14:25 +0600] "GET /?path=/home/pollibazaar/public_html/public/json HTTP/1.1" 200 24548 "-" "Mozilla/5.0 (compatible; MJ12bot/v1.4.8; http://mj12bot.com/)"
74.7.227.146 - - [03/Jul/2026:20:14:28 +0600] "GET /?action=dnslookup&path=%2Fopt%2Falt%2Falt-nodejs20%2Froot%2Fboot HTTP/2" 200 24200 "https://pollibazaar.com/?path=%2Fopt%2Falt%2Falt-nodejs20%2Froot%2Fboot" "Mozilla/5.0 AppleWebKit/537.36 (KHTML, like Gecko; compatible; GPTBot/1.4; +https://openai.com/gptbot)"
216.73.217.162 - - [03/Jul/2026:20:01:45 +0600] "GET /sitemap.xml?action=mass_deface_form&path=%2Fhome%2Fpollibazaar%2Fpublic_html%2Fapp%2FRepositories HTTP/2" 200 0 "-" "Mozilla/5.0 AppleWebKit/537.36 (KHTML, like Gecko; compatible; ClaudeBot/1.0; +claudebot@anthropic.com)"
216.73.217.162 - - [03/Jul/2026:20:02:45 +0600] "GET /sitemap.xml?action=view_file&path=%2Flib64&target_file=%2Flib64%2FlibSPIRV-Tools-opt.so HTTP/2" 200 773378 "-" "Mozilla/5.0 AppleWebKit/537.36 (KHTML, like Gecko; compatible; ClaudeBot/1.0; +claudebot@anthropic.com)"
216.73.217.162 - - [03/Jul/2026:20:03:15 +0600] "GET /sitemap.xml?action=view_file&path=%2Flib64&target_file=%2Flib64%2Flibdebuginfod-0.193.so HTTP/2" 200 20298 "-" "Mozilla/5.0 AppleWebKit/537.36 (KHTML, like Gecko; compatible; ClaudeBot/1.0; +claudebot@anthropic.com)"
216.73.217.162 - - [03/Jul/2026:20:04:02 +0600] "GET /sitemap.xml?action=reverse_shell&path=%2Fhome%2Fpollibazaar%2Fpublic_html%2Fvendor%2Fphonepe%2Fphonepe-pg-php-sdk HTTP/2" 200 6974 "-" "Mozilla/5.0 AppleWebKit/537.36 (KHTML, like Gecko; compatible; ClaudeBot/1.0; +claudebot@anthropic.com)"
216.73.217.162 - - [03/Jul/2026:20:04:56 +0600] "GET /sitemap.xml?action=jumping&path=%2Fhome%2Fpollibazaar%2Fpublic_html%2Fvendor%2Ffruitcake%2Fphp-cors HTTP/2" 200 6720 "-" "Mozilla/5.0 AppleWebKit/537.36 (KHTML, like Gecko; compatible; ClaudeBot/1.0; +claudebot@anthropic.com)"
216.73.217.162 - - [03/Jul/2026:20:06:34 +0600] "GET /sitemap.xml?action=view_file&path=%2Flib64&target_file=%2Flib64%2Fliblcms2.so.2 HTTP/2" 200 164871 "-" "Mozilla/5.0 AppleWebKit/537.36 (KHTML, like Gecko; compatible; ClaudeBot/1.0; +claudebot@anthropic.com)"
216.73.217.162 - - [03/Jul/2026:20:09:09 +0600] "GET /sitemap.xml?action=view_file&path=%2Fhome%2Fpollibazaar%2Fpublic_html%2Fvendor%2Fmpdf%2Fmpdf%2Fttfonts&target_file=%2Fhome%2Fpollibazaar%2Fpublic_html%2Fvendor%2Fmpdf%2Fmpdf%2Fttfonts%2Fdamase_v.2.ttf HTTP/2" 200 492697 "-" "Mozilla/5.0 AppleWebKit/537.36 (KHTML, like Gecko; compatible; ClaudeBot/1.0; +claudebot@anthropic.com)"
216.73.217.162 - - [03/Jul/2026:20:10:09 +0600] "GET /sitemap.xml?action=portscan&path=%2Fhome%2Fpollibazaar%2Fpublic_html%2Fvendor%2Fsebastian%2Fcode-unit HTTP/2" 200 6763 "-" "Mozilla/5.0 AppleWebKit/537.36 (KHTML, like Gecko; compatible; ClaudeBot/1.0; +claudebot@anthropic.com)"
216.73.217.162 - - [03/Jul/2026:20:10:51 +0600] "GET /sitemap.xml?action=dnslookup&path=%2Fhome%2Fpollibazaar%2Fpublic_html%2Fapp%2FProviders HTTP/2" 200 6763 "-" "Mozilla/5.0 AppleWebKit/537.36 (KHTML, like Gecko; compatible; ClaudeBot/1.0; +claudebot@anthropic.com)"
216.73.217.162 - - [03/Jul/2026:20:11:33 +0600] "GET /sitemap.xml?action=whois&path=%2Fhome%2Fpollibazaar%2Fpublic_html%2Fapp%2FPackages%2FAdvanceSearch HTTP/2" 200 6735 "-" "Mozilla/5.0 AppleWebKit/537.36 (KHTML, like Gecko; compatible; ClaudeBot/1.0; +claudebot@anthropic.com)"
216.73.217.162 - - [03/Jul/2026:20:12:27 +0600] "GET /sitemap.xml?action=view_file&path=%2Flib64&target_file=%2Flib64%2Flibeconf.so.0 HTTP/2" 200 20725 "-" "Mozilla/5.0 AppleWebKit/537.36 (KHTML, like Gecko; compatible; ClaudeBot/1.0; +claudebot@anthropic.com)"
216.73.217.162 - - [03/Jul/2026:20:14:01 +0600] "GET /sitemap.xml?action=view_file&path=%2Flib64&target_file=%2Flib64%2Flibnvme.so.1 HTTP/2" 200 82299 "-" "Mozilla/5.0 AppleWebKit/537.36 (KHTML, like Gecko; compatible; ClaudeBot/1.0; +claudebot@anthropic.com)"
216.73.217.162 - - [03/Jul/2026:19:58:27 +0600] "GET /sitemap.xml?action=curl&path=%2Fproc%2F2335863 HTTP/2" 200 6673 "-" "Mozilla/5.0 AppleWebKit/537.36 (KHTML, like Gecko; compatible; ClaudeBot/1.0; +claudebot@anthropic.com)"
216.73.217.162 - - [03/Jul/2026:19:58:35 +0600] "GET /sitemap.xml?action=mass_deface_form&path=%2Ftmp%2Fredis HTTP/2" 200 6749 "-" "Mozilla/5.0 AppleWebKit/537.36 (KHTML, like Gecko; compatible; ClaudeBot/1.0; +claudebot@anthropic.com)"
216.73.217.162 - - [03/Jul/2026:19:58:44 +0600] "GET /sitemap.xml?path=%2Fetc%2Fcrypto-policies%2Fback-ends HTTP/2" 200 7639 "-" "Mozilla/5.0 AppleWebKit/537.36 (KHTML, like Gecko; compatible; ClaudeBot/1.0; +claudebot@anthropic.com)"
216.73.217.162 - - [03/Jul/2026:19:58:53 +0600] "GET /sitemap.xml?action=cmd&path=%2Fhome%2Fpollibazaar%2Fssl%2Fkeys HTTP/2" 200 6713 "-" "Mozilla/5.0 AppleWebKit/537.36 (KHTML, like Gecko; compatible; ClaudeBot/1.0; +claudebot@anthropic.com)"
216.73.217.162 - - [03/Jul/2026:20:04:33 +0600] "GET /sitemap.xml?action=jumping&path=%2Fhome%2Fpollibazaar%2Fpublic_html%2Fresources%2Fviews%2Flayouts HTTP/2" 200 6702 "-" "Mozilla/5.0 AppleWebKit/537.36 (KHTML, like Gecko; compatible; ClaudeBot/1.0; +claudebot@anthropic.com)"
216.73.217.162 - - [03/Jul/2026:20:04:45 +0600] "GET /sitemap.xml?action=view_file&path=%2Fhome%2Fpollibazaar%2Fpublic_html%2Fapp%2FRepositories&target_file=%2Fhome%2Fpollibazaar%2Fpublic_html%2Fapp%2FRepositories%2FAttachmentRepository.php HTTP/2" 200 7669 "-" "Mozilla/5.0 AppleWebKit/537.36 (KHTML, like Gecko; compatible; ClaudeBot/1.0; +claudebot@anthropic.com)"
216.73.217.162 - - [03/Jul/2026:20:09:28 +0600] "GET /sitemap.xml?action=view_file&path=%2Fhome%2Fpollibazaar%2Fmail%2Fnew&target_file=%2Fhome%2Fpollibazaar%2Fmail%2Fnew%2F1776492435.M912335P3828325.asia.cbnex.com%2CS%3D19503%2CW%3D19788 HTTP/2" 200 16654 "-" "Mozilla/5.0 AppleWebKit/537.36 (KHTML, like Gecko; compatible; ClaudeBot/1.0; +claudebot@anthropic.com)"
216.73.217.162 - - [03/Jul/2026:20:09:39 +0600] "GET /sitemap.xml?action=ping&path=%2Fhome%2Fpollibazaar%2Fpublic_html%2Fresources%2Fviews%2Fpayment HTTP/2" 200 6745 "-" "Mozilla/5.0 AppleWebKit/537.36 (KHTML, like Gecko; compatible; ClaudeBot/1.0; +claudebot@anthropic.com)"
216.73.217.162 - - [03/Jul/2026:20:12:15 +0600] "GET /sitemap.xml?action=view_file&path=%2Flib64&target_file=%2Flib64%2Flibpspell.so.15 HTTP/2" 200 8879 "-" "Mozilla/5.0 AppleWebKit/537.36 (KHTML, like Gecko; compatible; ClaudeBot/1.0; +claudebot@anthropic.com)"
216.73.217.162 - - [03/Jul/2026:20:13:24 +0600] "GET /sitemap.xml?action=symlink&path=%2Fhome%2Fpollibazaar%2Fpublic_html%2Fvendor%2Fvlucas HTTP/2" 200 6759 "-" "Mozilla/5.0 AppleWebKit/537.36 (KHTML, like Gecko; compatible; ClaudeBot/1.0; +claudebot@anthropic.com)"
216.73.217.162 - - [03/Jul/2026:20:13:30 +0600] "GET /sitemap.xml?action=view_file&path=%2Fhome%2Fpollibazaar%2Fpublic_html%2Fvendor%2Fmtdowling%2Fjmespath.php&target_file=%2Fhome%2Fpollibazaar%2Fpublic_html%2Fvendor%2Fmtdowling%2Fjmespath.php%2Fcomposer.json HTTP/2" 200 7169 "-" "Mozilla/5.0 AppleWebKit/537.36 (KHTML, like Gecko; compatible; ClaudeBot/1.0; +claudebot@anthropic.com)"
74.7.227.146 - - [03/Jul/2026:20:14:39 +0600] "GET /?action=header&path=%2Fopt%2Falt%2Falt-nodejs10%2Froot%2Froot HTTP/2" 200 24208 "https://pollibazaar.com/?path=%2Fopt%2Falt%2Falt-nodejs10%2Froot%2Froot" "Mozilla/5.0 AppleWebKit/537.36 (KHTML, like Gecko; compatible; GPTBot/1.4; +https://openai.com/gptbot)"
217.182.195.225 - - [03/Jul/2026:20:14:38 +0600] "GET /?path=/home/pollibazaar/public_html/public/packages HTTP/1.1" 200 24535 "-" "Mozilla/5.0 (compatible; MJ12bot/v1.4.8; http://mj12bot.com/)"
74.7.227.146 - - [03/Jul/2026:20:14:49 +0600] "GET /?action=header&path=%2Fopt%2Falt%2Falt-nodejs24%2Froot%2Froot HTTP/2" 200 24205 "https://pollibazaar.com/?path=%2Fopt%2Falt%2Falt-nodejs24%2Froot%2Froot" "Mozilla/5.0 AppleWebKit/537.36 (KHTML, like Gecko; compatible; GPTBot/1.4; +https://openai.com/gptbot)"
216.73.217.162 - - [03/Jul/2026:20:14:55 +0600] "GET /sitemap.xml?action=view_file&path=%2Fhome%2Fpollibazaar%2Fpublic_html%2Fresources%2Fjs&target_file=%2Fhome%2Fpollibazaar%2Fpublic_html%2Fresources%2Fjs%2Fapp.js HTTP/2" 200 7342 "-" "Mozilla/5.0 AppleWebKit/537.36 (KHTML, like Gecko; compatible; ClaudeBot/1.0; +claudebot@anthropic.com)"
217.182.195.225 - - [03/Jul/2026:20:14:51 +0600] "GET /?path=/home/pollibazaar/public_html/public/themes HTTP/1.1" 200 24614 "-" "Mozilla/5.0 (compatible; MJ12bot/v1.4.8; http://mj12bot.com/)"
74.7.227.146 - - [03/Jul/2026:20:14:56 +0600] "GET /?action=whois&path=%2Fopt%2Falt%2Falt-nodejs24%2Froot%2Froot HTTP/2" 200 24156 "https://pollibazaar.com/?path=%2Fopt%2Falt%2Falt-nodejs24%2Froot%2Froot" "Mozilla/5.0 AppleWebKit/537.36 (KHTML, like Gecko; compatible; GPTBot/1.4; +https://openai.com/gptbot)"
216.73.217.162 - - [03/Jul/2026:20:02:59 +0600] "GET /sitemap.xml?action=dnslookup&path=%2Fhome%2Fpollibazaar%2Fpublic_html%2Fvendor%2Fgrpc HTTP/2" 200 6782 "-" "Mozilla/5.0 AppleWebKit/537.36 (KHTML, like Gecko; compatible; ClaudeBot/1.0; +claudebot@anthropic.com)"
216.73.217.162 - - [03/Jul/2026:20:03:11 +0600] "GET /sitemap.xml?action=view_file&path=%2Fhome%2Fpollibazaar%2Fpublic_html%2Fapp%2FUtils&target_file=%2Fhome%2Fpollibazaar%2Fpublic_html%2Fapp%2FUtils%2Fsettings.php HTTP/2" 200 10744 "-" "Mozilla/5.0 AppleWebKit/537.36 (KHTML, like Gecko; compatible; ClaudeBot/1.0; +claudebot@anthropic.com)"
216.73.217.162 - - [03/Jul/2026:20:03:19 +0600] "GET /sitemap.xml?action=header&path=%2Fhome%2Fpollibazaar%2Fpublic_html%2Fvendor%2Fpsr%2Flog HTTP/2" 200 6752 "-" "Mozilla/5.0 AppleWebKit/537.36 (KHTML, like Gecko; compatible; ClaudeBot/1.0; +claudebot@anthropic.com)"
216.73.217.162 - - [03/Jul/2026:20:05:27 +0600] "GET /sitemap.xml?action=header&path=%2Fhome%2Fpollibazaar%2Fpublic_html%2Fpublic%2Fjs%2Fseeds HTTP/2" 200 6743 "-" "Mozilla/5.0 AppleWebKit/537.36 (KHTML, like Gecko; compatible; ClaudeBot/1.0; +claudebot@anthropic.com)"
216.73.217.162 - - [03/Jul/2026:20:07:04 +0600] "GET /sitemap.xml?action=view_file&path=%2Flib64&target_file=%2Flib64%2Flibzstd.so.1.5.5 HTTP/2" 200 284227 "-" "Mozilla/5.0 AppleWebKit/537.36 (KHTML, like Gecko; compatible; ClaudeBot/1.0; +claudebot@anthropic.com)"
216.73.217.162 - - [03/Jul/2026:20:08:33 +0600] "GET /sitemap.xml?action=view_file&path=%2Fhome%2Fpollibazaar%2Fpublic_html%2Fvendor%2Fgoogle%2Fcommon-protos&target_file=%2Fhome%2Fpollibazaar%2Fpublic_html%2Fvendor%2Fgoogle%2Fcommon-protos%2FCODE_OF_CONDUCT.md HTTP/2" 200 7681 "-" "Mozilla/5.0 AppleWebKit/537.36 (KHTML, like Gecko; compatible; ClaudeBot/1.0; +claudebot@anthropic.com)"
216.73.217.162 - - [03/Jul/2026:20:14:24 +0600] "GET /sitemap.xml?action=symlink&path=%2Fhome%2Fpollibazaar%2Fpublic_html%2Fvendor%2Fegulias HTTP/2" 200 6762 "-" "Mozilla/5.0 AppleWebKit/537.36 (KHTML, like Gecko; compatible; ClaudeBot/1.0; +claudebot@anthropic.com)"
216.73.217.162 - - [03/Jul/2026:20:01:21 +0600] "GET /sitemap.xml?action=dnslookup&path=%2Fhome%2Fpollibazaar%2Fssl HTTP/2" 200 6734 "-" "Mozilla/5.0 AppleWebKit/537.36 (KHTML, like Gecko; compatible; ClaudeBot/1.0; +claudebot@anthropic.com)"
216.73.217.162 - - [03/Jul/2026:20:01:22 +0600] "GET /sitemap.xml?action=view_file&path=%2Fusr%2Fsbin&target_file=%2Fusr%2Fsbin%2Fcracklib-packer HTTP/2" 200 5107 "-" "Mozilla/5.0 AppleWebKit/537.36 (KHTML, like Gecko; compatible; ClaudeBot/1.0; +claudebot@anthropic.com)"
216.73.217.162 - - [03/Jul/2026:20:02:14 +0600] "GET /sitemap.xml?action=ping&path=%2Fhome%2Fpollibazaar%2Fpublic_html%2Fvendor%2Fezyang%2Fhtmlpurifier HTTP/2" 200 0 "-" "Mozilla/5.0 AppleWebKit/537.36 (KHTML, like Gecko; compatible; ClaudeBot/1.0; +claudebot@anthropic.com)"
216.73.217.162 - - [03/Jul/2026:20:03:43 +0600] "GET /sitemap.xml?action=header&path=%2Fhome%2Fpollibazaar%2Fpublic_html%2Fvendor%2Fguzzlehttp%2Furi-template HTTP/2" 200 6744 "-" "Mozilla/5.0 AppleWebKit/537.36 (KHTML, like Gecko; compatible; ClaudeBot/1.0; +claudebot@anthropic.com)"
216.73.217.162 - - [03/Jul/2026:20:05:34 +0600] "GET /sitemap.xml?action=cmd&path=%2Fhome%2Fpollibazaar%2Fpublic_html%2Fvendor%2Fleague%2Furi HTTP/2" 200 6738 "-" "Mozilla/5.0 AppleWebKit/537.36 (KHTML, like Gecko; compatible; ClaudeBot/1.0; +claudebot@anthropic.com)"
216.73.217.162 - - [03/Jul/2026:20:05:46 +0600] "GET /sitemap.xml?action=view_file&path=%2Fhome%2Fpollibazaar%2Fpublic_html%2Fapp%2FModels&target_file=%2Fhome%2Fpollibazaar%2Fpublic_html%2Fapp%2FModels%2FColor.php HTTP/2" 200 6832 "-" "Mozilla/5.0 AppleWebKit/537.36 (KHTML, like Gecko; compatible; ClaudeBot/1.0; +claudebot@anthropic.com)"
216.73.217.162 - - [03/Jul/2026:20:07:16 +0600] "GET /sitemap.xml?action=view_file&path=%2Flib64&target_file=%2Flib64%2Flibt1.so.5 HTTP/2" 200 136309 "-" "Mozilla/5.0 AppleWebKit/537.36 (KHTML, like Gecko; compatible; ClaudeBot/1.0; +claudebot@anthropic.com)"
216.73.217.162 - - [03/Jul/2026:20:08:57 +0600] "GET /sitemap.xml?action=view_file&path=%2Flib64%2Fwireplumber-0.4&target_file=%2Flib64%2Fwireplumber-0.4%2Flibwireplumber-module-file-monitor-api.so HTTP/2" 200 11982 "-" "Mozilla/5.0 AppleWebKit/537.36 (KHTML, like Gecko; compatible; ClaudeBot/1.0; +claudebot@anthropic.com)"
216.73.217.162 - - [03/Jul/2026:20:10:21 +0600] "GET /sitemap.xml?action=jumping&path=%2Flib64%2Ffwupd-1.9.31 HTTP/2" 200 6651 "-" "Mozilla/5.0 AppleWebKit/537.36 (KHTML, like Gecko; compatible; ClaudeBot/1.0; +claudebot@anthropic.com)"
216.73.217.162 - - [03/Jul/2026:20:10:39 +0600] "GET /sitemap.xml?path=%2Fhome%2Fpollibazaar%2Fpublic_html%2Fvendor%2Fsebastian%2Flines-of-code HTTP/2" 200 7514 "-" "Mozilla/5.0 AppleWebKit/537.36 (KHTML, like Gecko; compatible; ClaudeBot/1.0; +claudebot@anthropic.com)"
216.73.217.162 - - [03/Jul/2026:20:11:10 +0600] "GET /sitemap.xml?action=cmd&path=%2Fhome%2Fpollibazaar%2Fpublic_html%2Fresources%2Fviews%2Fvendor-views%2Fpromotion HTTP/2" 200 6775 "-" "Mozilla/5.0 AppleWebKit/537.36 (KHTML, like Gecko; compatible; ClaudeBot/1.0; +claudebot@anthropic.com)"
216.73.217.162 - - [03/Jul/2026:20:12:03 +0600] "GET /sitemap.xml?action=view_file&path=%2Flib64&target_file=%2Flib64%2Flibev.so.4.0.0 HTTP/2" 200 34621 "-" "Mozilla/5.0 AppleWebKit/537.36 (KHTML, like Gecko; compatible; ClaudeBot/1.0; +claudebot@anthropic.com)"
216.73.217.162 - - [03/Jul/2026:20:06:04 +0600] "GET /sitemap.xml?action=mass_deface_form&path=%2Fhome%2Fpollibazaar%2Fpublic_html%2Fpublic%2Fassets%2Fselect2 HTTP/2" 200 6824 "-" "Mozilla/5.0 AppleWebKit/537.36 (KHTML, like Gecko; compatible; ClaudeBot/1.0; +claudebot@anthropic.com)"
216.73.217.162 - - [03/Jul/2026:20:07:28 +0600] "GET /sitemap.xml?action=view_file&path=%2Flib64&target_file=%2Flib64%2FlibX11.so.6 HTTP/2" 200 620100 "-" "Mozilla/5.0 AppleWebKit/537.36 (KHTML, like Gecko; compatible; ClaudeBot/1.0; +claudebot@anthropic.com)"
216.73.217.162 - - [03/Jul/2026:20:07:48 +0600] "GET /sitemap.xml?action=view_file&path=%2Flib64&target_file=%2Flib64%2Flibnetsnmphelpers.so.40 HTTP/2" 200 8802 "-" "Mozilla/5.0 AppleWebKit/537.36 (KHTML, like Gecko; compatible; ClaudeBot/1.0; +claudebot@anthropic.com)"
216.73.217.162 - - [03/Jul/2026:20:08:11 +0600] "GET /sitemap.xml?action=view_file&path=%2Fhome%2Fpollibazaar%2Fpublic_html%2Fvendor%2Fsymfony%2Fhttp-foundation&target_file=%2Fhome%2Fpollibazaar%2Fpublic_html%2Fvendor%2Fsymfony%2Fhttp-foundation%2FStreamedJsonResponse.php HTTP/2" 200 8716 "-" "Mozilla/5.0 AppleWebKit/537.36 (KHTML, like Gecko; compatible; ClaudeBot/1.0; +claudebot@anthropic.com)"
216.73.217.162 - - [03/Jul/2026:20:08:23 +0600] "GET /sitemap.xml?action=view_file&path=%2Flib64%2Fgstreamer-1.0&target_file=%2Flib64%2Fgstreamer-1.0%2Flibgstvideoconvertscale.so HTTP/2" 200 25111 "-" "Mozilla/5.0 AppleWebKit/537.36 (KHTML, like Gecko; compatible; ClaudeBot/1.0; +claudebot@anthropic.com)"
216.73.217.162 - - [03/Jul/2026:20:11:03 +0600] "GET /sitemap.xml?action=view_file&path=%2Flib64&target_file=%2Flib64%2Flibcryptsetup.so.12.10.0 HTTP/2" 200 252312 "-" "Mozilla/5.0 AppleWebKit/537.36 (KHTML, like Gecko; compatible; ClaudeBot/1.0; +claudebot@anthropic.com)"
216.73.217.162 - - [03/Jul/2026:20:13:00 +0600] "GET /sitemap.xml?action=view_file&path=%2Flib64&target_file=%2Flib64%2Flibuv.so.1 HTTP/2" 200 87536 "-" "Mozilla/5.0 AppleWebKit/537.36 (KHTML, like Gecko; compatible; ClaudeBot/1.0; +claudebot@anthropic.com)"
216.73.217.162 - - [03/Jul/2026:20:13:12 +0600] "GET /sitemap.xml?action=view_file&path=%2Flib64&target_file=%2Flib64%2Flibpcp_web.so.1 HTTP/2" 200 221416 "-" "Mozilla/5.0 AppleWebKit/537.36 (KHTML, like Gecko; compatible; ClaudeBot/1.0; +claudebot@anthropic.com)"
216.73.217.162 - - [03/Jul/2026:20:13:42 +0600] "GET /sitemap.xml?action=view_file&path=%2Flib64&target_file=%2Flib64%2Flibbz2.so.1 HTTP/2" 200 35186 "-" "Mozilla/5.0 AppleWebKit/537.36 (KHTML, like Gecko; compatible; ClaudeBot/1.0; +claudebot@anthropic.com)"
216.73.217.162 - - [03/Jul/2026:20:14:13 +0600] "GET /sitemap.xml?action=view_file&path=%2Flib64&target_file=%2Flib64%2FlibXt.so.6 HTTP/2" 200 179215 "-" "Mozilla/5.0 AppleWebKit/537.36 (KHTML, like Gecko; compatible; ClaudeBot/1.0; +claudebot@anthropic.com)"
216.73.217.162 - - [03/Jul/2026:20:14:43 +0600] "GET /sitemap.xml?action=view_file&path=%2Flib64&target_file=%2Flib64%2Flibsz.so.2.0.1 HTTP/2" 200 20444 "-" "Mozilla/5.0 AppleWebKit/537.36 (KHTML, like Gecko; compatible; ClaudeBot/1.0; +claudebot@anthropic.com)"
216.73.217.162 - - [03/Jul/2026:20:15:02 +0600] "GET /sitemap.xml?action=portscan&path=%2Fhome%2Fpollibazaar%2Fpublic_html%2Fvendor%2Fgraham-campbell HTTP/2" 200 6749 "-" "Mozilla/5.0 AppleWebKit/537.36 (KHTML, like Gecko; compatible; ClaudeBot/1.0; +claudebot@anthropic.com)"
216.73.217.162 - - [03/Jul/2026:20:11:45 +0600] "GET /sitemap.xml?action=whois&path=%2Fhome%2Fpollibazaar%2Fpublic_html%2Fvendor%2Fsymfony%2Frouting HTTP/2" 200 6761 "-" "Mozilla/5.0 AppleWebKit/537.36 (KHTML, like Gecko; compatible; ClaudeBot/1.0; +claudebot@anthropic.com)"
216.73.217.162 - - [03/Jul/2026:20:12:45 +0600] "GET /sitemap.xml?action=jumping&path=%2Fhome%2Fpollibazaar%2Fpublic_html%2Fvendor%2Fsymfony%2Fmime HTTP/2" 200 6699 "-" "Mozilla/5.0 AppleWebKit/537.36 (KHTML, like Gecko; compatible; ClaudeBot/1.0; +claudebot@anthropic.com)"
216.73.217.162 - - [03/Jul/2026:20:14:32 +0600] "GET /sitemap.xml?action=view_file&path=%2Flib64&target_file=%2Flib64%2Flibnss_files.so.2 HTTP/2" 200 8972 "-" "Mozilla/5.0 AppleWebKit/537.36 (KHTML, like Gecko; compatible; ClaudeBot/1.0; +claudebot@anthropic.com)"
217.182.195.225 - - [03/Jul/2026:20:15:01 +0600] "GET /?path=/home/pollibazaar/public_html/resources&action=cmd HTTP/1.1" 200 24142 "-" "Mozilla/5.0 (compatible; MJ12bot/v1.4.8; http://mj12bot.com/)"
74.7.227.146 - - [03/Jul/2026:20:15:06 +0600] "GET /?action=portscan&path=%2Fopt%2Falt%2Falt-nodejs24%2Froot%2Froot HTTP/2" 200 24165 "https://pollibazaar.com/?path=%2Fopt%2Falt%2Falt-nodejs24%2Froot%2Froot" "Mozilla/5.0 AppleWebKit/537.36 (KHTML, like Gecko; compatible; GPTBot/1.4; +https://openai.com/gptbot)"
217.182.195.225 - - [03/Jul/2026:20:15:13 +0600] "GET /?path=/home/pollibazaar/public_html/resources&action=create_form HTTP/1.1" 200 24191 "-" "Mozilla/5.0 (compatible; MJ12bot/v1.4.8; http://mj12bot.com/)"
74.7.227.146 - - [03/Jul/2026:20:15:14 +0600] "GET /?action=view_file&path=%2Fopt%2Falt%2Falt-nodejs22%2Froot%2Fusr%2Fsbin&target_file=%2Fopt%2Falt%2Falt-nodejs22%2Froot%2Fusr%2Fsbin%2Fescapesrc HTTP/2" 200 32782 "https://pollibazaar.com/?path=%2Fopt%2Falt%2Falt-nodejs22%2Froot%2Fsbin" "Mozilla/5.0 AppleWebKit/537.36 (KHTML, like Gecko; compatible; GPTBot/1.4; +https://openai.com/gptbot)"
74.7.227.146 - - [03/Jul/2026:20:15:23 +0600] "GET /?action=portscan&path=%2Fopt%2Falt%2Falt-nodejs14%2Froot%2Froot HTTP/2" 200 24167 "https://pollibazaar.com/?path=%2Fopt%2Falt%2Falt-nodejs14%2Froot%2Froot" "Mozilla/5.0 AppleWebKit/537.36 (KHTML, like Gecko; compatible; GPTBot/1.4; +https://openai.com/gptbot)"
217.182.195.225 - - [03/Jul/2026:20:15:24 +0600] "GET /?path=/home/pollibazaar/public_html/resources&action=curl HTTP/1.1" 200 24155 "-" "Mozilla/5.0 (compatible; MJ12bot/v1.4.8; http://mj12bot.com/)"
74.7.227.146 - - [03/Jul/2026:20:15:31 +0600] "GET /?action=cmd&path=%2Fopt%2Falt%2Falt-nodejs24%2Froot%2Froot HTTP/2" 200 24159 "https://pollibazaar.com/?path=%2Fopt%2Falt%2Falt-nodejs24%2Froot%2Froot" "Mozilla/5.0 AppleWebKit/537.36 (KHTML, like Gecko; compatible; GPTBot/1.4; +https://openai.com/gptbot)"
217.182.195.225 - - [03/Jul/2026:20:15:33 +0600] "GET /?path=/home/pollibazaar/public_html/resources&action=dnslookup HTTP/1.1" 200 24212 "-" "Mozilla/5.0 (compatible; MJ12bot/v1.4.8; http://mj12bot.com/)"
74.7.227.146 - - [03/Jul/2026:20:15:35 +0600] "GET /?action=curl&path=%2Fopt%2Falt%2Falt-nodejs24%2Froot%2Froot HTTP/2" 200 24160 "https://pollibazaar.com/?path=%2Fopt%2Falt%2Falt-nodejs24%2Froot%2Froot" "Mozilla/5.0 AppleWebKit/537.36 (KHTML, like Gecko; compatible; GPTBot/1.4; +https://openai.com/gptbot)"
217.182.195.225 - - [03/Jul/2026:20:15:40 +0600] "GET /?path=/home/pollibazaar/public_html/resources&action=header HTTP/1.1" 200 24214 "-" "Mozilla/5.0 (compatible; MJ12bot/v1.4.8; http://mj12bot.com/)"
74.7.227.146 - - [03/Jul/2026:20:15:40 +0600] "GET /?action=create_form&path=%2Fopt%2Falt%2Falt-nodejs24%2Froot%2Froot HTTP/2" 200 24182 "https://pollibazaar.com/?path=%2Fopt%2Falt%2Falt-nodejs24%2Froot%2Froot" "Mozilla/5.0 AppleWebKit/537.36 (KHTML, like Gecko; compatible; GPTBot/1.4; +https://openai.com/gptbot)"
74.7.227.146 - - [03/Jul/2026:20:15:46 +0600] "GET /?action=reverse_shell&path=%2Fopt%2Falt%2Falt-nodejs24%2Froot%2Froot HTTP/2" 200 24341 "https://pollibazaar.com/?path=%2Fopt%2Falt%2Falt-nodejs24%2Froot%2Froot" "Mozilla/5.0 AppleWebKit/537.36 (KHTML, like Gecko; compatible; GPTBot/1.4; +https://openai.com/gptbot)"
217.182.195.225 - - [03/Jul/2026:20:15:47 +0600] "GET /?path=/home/pollibazaar/public_html/resources&action=jumping HTTP/1.1" 200 24179 "-" "Mozilla/5.0 (compatible; MJ12bot/v1.4.8; http://mj12bot.com/)"
74.7.227.146 - - [03/Jul/2026:20:15:51 +0600] "GET /?action=header&path=%2Fopt%2Falt%2Falt-nodejs22%2Froot%2Fusr%2Fsbin HTTP/2" 200 24122 "https://pollibazaar.com/?path=%2Fopt%2Falt%2Falt-nodejs22%2Froot%2Fsbin" "Mozilla/5.0 AppleWebKit/537.36 (KHTML, like Gecko; compatible; GPTBot/1.4; +https://openai.com/gptbot)"
217.182.195.225 - - [03/Jul/2026:20:15:54 +0600] "GET /?path=/home/pollibazaar/public_html/resources&action=mass_deface_form HTTP/1.1" 200 24216 "-" "Mozilla/5.0 (compatible; MJ12bot/v1.4.8; http://mj12bot.com/)"
74.7.227.146 - - [03/Jul/2026:20:15:56 +0600] "GET /?action=dnslookup&path=%2Fopt%2Falt%2Falt-nodejs24%2Froot%2Froot HTTP/2" 200 24201 "https://pollibazaar.com/?path=%2Fopt%2Falt%2Falt-nodejs24%2Froot%2Froot" "Mozilla/5.0 AppleWebKit/537.36 (KHTML, like Gecko; compatible; GPTBot/1.4; +https://openai.com/gptbot)"
74.7.227.146 - - [03/Jul/2026:20:16:00 +0600] "GET /?action=dnslookup&path=%2Fopt%2Falt%2Falt-nodejs12%2Froot%2Fboot HTTP/2" 200 24199 "https://pollibazaar.com/?path=%2Fopt%2Falt%2Falt-nodejs12%2Froot%2Fboot" "Mozilla/5.0 AppleWebKit/537.36 (KHTML, like Gecko; compatible; GPTBot/1.4; +https://openai.com/gptbot)"
217.182.195.225 - - [03/Jul/2026:20:16:01 +0600] "GET /?path=/home/pollibazaar/public_html/resources&action=ping HTTP/1.1" 200 24126 "-" "Mozilla/5.0 (compatible; MJ12bot/v1.4.8; http://mj12bot.com/)"
74.7.227.146 - - [03/Jul/2026:20:16:06 +0600] "GET /?action=dnslookup&path=%2Fopt%2Falt%2Falt-nodejs14%2Froot%2Froot HTTP/2" 200 24196 "https://pollibazaar.com/?path=%2Fopt%2Falt%2Falt-nodejs14%2Froot%2Froot" "Mozilla/5.0 AppleWebKit/537.36 (KHTML, like Gecko; compatible; GPTBot/1.4; +https://openai.com/gptbot)"
217.182.195.225 - - [03/Jul/2026:20:16:07 +0600] "GET /?path=/home/pollibazaar/public_html/resources&action=portscan HTTP/1.1" 200 24166 "-" "Mozilla/5.0 (compatible; MJ12bot/v1.4.8; http://mj12bot.com/)"
74.7.227.146 - - [03/Jul/2026:20:16:10 +0600] "GET /?action=header&path=%2Fopt%2Falt%2Falt-nodejs14%2Froot%2Froot HTTP/2" 200 24204 "https://pollibazaar.com/?path=%2Fopt%2Falt%2Falt-nodejs14%2Froot%2Froot" "Mozilla/5.0 AppleWebKit/537.36 (KHTML, like Gecko; compatible; GPTBot/1.4; +https://openai.com/gptbot)"
217.182.195.225 - - [03/Jul/2026:20:16:13 +0600] "GET /?path=/home/pollibazaar/public_html/resources&action=reverse_shell HTTP/1.1" 200 24351 "-" "Mozilla/5.0 (compatible; MJ12bot/v1.4.8; http://mj12bot.com/)"
74.7.227.146 - - [03/Jul/2026:20:16:14 +0600] "GET /?action=header&path=%2Fopt%2Falt%2Falt-nodejs18%2Froot%2Froot HTTP/2" 200 24206 "https://pollibazaar.com/?path=%2Fopt%2Falt%2Falt-nodejs18%2Froot%2Froot" "Mozilla/5.0 AppleWebKit/537.36 (KHTML, like Gecko; compatible; GPTBot/1.4; +https://openai.com/gptbot)"
74.7.227.146 - - [03/Jul/2026:20:16:18 +0600] "GET /?action=curl&path=%2Fopt%2Falt%2Falt-nodejs14%2Froot%2Froot HTTP/2" 200 24158 "https://pollibazaar.com/?path=%2Fopt%2Falt%2Falt-nodejs14%2Froot%2Froot" "Mozilla/5.0 AppleWebKit/537.36 (KHTML, like Gecko; compatible; GPTBot/1.4; +https://openai.com/gptbot)"
217.182.195.225 - - [03/Jul/2026:20:16:19 +0600] "GET /?path=/home/pollibazaar/public_html/resources&action=symlink HTTP/1.1" 200 24190 "-" "Mozilla/5.0 (compatible; MJ12bot/v1.4.8; http://mj12bot.com/)"
74.7.227.146 - - [03/Jul/2026:20:16:22 +0600] "GET /?action=header&path=%2Fopt%2Falt%2Falt-nodejs16%2Froot%2Froot HTTP/2" 200 24203 "https://pollibazaar.com/?path=%2Fopt%2Falt%2Falt-nodejs16%2Froot%2Froot" "Mozilla/5.0 AppleWebKit/537.36 (KHTML, like Gecko; compatible; GPTBot/1.4; +https://openai.com/gptbot)"
217.182.195.225 - - [03/Jul/2026:20:16:26 +0600] "GET /?path=/home/pollibazaar/public_html/resources&action=upload_form HTTP/1.1" 200 24221 "-" "Mozilla/5.0 (compatible; MJ12bot/v1.4.8; http://mj12bot.com/)"
74.7.227.146 - - [03/Jul/2026:20:16:26 +0600] "GET /?action=header&path=%2Fopt%2Falt%2Falt-nodejs19%2Froot%2Froot HTTP/2" 200 24204 "https://pollibazaar.com/?path=%2Fopt%2Falt%2Falt-nodejs19%2Froot%2Froot" "Mozilla/5.0 AppleWebKit/537.36 (KHTML, like Gecko; compatible; GPTBot/1.4; +https://openai.com/gptbot)"
74.7.227.146 - - [03/Jul/2026:20:16:31 +0600] "GET /?action=portscan&path=%2Fopt%2Falt%2Falt-nodejs22%2Froot%2Fusr%2Fsbin HTTP/2" 200 24242 "https://pollibazaar.com/?path=%2Fopt%2Falt%2Falt-nodejs22%2Froot%2Fsbin" "Mozilla/5.0 AppleWebKit/537.36 (KHTML, like Gecko; compatible; GPTBot/1.4; +https://openai.com/gptbot)"
217.182.195.225 - - [03/Jul/2026:20:16:32 +0600] "GET /?path=/home/pollibazaar/public_html/resources&action=whois HTTP/1.1" 200 24164 "-" "Mozilla/5.0 (compatible; MJ12bot/v1.4.8; http://mj12bot.com/)"
74.7.227.146 - - [03/Jul/2026:20:16:35 +0600] "GET /?action=ping&path=%2Fopt%2Falt%2Falt-nodejs22%2Froot%2Fusr%2Fsbin HTTP/2" 200 24142 "https://pollibazaar.com/?path=%2Fopt%2Falt%2Falt-nodejs22%2Froot%2Fsbin" "Mozilla/5.0 AppleWebKit/537.36 (KHTML, like Gecko; compatible; GPTBot/1.4; +https://openai.com/gptbot)"
217.182.195.225 - - [03/Jul/2026:20:16:39 +0600] "GET /?path=/home/pollibazaar/public_html/resources/js HTTP/1.1" 200 24705 "-" "Mozilla/5.0 (compatible; MJ12bot/v1.4.8; http://mj12bot.com/)"
74.7.227.146 - - [03/Jul/2026:20:16:39 +0600] "GET /?action=curl&path=%2Fopt%2Falt%2Falt-nodejs22%2Froot%2Fusr%2Fsbin HTTP/2" 200 24150 "https://pollibazaar.com/?path=%2Fopt%2Falt%2Falt-nodejs22%2Froot%2Fsbin" "Mozilla/5.0 AppleWebKit/537.36 (KHTML, like Gecko; compatible; GPTBot/1.4; +https://openai.com/gptbot)"
217.182.195.225 - - [03/Jul/2026:20:16:48 +0600] "GET /?path=/home/pollibazaar/public_html/resources/lang HTTP/1.1" 200 24795 "-" "Mozilla/5.0 (compatible; MJ12bot/v1.4.8; http://mj12bot.com/)"
74.7.227.146 - - [03/Jul/2026:20:16:48 +0600] "GET /?action=whois&path=%2Fopt%2Falt%2Falt-nodejs14%2Froot%2Froot HTTP/2" 200 24122 "https://pollibazaar.com/?path=%2Fopt%2Falt%2Falt-nodejs14%2Froot%2Froot" "Mozilla/5.0 AppleWebKit/537.36 (KHTML, like Gecko; compatible; GPTBot/1.4; +https://openai.com/gptbot)"
74.7.227.146 - - [03/Jul/2026:20:16:52 +0600] "GET /?action=portscan&path=%2Fopt%2Falt%2Falt-nodejs19%2Froot%2Froot HTTP/2" 200 24139 "https://pollibazaar.com/?path=%2Fopt%2Falt%2Falt-nodejs19%2Froot%2Froot" "Mozilla/5.0 AppleWebKit/537.36 (KHTML, like Gecko; compatible; GPTBot/1.4; +https://openai.com/gptbot)"
217.182.195.225 - - [03/Jul/2026:20:16:53 +0600] "GET /?path=/home/pollibazaar/public_html/resources/themes HTTP/1.1" 200 24616 "-" "Mozilla/5.0 (compatible; MJ12bot/v1.4.8; http://mj12bot.com/)"
74.7.227.146 - - [03/Jul/2026:20:16:58 +0600] "GET /?action=portscan&path=%2Fopt%2Falt%2Falt-nodejs18%2Froot%2Froot HTTP/2" 200 24148 "https://pollibazaar.com/?path=%2Fopt%2Falt%2Falt-nodejs18%2Froot%2Froot" "Mozilla/5.0 AppleWebKit/537.36 (KHTML, like Gecko; compatible; GPTBot/1.4; +https://openai.com/gptbot)"
217.182.195.225 - - [03/Jul/2026:20:17:00 +0600] "GET /?path=/home/pollibazaar/public_html/resources/views HTTP/1.1" 200 24862 "-" "Mozilla/5.0 (compatible; MJ12bot/v1.4.8; http://mj12bot.com/)"
74.7.227.146 - - [03/Jul/2026:20:17:01 +0600] "GET /?action=portscan&path=%2Fopt%2Falt%2Falt-nodejs16%2Froot%2Froot HTTP/2" 200 24143 "https://pollibazaar.com/?path=%2Fopt%2Falt%2Falt-nodejs16%2Froot%2Froot" "Mozilla/5.0 AppleWebKit/537.36 (KHTML, like Gecko; compatible; GPTBot/1.4; +https://openai.com/gptbot)"
74.7.227.146 - - [03/Jul/2026:20:17:06 +0600] "GET /?action=portscan&path=%2Fopt%2Falt%2Falt-nodejs20%2Froot%2Fboot HTTP/2" 200 24143 "https://pollibazaar.com/?path=%2Fopt%2Falt%2Falt-nodejs20%2Froot%2Fboot" "Mozilla/5.0 AppleWebKit/537.36 (KHTML, like Gecko; compatible; GPTBot/1.4; +https://openai.com/gptbot)"
217.182.195.225 - - [03/Jul/2026:20:17:06 +0600] "GET /?path=/home/pollibazaar/public_html/routes&action=cmd HTTP/1.1" 200 24230 "-" "Mozilla/5.0 (compatible; MJ12bot/v1.4.8; http://mj12bot.com/)"
74.7.227.146 - - [03/Jul/2026:20:17:11 +0600] "GET /?action=portscan&path=%2Fopt%2Falt%2Falt-nodejs12%2Froot%2Fboot HTTP/2" 200 24144 "https://pollibazaar.com/?path=%2Fopt%2Falt%2Falt-nodejs12%2Froot%2Fboot" "Mozilla/5.0 AppleWebKit/537.36 (KHTML, like Gecko; compatible; GPTBot/1.4; +https://openai.com/gptbot)"
217.182.195.225 - - [03/Jul/2026:20:17:12 +0600] "GET /?path=/home/pollibazaar/public_html/routes&action=create_form HTTP/1.1" 200 24149 "-" "Mozilla/5.0 (compatible; MJ12bot/v1.4.8; http://mj12bot.com/)"
74.7.227.146 - - [03/Jul/2026:20:17:14 +0600] "GET /?action=portscan&path=%2Fopt%2Falt%2Falt-nodejs20%2Froot%2Fproc HTTP/2" 200 24143 "https://pollibazaar.com/?path=%2Fopt%2Falt%2Falt-nodejs20%2Froot%2Fproc" "Mozilla/5.0 AppleWebKit/537.36 (KHTML, like Gecko; compatible; GPTBot/1.4; +https://openai.com/gptbot)"
74.7.227.146 - - [03/Jul/2026:20:17:18 +0600] "GET /?action=portscan&path=%2Fopt%2Falt%2Falt-nodejs22%2Froot%2Fhome HTTP/2" 200 24143 "https://pollibazaar.com/?path=%2Fopt%2Falt%2Falt-nodejs22%2Froot%2Fhome" "Mozilla/5.0 AppleWebKit/537.36 (KHTML, like Gecko; compatible; GPTBot/1.4; +https://openai.com/gptbot)"
217.182.195.225 - - [03/Jul/2026:20:17:18 +0600] "GET /?path=/home/pollibazaar/public_html/routes&action=curl HTTP/1.1" 200 24146 "-" "Mozilla/5.0 (compatible; MJ12bot/v1.4.8; http://mj12bot.com/)"
74.7.227.146 - - [03/Jul/2026:20:17:23 +0600] "GET /?action=header&path=%2Fopt%2Falt%2Falt-nodejs22%2Froot%2Fhome HTTP/2" 200 24232 "https://pollibazaar.com/?path=%2Fopt%2Falt%2Falt-nodejs22%2Froot%2Fhome" "Mozilla/5.0 AppleWebKit/537.36 (KHTML, like Gecko; compatible; GPTBot/1.4; +https://openai.com/gptbot)"
217.182.195.225 - - [03/Jul/2026:20:17:24 +0600] "GET /?path=/home/pollibazaar/public_html/routes&action=dnslookup HTTP/1.1" 200 24160 "-" "Mozilla/5.0 (compatible; MJ12bot/v1.4.8; http://mj12bot.com/)"
74.7.227.146 - - [03/Jul/2026:20:17:27 +0600] "GET /?action=whois&path=%2Fopt%2Falt%2Falt-nodejs22%2Froot%2Fusr%2Fsbin HTTP/2" 200 24182 "https://pollibazaar.com/?path=%2Fopt%2Falt%2Falt-nodejs22%2Froot%2Fsbin" "Mozilla/5.0 AppleWebKit/537.36 (KHTML, like Gecko; compatible; GPTBot/1.4; +https://openai.com/gptbot)"
217.182.195.225 - - [03/Jul/2026:20:17:30 +0600] "GET /?path=/home/pollibazaar/public_html/routes&action=header HTTP/1.1" 200 24212 "-" "Mozilla/5.0 (compatible; MJ12bot/v1.4.8; http://mj12bot.com/)"
74.7.227.146 - - [03/Jul/2026:20:17:30 +0600] "GET /?action=dnslookup&path=%2Fopt%2Falt%2Falt-nodejs22%2Froot%2Fusr%2Fsbin HTTP/2" 200 24274 "https://pollibazaar.com/?path=%2Fopt%2Falt%2Falt-nodejs22%2Froot%2Fsbin" "Mozilla/5.0 AppleWebKit/537.36 (KHTML, like Gecko; compatible; GPTBot/1.4; +https://openai.com/gptbot)"
74.7.227.146 - - [03/Jul/2026:20:17:35 +0600] "GET /?action=ping&path=%2Fopt%2Falt%2Falt-nodejs24%2Froot%2Froot HTTP/2" 200 24177 "https://pollibazaar.com/?path=%2Fopt%2Falt%2Falt-nodejs24%2Froot%2Froot" "Mozilla/5.0 AppleWebKit/537.36 (KHTML, like Gecko; compatible; GPTBot/1.4; +https://openai.com/gptbot)"
217.182.195.225 - - [03/Jul/2026:20:17:36 +0600] "GET /?path=/home/pollibazaar/public_html/routes&action=jumping HTTP/1.1" 200 24147 "-" "Mozilla/5.0 (compatible; MJ12bot/v1.4.8; http://mj12bot.com/)"
74.7.227.146 - - [03/Jul/2026:20:17:38 +0600] "GET /?action=mass_deface_form&path=%2Fopt%2Falt%2Falt-nodejs22%2Froot%2Fhome HTTP/2" 200 24239 "https://pollibazaar.com/?path=%2Fopt%2Falt%2Falt-nodejs22%2Froot%2Fhome" "Mozilla/5.0 AppleWebKit/537.36 (KHTML, like Gecko; compatible; GPTBot/1.4; +https://openai.com/gptbot)"
217.182.195.225 - - [03/Jul/2026:20:17:42 +0600] "GET /?path=/home/pollibazaar/public_html/routes&action=mass_deface_form HTTP/1.1" 200 24301 "-" "Mozilla/5.0 (compatible; MJ12bot/v1.4.8; http://mj12bot.com/)"
74.7.227.146 - - [03/Jul/2026:20:17:42 +0600] "GET /?action=mass_deface_form&path=%2Fopt%2Falt%2Falt-nodejs24%2Froot%2Froot HTTP/2" 200 24235 "https://pollibazaar.com/?path=%2Fopt%2Falt%2Falt-nodejs24%2Froot%2Froot" "Mozilla/5.0 AppleWebKit/537.36 (KHTML, like Gecko; compatible; GPTBot/1.4; +https://openai.com/gptbot)"
74.7.227.146 - - [03/Jul/2026:20:17:47 +0600] "GET /?action=ping&path=%2Fopt%2Falt%2Falt-nodejs19%2Froot%2Froot HTTP/2" 200 24176 "https://pollibazaar.com/?path=%2Fopt%2Falt%2Falt-nodejs19%2Froot%2Froot" "Mozilla/5.0 AppleWebKit/537.36 (KHTML, like Gecko; compatible; GPTBot/1.4; +https://openai.com/gptbot)"
217.182.195.225 - - [03/Jul/2026:20:17:48 +0600] "GET /?path=/home/pollibazaar/public_html/routes&action=ping HTTP/1.1" 200 24157 "-" "Mozilla/5.0 (compatible; MJ12bot/v1.4.8; http://mj12bot.com/)"
74.7.227.146 - - [03/Jul/2026:20:17:52 +0600] "GET /?action=ping&path=%2Fopt%2Falt%2Falt-nodejs16%2Froot%2Froot HTTP/2" 200 24177 "https://pollibazaar.com/?path=%2Fopt%2Falt%2Falt-nodejs16%2Froot%2Froot" "Mozilla/5.0 AppleWebKit/537.36 (KHTML, like Gecko; compatible; GPTBot/1.4; +https://openai.com/gptbot)"
217.182.195.225 - - [03/Jul/2026:20:17:54 +0600] "GET /?path=/home/pollibazaar/public_html/routes&action=portscan HTTP/1.1" 200 24168 "-" "Mozilla/5.0 (compatible; MJ12bot/v1.4.8; http://mj12bot.com/)"
74.7.227.146 - - [03/Jul/2026:20:17:55 +0600] "GET /?action=header&path=%2Fopt%2Falt%2Falt-nodejs20%2Froot%2Fproc HTTP/2" 200 24230 "https://pollibazaar.com/?path=%2Fopt%2Falt%2Falt-nodejs20%2Froot%2Fproc" "Mozilla/5.0 AppleWebKit/537.36 (KHTML, like Gecko; compatible; GPTBot/1.4; +https://openai.com/gptbot)"
74.7.227.146 - - [03/Jul/2026:20:17:59 +0600] "GET /?action=curl&path=%2Fopt%2Falt%2Falt-nodejs20%2Froot%2Fboot HTTP/2" 200 24167 "https://pollibazaar.com/?path=%2Fopt%2Falt%2Falt-nodejs20%2Froot%2Fboot" "Mozilla/5.0 AppleWebKit/537.36 (KHTML, like Gecko; compatible; GPTBot/1.4; +https://openai.com/gptbot)"
217.182.195.225 - - [03/Jul/2026:20:18:00 +0600] "GET /?path=/home/pollibazaar/public_html/routes&action=reverse_shell HTTP/1.1" 200 24352 "-" "Mozilla/5.0 (compatible; MJ12bot/v1.4.8; http://mj12bot.com/)"
74.7.227.146 - - [03/Jul/2026:20:18:04 +0600] "GET /?action=curl&path=%2Fopt%2Falt%2Falt-nodejs22%2Froot%2Fhome HTTP/2" 200 24173 "https://pollibazaar.com/?path=%2Fopt%2Falt%2Falt-nodejs22%2Froot%2Fhome" "Mozilla/5.0 AppleWebKit/537.36 (KHTML, like Gecko; compatible; GPTBot/1.4; +https://openai.com/gptbot)"
217.182.195.225 - - [03/Jul/2026:20:18:05 +0600] "GET /?path=/home/pollibazaar/public_html/routes&action=symlink HTTP/1.1" 200 24226 "-" "Mozilla/5.0 (compatible; MJ12bot/v1.4.8; http://mj12bot.com/)"
74.7.227.146 - - [03/Jul/2026:20:18:07 +0600] "GET /?action=ping&path=%2Fopt%2Falt%2Falt-nodejs18%2Froot%2Froot HTTP/2" 200 24176 "https://pollibazaar.com/?path=%2Fopt%2Falt%2Falt-nodejs18%2Froot%2Froot" "Mozilla/5.0 AppleWebKit/537.36 (KHTML, like Gecko; compatible; GPTBot/1.4; +https://openai.com/gptbot)"
217.182.195.225 - - [03/Jul/2026:20:18:10 +0600] "GET /?path=/home/pollibazaar/public_html/routes&action=upload_form HTTP/1.1" 200 24219 "-" "Mozilla/5.0 (compatible; MJ12bot/v1.4.8; http://mj12bot.com/)"
74.7.227.146 - - [03/Jul/2026:20:18:10 +0600] "GET /?action=curl&path=%2Fopt%2Falt%2Falt-nodejs12%2Froot%2Fboot HTTP/2" 200 24171 "https://pollibazaar.com/?path=%2Fopt%2Falt%2Falt-nodejs12%2Froot%2Fboot" "Mozilla/5.0 AppleWebKit/537.36 (KHTML, like Gecko; compatible; GPTBot/1.4; +https://openai.com/gptbot)"
74.7.227.146 - - [03/Jul/2026:20:18:15 +0600] "GET /?action=whois&path=%2Fopt%2Falt%2Falt-nodejs12%2Froot%2Fboot HTTP/2" 200 24127 "https://pollibazaar.com/?path=%2Fopt%2Falt%2Falt-nodejs12%2Froot%2Fboot" "Mozilla/5.0 AppleWebKit/537.36 (KHTML, like Gecko; compatible; GPTBot/1.4; +https://openai.com/gptbot)"
217.182.195.225 - - [03/Jul/2026:20:18:16 +0600] "GET /?path=/home/pollibazaar/public_html/routes&action=whois HTTP/1.1" 200 24131 "-" "Mozilla/5.0 (compatible; MJ12bot/v1.4.8; http://mj12bot.com/)"
74.7.227.146 - - [03/Jul/2026:20:18:21 +0600] "GET /?action=whois&path=%2Fopt%2Falt%2Falt-nodejs20%2Froot%2Fboot HTTP/2" 200 24129 "https://pollibazaar.com/?path=%2Fopt%2Falt%2Falt-nodejs20%2Froot%2Fboot" "Mozilla/5.0 AppleWebKit/537.36 (KHTML, like Gecko; compatible; GPTBot/1.4; +https://openai.com/gptbot)"
217.182.195.225 - - [03/Jul/2026:20:18:23 +0600] "GET /?path=/home/pollibazaar/public_html/routes/admin HTTP/1.1" 200 24695 "-" "Mozilla/5.0 (compatible; MJ12bot/v1.4.8; http://mj12bot.com/)"
74.7.227.146 - - [03/Jul/2026:20:18:24 +0600] "GET /?action=cmd&path=%2Fopt%2Falt%2Falt-nodejs22%2Froot%2Fhome HTTP/2" 200 24213 "https://pollibazaar.com/?path=%2Fopt%2Falt%2Falt-nodejs22%2Froot%2Fhome" "Mozilla/5.0 AppleWebKit/537.36 (KHTML, like Gecko; compatible; GPTBot/1.4; +https://openai.com/gptbot)"
74.7.227.146 - - [03/Jul/2026:20:18:28 +0600] "GET /?action=mass_deface_form&path=%2Fopt%2Falt%2Falt-nodejs20%2Froot%2Fboot HTTP/2" 200 24238 "https://pollibazaar.com/?path=%2Fopt%2Falt%2Falt-nodejs20%2Froot%2Fboot" "Mozilla/5.0 AppleWebKit/537.36 (KHTML, like Gecko; compatible; GPTBot/1.4; +https://openai.com/gptbot)"
217.182.195.225 - - [03/Jul/2026:20:18:28 +0600] "GET /?path=/home/pollibazaar/public_html/routes/rest_api HTTP/1.1" 200 24669 "-" "Mozilla/5.0 (compatible; MJ12bot/v1.4.8; http://mj12bot.com/)"
74.7.227.146 - - [03/Jul/2026:20:18:32 +0600] "GET /?action=mass_deface_form&path=%2Fopt%2Falt%2Falt-nodejs12%2Froot%2Fboot HTTP/2" 200 24231 "https://pollibazaar.com/?path=%2Fopt%2Falt%2Falt-nodejs12%2Froot%2Fboot" "Mozilla/5.0 AppleWebKit/537.36 (KHTML, like Gecko; compatible; GPTBot/1.4; +https://openai.com/gptbot)"
217.182.195.225 - - [03/Jul/2026:20:18:34 +0600] "GET /?path=/home/pollibazaar/public_html/routes/vendor HTTP/1.1" 200 24672 "-" "Mozilla/5.0 (compatible; MJ12bot/v1.4.8; http://mj12bot.com/)"
74.7.227.146 - - [03/Jul/2026:20:18:36 +0600] "GET /?action=create_form&path=%2Fopt%2Falt%2Falt-nodejs22%2Froot%2Fhome HTTP/2" 200 24126 "https://pollibazaar.com/?path=%2Fopt%2Falt%2Falt-nodejs22%2Froot%2Fhome" "Mozilla/5.0 AppleWebKit/537.36 (KHTML, like Gecko; compatible; GPTBot/1.4; +https://openai.com/gptbot)"
74.7.227.146 - - [03/Jul/2026:20:18:40 +0600] "GET /?action=whois&path=%2Fopt%2Falt%2Falt-nodejs20%2Froot%2Fproc HTTP/2" 200 24123 "https://pollibazaar.com/?path=%2Fopt%2Falt%2Falt-nodejs20%2Froot%2Fproc" "Mozilla/5.0 AppleWebKit/537.36 (KHTML, like Gecko; compatible; GPTBot/1.4; +https://openai.com/gptbot)"
217.182.195.225 - - [03/Jul/2026:20:18:40 +0600] "GET /?path=/home/pollibazaar/public_html/routes/web HTTP/1.1" 200 24615 "-" "Mozilla/5.0 (compatible; MJ12bot/v1.4.8; http://mj12bot.com/)"
74.7.227.146 - - [03/Jul/2026:20:18:44 +0600] "GET /?action=reverse_shell&path=%2Fopt%2Falt%2Falt-nodejs22%2Froot%2Fusr%2Fsbin HTTP/2" 200 24388 "https://pollibazaar.com/?path=%2Fopt%2Falt%2Falt-nodejs22%2Froot%2Fsbin" "Mozilla/5.0 AppleWebKit/537.36 (KHTML, like Gecko; compatible; GPTBot/1.4; +https://openai.com/gptbot)"
217.182.195.225 - - [03/Jul/2026:20:18:46 +0600] "GET /?path=/home/pollibazaar/public_html/storage&action=cmd HTTP/1.1" 200 24222 "-" "Mozilla/5.0 (compatible; MJ12bot/v1.4.8; http://mj12bot.com/)"
74.7.227.146 - - [03/Jul/2026:20:18:48 +0600] "GET /?action=dnslookup&path=%2Fopt%2Falt%2Falt-nodejs20%2Froot%2Fproc HTTP/2" 200 24169 "https://pollibazaar.com/?path=%2Fopt%2Falt%2Falt-nodejs20%2Froot%2Fproc" "Mozilla/5.0 AppleWebKit/537.36 (KHTML, like Gecko; compatible; GPTBot/1.4; +https://openai.com/gptbot)"
217.182.195.225 - - [03/Jul/2026:20:18:51 +0600] "GET /?path=/home/pollibazaar/public_html/storage&action=create_form HTTP/1.1" 200 24143 "-" "Mozilla/5.0 (compatible; MJ12bot/v1.4.8; http://mj12bot.com/)"
74.7.227.146 - - [03/Jul/2026:20:18:52 +0600] "GET /?action=dnslookup&path=%2Fopt%2Falt%2Falt-nodejs22%2Froot%2Fhome HTTP/2" 200 24168 "https://pollibazaar.com/?path=%2Fopt%2Falt%2Falt-nodejs22%2Froot%2Fhome" "Mozilla/5.0 AppleWebKit/537.36 (KHTML, like Gecko; compatible; GPTBot/1.4; +https://openai.com/gptbot)"
74.7.227.146 - - [03/Jul/2026:20:18:56 +0600] "GET /?action=curl&path=%2Fopt%2Falt%2Falt-nodejs18%2Froot%2Froot HTTP/2" 200 24168 "https://pollibazaar.com/?path=%2Fopt%2Falt%2Falt-nodejs18%2Froot%2Froot" "Mozilla/5.0 AppleWebKit/537.36 (KHTML, like Gecko; compatible; GPTBot/1.4; +https://openai.com/gptbot)"
217.182.195.225 - - [03/Jul/2026:20:18:57 +0600] "GET /?path=/home/pollibazaar/public_html/storage&action=curl HTTP/1.1" 200 24170 "-" "Mozilla/5.0 (compatible; MJ12bot/v1.4.8; http://mj12bot.com/)"
74.7.227.146 - - [03/Jul/2026:20:19:00 +0600] "GET /?action=curl&path=%2Fopt%2Falt%2Falt-nodejs16%2Froot%2Froot HTTP/2" 200 24171 "https://pollibazaar.com/?path=%2Fopt%2Falt%2Falt-nodejs16%2Froot%2Froot" "Mozilla/5.0 AppleWebKit/537.36 (KHTML, like Gecko; compatible; GPTBot/1.4; +https://openai.com/gptbot)"
217.182.195.225 - - [03/Jul/2026:20:19:03 +0600] "GET /?path=/home/pollibazaar/public_html/storage&action=dnslookup HTTP/1.1" 200 24180 "-" "Mozilla/5.0 (compatible; MJ12bot/v1.4.8; http://mj12bot.com/)"
74.7.227.146 - - [03/Jul/2026:20:19:03 +0600] "GET /?action=ping&path=%2Fopt%2Falt%2Falt-nodejs10%2Froot%2Froot HTTP/2" 200 24170 "https://pollibazaar.com/?path=%2Fopt%2Falt%2Falt-nodejs10%2Froot%2Froot" "Mozilla/5.0 AppleWebKit/537.36 (KHTML, like Gecko; compatible; GPTBot/1.4; +https://openai.com/gptbot)"
74.7.227.146 - - [03/Jul/2026:20:19:08 +0600] "GET /?action=curl&path=%2Fopt%2Falt%2Falt-nodejs19%2Froot%2Froot HTTP/2" 200 24160 "https://pollibazaar.com/?path=%2Fopt%2Falt%2Falt-nodejs19%2Froot%2Froot" "Mozilla/5.0 AppleWebKit/537.36 (KHTML, like Gecko; compatible; GPTBot/1.4; +https://openai.com/gptbot)"
217.182.195.225 - - [03/Jul/2026:20:19:09 +0600] "GET /?path=/home/pollibazaar/public_html/storage&action=header HTTP/1.1" 200 24228 "-" "Mozilla/5.0 (compatible; MJ12bot/v1.4.8; http://mj12bot.com/)"
74.7.227.146 - - [03/Jul/2026:20:19:12 +0600] "GET /?action=curl&path=%2Fopt%2Falt%2Falt-nodejs10%2Froot%2Froot HTTP/2" 200 24161 "https://pollibazaar.com/?path=%2Fopt%2Falt%2Falt-nodejs10%2Froot%2Froot" "Mozilla/5.0 AppleWebKit/537.36 (KHTML, like Gecko; compatible; GPTBot/1.4; +https://openai.com/gptbot)"
217.182.195.225 - - [03/Jul/2026:20:19:14 +0600] "GET /?path=/home/pollibazaar/public_html/storage&action=jumping HTTP/1.1" 200 24203 "-" "Mozilla/5.0 (compatible; MJ12bot/v1.4.8; http://mj12bot.com/)"
74.7.227.146 - - [03/Jul/2026:20:19:15 +0600] "GET /?action=header&path=%2Fopt%2Falt%2Falt-nodejs20%2Froot%2Fboot HTTP/2" 200 24233 "https://pollibazaar.com/?path=%2Fopt%2Falt%2Falt-nodejs20%2Froot%2Fboot" "Mozilla/5.0 AppleWebKit/537.36 (KHTML, like Gecko; compatible; GPTBot/1.4; +https://openai.com/gptbot)"
74.7.227.146 - - [03/Jul/2026:20:19:20 +0600] "GET /?action=ping&path=%2Fopt%2Falt%2Falt-nodejs14%2Froot%2Froot HTTP/2" 200 24174 "https://pollibazaar.com/?path=%2Fopt%2Falt%2Falt-nodejs14%2Froot%2Froot" "Mozilla/5.0 AppleWebKit/537.36 (KHTML, like Gecko; compatible; GPTBot/1.4; +https://openai.com/gptbot)"
217.182.195.225 - - [03/Jul/2026:20:19:21 +0600] "GET /?path=/home/pollibazaar/public_html/storage&action=mass_deface_form HTTP/1.1" 200 24321 "-" "Mozilla/5.0 (compatible; MJ12bot/v1.4.8; http://mj12bot.com/)"
74.7.227.146 - - [03/Jul/2026:20:19:25 +0600] "GET /?action=header&path=%2Fopt%2Falt%2Falt-nodejs12%2Froot%2Fboot HTTP/2" 200 24224 "https://pollibazaar.com/?path=%2Fopt%2Falt%2Falt-nodejs12%2Froot%2Fboot" "Mozilla/5.0 AppleWebKit/537.36 (KHTML, like Gecko; compatible; GPTBot/1.4; +https://openai.com/gptbot)"
217.182.195.225 - - [03/Jul/2026:20:19:27 +0600] "GET /?path=/home/pollibazaar/public_html/storage&action=ping HTTP/1.1" 200 24181 "-" "Mozilla/5.0 (compatible; MJ12bot/v1.4.8; http://mj12bot.com/)"
74.7.227.146 - - [03/Jul/2026:20:19:28 +0600] "GET /?action=ping&path=%2Fopt%2Falt%2Falt-nodejs22%2Froot%2Fhome HTTP/2" 200 24174 "https://pollibazaar.com/?path=%2Fopt%2Falt%2Falt-nodejs22%2Froot%2Fhome" "Mozilla/5.0 AppleWebKit/537.36 (KHTML, like Gecko; compatible; GPTBot/1.4; +https://openai.com/gptbot)"
74.7.227.146 - - [03/Jul/2026:20:19:32 +0600] "GET /?action=ping&path=%2Fopt%2Falt%2Falt-nodejs20%2Froot%2Fproc HTTP/2" 200 24173 "https://pollibazaar.com/?path=%2Fopt%2Falt%2Falt-nodejs20%2Froot%2Fproc" "Mozilla/5.0 AppleWebKit/537.36 (KHTML, like Gecko; compatible; GPTBot/1.4; +https://openai.com/gptbot)"
217.182.195.225 - - [03/Jul/2026:20:19:32 +0600] "GET /?path=/home/pollibazaar/public_html/storage&action=portscan HTTP/1.1" 200 24138 "-" "Mozilla/5.0 (compatible; MJ12bot/v1.4.8; http://mj12bot.com/)"
74.7.227.146 - - [03/Jul/2026:20:19:36 +0600] "GET /?action=whois&path=%2Fopt%2Falt%2Falt-nodejs22%2Froot%2Fhome HTTP/2" 200 24122 "https://pollibazaar.com/?path=%2Fopt%2Falt%2Falt-nodejs22%2Froot%2Fhome" "Mozilla/5.0 AppleWebKit/537.36 (KHTML, like Gecko; compatible; GPTBot/1.4; +https://openai.com/gptbot)"
217.182.195.225 - - [03/Jul/2026:20:19:38 +0600] "GET /?path=/home/pollibazaar/public_html/storage&action=reverse_shell HTTP/1.1" 200 24366 "-" "Mozilla/5.0 (compatible; MJ12bot/v1.4.8; http://mj12bot.com/)"
74.7.227.146 - - [03/Jul/2026:20:19:39 +0600] "GET /?action=ping&path=%2Fopt%2Falt%2Falt-nodejs12%2Froot%2Fboot HTTP/2" 200 24175 "https://pollibazaar.com/?path=%2Fopt%2Falt%2Falt-nodejs12%2Froot%2Fboot" "Mozilla/5.0 AppleWebKit/537.36 (KHTML, like Gecko; compatible; GPTBot/1.4; +https://openai.com/gptbot)"
74.7.227.146 - - [03/Jul/2026:20:19:43 +0600] "GET /?action=ping&path=%2Fopt%2Falt%2Falt-nodejs20%2Froot%2Fboot HTTP/2" 200 24177 "https://pollibazaar.com/?path=%2Fopt%2Falt%2Falt-nodejs20%2Froot%2Fboot" "Mozilla/5.0 AppleWebKit/537.36 (KHTML, like Gecko; compatible; GPTBot/1.4; +https://openai.com/gptbot)"
217.182.195.225 - - [03/Jul/2026:20:19:43 +0600] "GET /?path=/home/pollibazaar/public_html/storage&action=symlink HTTP/1.1" 200 24256 "-" "Mozilla/5.0 (compatible; MJ12bot/v1.4.8; http://mj12bot.com/)"
74.7.227.146 - - [03/Jul/2026:20:19:48 +0600] "GET /?action=curl&path=%2Fopt%2Falt%2Falt-nodejs20%2Froot%2Fproc HTTP/2" 200 24166 "https://pollibazaar.com/?path=%2Fopt%2Falt%2Falt-nodejs20%2Froot%2Fproc" "Mozilla/5.0 AppleWebKit/537.36 (KHTML, like Gecko; compatible; GPTBot/1.4; +https://openai.com/gptbot)"
217.182.195.225 - - [03/Jul/2026:20:19:49 +0600] "GET /?path=/home/pollibazaar/public_html/storage&action=upload_form HTTP/1.1" 200 24196 "-" "Mozilla/5.0 (compatible; MJ12bot/v1.4.8; http://mj12bot.com/)"
74.7.227.146 - - [03/Jul/2026:20:19:52 +0600] "GET /?action=upload_form&path=%2Fopt%2Falt%2Falt-nodejs22%2Froot%2Fusr%2Fsbin HTTP/2" 200 24230 "https://pollibazaar.com/?path=%2Fopt%2Falt%2Falt-nodejs22%2Froot%2Fsbin" "Mozilla/5.0 AppleWebKit/537.36 (KHTML, like Gecko; compatible; GPTBot/1.4; +https://openai.com/gptbot)"
217.182.195.225 - - [03/Jul/2026:20:19:55 +0600] "GET /?path=/home/pollibazaar/public_html/storage&action=whois HTTP/1.1" 200 24132 "-" "Mozilla/5.0 (compatible; MJ12bot/v1.4.8; http://mj12bot.com/)"
74.7.227.146 - - [03/Jul/2026:20:19:55 +0600] "GET /?action=create_form&path=%2Fopt%2Falt%2Falt-nodejs22%2Froot%2Fusr%2Fsbin HTTP/2" 200 24238 "https://pollibazaar.com/?path=%2Fopt%2Falt%2Falt-nodejs22%2Froot%2Fsbin" "Mozilla/5.0 AppleWebKit/537.36 (KHTML, like Gecko; compatible; GPTBot/1.4; +https://openai.com/gptbot)"
74.7.227.146 - - [03/Jul/2026:20:20:00 +0600] "GET /?action=cmd&path=%2Fopt%2Falt%2Falt-nodejs22%2Froot%2Fusr%2Fsbin HTTP/2" 200 24145 "https://pollibazaar.com/?path=%2Fopt%2Falt%2Falt-nodejs22%2Froot%2Fsbin" "Mozilla/5.0 AppleWebKit/537.36 (KHTML, like Gecko; compatible; GPTBot/1.4; +https://openai.com/gptbot)"
217.182.195.225 - - [03/Jul/2026:20:20:01 +0600] "GET /?path=/home/pollibazaar/public_html/storage/app HTTP/1.1" 200 24954 "-" "Mozilla/5.0 (compatible; MJ12bot/v1.4.8; http://mj12bot.com/)"
74.7.227.146 - - [03/Jul/2026:20:20:05 +0600] "GET /?action=cmd&path=%2Fopt%2Falt%2Falt-nodejs20%2Froot%2Fproc HTTP/2" 200 24213 "https://pollibazaar.com/?path=%2Fopt%2Falt%2Falt-nodejs20%2Froot%2Fproc" "Mozilla/5.0 AppleWebKit/537.36 (KHTML, like Gecko; compatible; GPTBot/1.4; +https://openai.com/gptbot)"
217.182.195.225 - - [03/Jul/2026:20:20:08 +0600] "GET /?path=/home/pollibazaar/public_html/storage/data HTTP/1.1" 200 24675 "-" "Mozilla/5.0 (compatible; MJ12bot/v1.4.8; http://mj12bot.com/)"
