216.73.217.162 - - [03/Jul/2026:19:49:29 +0600] "GET /sitemap.xml?action=mass_deface_form&path=%2Fvar%2Fimunify360 HTTP/2" 200 6779 "-" "Mozilla/5.0 AppleWebKit/537.36 (KHTML, like Gecko; compatible; ClaudeBot/1.0; +claudebot@anthropic.com)"
216.73.217.162 - - [03/Jul/2026:19:49:30 +0600] "GET /sitemap.xml?action=ping&path=%2Fhome%2Fpollibazaar%2Fpublic_html%2Fvendor%2Ffirebase%2Fphp-jwt HTTP/2" 200 6738 "-" "Mozilla/5.0 AppleWebKit/537.36 (KHTML, like Gecko; compatible; ClaudeBot/1.0; +claudebot@anthropic.com)"
216.73.217.162 - - [03/Jul/2026:19:49:32 +0600] "GET /sitemap.xml?action=portscan&path=%2Flib%2Fmotd.d HTTP/2" 200 6715 "-" "Mozilla/5.0 AppleWebKit/537.36 (KHTML, like Gecko; compatible; ClaudeBot/1.0; +claudebot@anthropic.com)"
216.73.217.162 - - [03/Jul/2026:19:49:33 +0600] "GET /sitemap.xml?action=portscan&path=%2Flib64%2Fman-db HTTP/2" 200 6706 "-" "Mozilla/5.0 AppleWebKit/537.36 (KHTML, like Gecko; compatible; ClaudeBot/1.0; +claudebot@anthropic.com)"
216.73.217.162 - - [03/Jul/2026:19:49:35 +0600] "GET /sitemap.xml?action=reverse_shell&path=%2Fhome%2Fpollibazaar%2Fpublic_html%2Fvendor%2Fpsr HTTP/2" 200 6927 "-" "Mozilla/5.0 AppleWebKit/537.36 (KHTML, like Gecko; compatible; ClaudeBot/1.0; +claudebot@anthropic.com)"
216.73.217.162 - - [03/Jul/2026:19:49:38 +0600] "GET /sitemap.xml?action=header&path=%2Fhome%2Fpollibazaar%2Fpublic_html%2Fvendor%2Ffakerphp%2Ffaker HTTP/2" 200 6746 "-" "Mozilla/5.0 AppleWebKit/537.36 (KHTML, like Gecko; compatible; ClaudeBot/1.0; +claudebot@anthropic.com)"
216.73.217.162 - - [03/Jul/2026:19:49:41 +0600] "GET /sitemap.xml?action=header&path=%2Fhome%2Fpollibazaar%2Fpublic_html%2Froutes%2Frest_api HTTP/2" 200 6736 "-" "Mozilla/5.0 AppleWebKit/537.36 (KHTML, like Gecko; compatible; ClaudeBot/1.0; +claudebot@anthropic.com)"
216.73.217.162 - - [03/Jul/2026:19:49:43 +0600] "GET /sitemap.xml?action=header&path=%2Fhome%2Fpollibazaar%2Fpublic_html%2Fapp%2FUtils HTTP/2" 200 6740 "-" "Mozilla/5.0 AppleWebKit/537.36 (KHTML, like Gecko; compatible; ClaudeBot/1.0; +claudebot@anthropic.com)"
216.73.217.162 - - [03/Jul/2026:19:57:14 +0600] "GET /sitemap.xml?action=portscan&path=%2Fhome%2Fpollibazaar%2Fpublic_html%2Fvendor%2Fphpoffice%2Fphpspreadsheet HTTP/2" 200 6760 "-" "Mozilla/5.0 AppleWebKit/537.36 (KHTML, like Gecko; compatible; ClaudeBot/1.0; +claudebot@anthropic.com)"
216.73.217.162 - - [03/Jul/2026:19:57:22 +0600] "GET /sitemap.xml?action=upload_form&path=%2Fhome%2Fpollibazaar%2Fpublic_html%2Fvendor%2Fpsr%2Fcache HTTP/2" 200 6746 "-" "Mozilla/5.0 AppleWebKit/537.36 (KHTML, like Gecko; compatible; ClaudeBot/1.0; +claudebot@anthropic.com)"
217.182.195.225 - - [03/Jul/2026:19:57:18 +0600] "GET /?path=/home/pollibazaar/public_html/cgi-bin/admin HTTP/1.1" 200 24729 "-" "Mozilla/5.0 (compatible; MJ12bot/v1.4.8; http://mj12bot.com/)"
216.73.217.162 - - [03/Jul/2026:19:57:30 +0600] "GET /sitemap.xml?action=upload_form&path=%2Fhome%2Fpollibazaar%2Fpublic_html%2Fvendor%2Fpsr%2Fsimple-cache HTTP/2" 200 6752 "-" "Mozilla/5.0 AppleWebKit/537.36 (KHTML, like Gecko; compatible; ClaudeBot/1.0; +claudebot@anthropic.com)"
217.182.195.225 - - [03/Jul/2026:19:57:35 +0600] "GET /?path=/home/pollibazaar/public_html/config&action=cmd HTTP/1.1" 200 24226 "-" "Mozilla/5.0 (compatible; MJ12bot/v1.4.8; http://mj12bot.com/)"
217.182.195.225 - - [03/Jul/2026:19:57:50 +0600] "GET /?path=/home/pollibazaar/public_html/config&action=create_form HTTP/1.1" 200 24135 "-" "Mozilla/5.0 (compatible; MJ12bot/v1.4.8; http://mj12bot.com/)"
217.182.195.225 - - [03/Jul/2026:19:58:05 +0600] "GET /?path=/home/pollibazaar/public_html/config&action=curl HTTP/1.1" 200 24147 "-" "Mozilla/5.0 (compatible; MJ12bot/v1.4.8; http://mj12bot.com/)"
216.73.217.162 - - [03/Jul/2026:19:58:22 +0600] "GET /sitemap.xml?action=whois&path=%2Fhome%2Fpollibazaar%2Fpublic_html%2Fvendor%2Fpsr%2Fcache HTTP/2" 200 6731 "-" "Mozilla/5.0 AppleWebKit/537.36 (KHTML, like Gecko; compatible; ClaudeBot/1.0; +claudebot@anthropic.com)"
74.7.227.146 - - [03/Jul/2026:19:58:20 +0600] "GET /?action=mass_deface_form&path=%2Fopt%2Falt%2Falt-nodejs11%2Froot%2Fusr%2Flib HTTP/2" 200 24261 "https://pollibazaar.com/?path=%2Fopt%2Falt%2Falt-nodejs11%2Froot%2Flib" "Mozilla/5.0 AppleWebKit/537.36 (KHTML, like Gecko; compatible; GPTBot/1.4; +https://openai.com/gptbot)"
74.7.227.146 - - [03/Jul/2026:19:58:35 +0600] "GET /?action=mass_deface_form&path=%2Fopt%2Falt%2Falt-nodejs18%2Froot%2Fusr%2Flib HTTP/2" 200 24261 "https://pollibazaar.com/?path=%2Fopt%2Falt%2Falt-nodejs18%2Froot%2Flib" "Mozilla/5.0 AppleWebKit/537.36 (KHTML, like Gecko; compatible; GPTBot/1.4; +https://openai.com/gptbot)"
74.7.227.146 - - [03/Jul/2026:19:58:48 +0600] "GET /?action=mass_deface_form&path=%2Fopt%2Falt%2Falt-nodejs16%2Froot%2Fusr%2Flib HTTP/2" 200 24264 "https://pollibazaar.com/?path=%2Fopt%2Falt%2Falt-nodejs16%2Froot%2Flib" "Mozilla/5.0 AppleWebKit/537.36 (KHTML, like Gecko; compatible; GPTBot/1.4; +https://openai.com/gptbot)"
74.7.227.146 - - [03/Jul/2026:19:59:06 +0600] "GET /?action=mass_deface_form&path=%2Fopt%2Falt%2Falt-nodejs14%2Froot%2Fusr%2Fbin HTTP/2" 200 24260 "https://pollibazaar.com/?path=%2Fopt%2Falt%2Falt-nodejs14%2Froot%2Fbin" "Mozilla/5.0 AppleWebKit/537.36 (KHTML, like Gecko; compatible; GPTBot/1.4; +https://openai.com/gptbot)"
74.7.227.146 - - [03/Jul/2026:19:59:22 +0600] "GET /?action=mass_deface_form&path=%2Fopt%2Falt%2Falt-nodejs10%2Froot%2Fusr%2Fbin HTTP/2" 200 24264 "https://pollibazaar.com/?path=%2Fopt%2Falt%2Falt-nodejs10%2Froot%2Fbin" "Mozilla/5.0 AppleWebKit/537.36 (KHTML, like Gecko; compatible; GPTBot/1.4; +https://openai.com/gptbot)"
74.7.227.146 - - [03/Jul/2026:19:59:38 +0600] "GET /?action=mass_deface_form&path=%2Fopt%2Falt%2Falt-nodejs14%2Froot%2Fusr%2Flib HTTP/2" 200 24259 "https://pollibazaar.com/?path=%2Fopt%2Falt%2Falt-nodejs14%2Froot%2Flib" "Mozilla/5.0 AppleWebKit/537.36 (KHTML, like Gecko; compatible; GPTBot/1.4; +https://openai.com/gptbot)"
74.7.227.146 - - [03/Jul/2026:19:59:55 +0600] "GET /?action=mass_deface_form&path=%2Fopt%2Falt%2Falt-nodejs19%2Froot%2Fusr%2Fbin HTTP/2" 200 24268 "https://pollibazaar.com/?path=%2Fopt%2Falt%2Falt-nodejs19%2Froot%2Fbin" "Mozilla/5.0 AppleWebKit/537.36 (KHTML, like Gecko; compatible; GPTBot/1.4; +https://openai.com/gptbot)"
74.7.227.146 - - [03/Jul/2026:20:00:14 +0600] "GET /?action=mass_deface_form&path=%2Fopt%2Falt%2Falt-nodejs16%2Froot%2Fusr%2Fbin HTTP/2" 200 24261 "https://pollibazaar.com/?path=%2Fopt%2Falt%2Falt-nodejs16%2Froot%2Fbin" "Mozilla/5.0 AppleWebKit/537.36 (KHTML, like Gecko; compatible; GPTBot/1.4; +https://openai.com/gptbot)"
74.7.227.146 - - [03/Jul/2026:20:00:31 +0600] "GET /?action=mass_deface_form&path=%2Fopt%2Falt%2Falt-nodejs11%2Froot%2Fusr%2Fbin HTTP/2" 200 24264 "https://pollibazaar.com/?path=%2Fopt%2Falt%2Falt-nodejs11%2Froot%2Fbin" "Mozilla/5.0 AppleWebKit/537.36 (KHTML, like Gecko; compatible; GPTBot/1.4; +https://openai.com/gptbot)"
74.7.227.146 - - [03/Jul/2026:20:00:46 +0600] "GET /?action=mass_deface_form&path=%2Fopt%2Falt%2Falt-nodejs19%2Froot%2Fusr%2Flib HTTP/2" 200 24261 "https://pollibazaar.com/?path=%2Fopt%2Falt%2Falt-nodejs19%2Froot%2Flib" "Mozilla/5.0 AppleWebKit/537.36 (KHTML, like Gecko; compatible; GPTBot/1.4; +https://openai.com/gptbot)"
74.7.227.146 - - [03/Jul/2026:20:00:59 +0600] "GET /?action=mass_deface_form&path=%2Fopt%2Falt%2Falt-nodejs10%2Froot%2Fusr%2Flib HTTP/2" 200 24265 "https://pollibazaar.com/?path=%2Fopt%2Falt%2Falt-nodejs10%2Froot%2Flib" "Mozilla/5.0 AppleWebKit/537.36 (KHTML, like Gecko; compatible; GPTBot/1.4; +https://openai.com/gptbot)"
74.7.227.146 - - [03/Jul/2026:20:01:11 +0600] "GET /?action=mass_deface_form&path=%2Fopt%2Falt%2Falt-nodejs18%2Froot%2Fusr%2Fbin HTTP/2" 200 24261 "https://pollibazaar.com/?path=%2Fopt%2Falt%2Falt-nodejs18%2Froot%2Fbin" "Mozilla/5.0 AppleWebKit/537.36 (KHTML, like Gecko; compatible; GPTBot/1.4; +https://openai.com/gptbot)"
74.7.227.146 - - [03/Jul/2026:20:01:22 +0600] "GET /?action=view_file&path=%2Fopt%2Falt%2Falt-nodejs19%2Froot%2Fusr%2Flib&target_file=%2Fopt%2Falt%2Falt-nodejs19%2Froot%2Fusr%2Flib%2Flibnode.so.111 HTTP/2" 200 1507 "https://pollibazaar.com/?path=%2Fopt%2Falt%2Falt-nodejs19%2Froot%2Flib" "Mozilla/5.0 AppleWebKit/537.36 (KHTML, like Gecko; compatible; GPTBot/1.4; +https://openai.com/gptbot)"
74.7.227.146 - - [03/Jul/2026:20:01:29 +0600] "GET /?action=create_form&path=%2Fopt%2Falt%2Falt-nodejs11%2Froot%2Fvar%2Fpreserve HTTP/2" 200 0 "https://pollibazaar.com/?path=%2Fopt%2Falt%2Falt-nodejs11%2Froot%2Fvar%2Fpreserve" "Mozilla/5.0 AppleWebKit/537.36 (KHTML, like Gecko; compatible; GPTBot/1.4; +https://openai.com/gptbot)"
74.7.227.146 - - [03/Jul/2026:20:01:59 +0600] "GET /?action=reverse_shell&path=%2Fopt%2Falt%2Falt-nodejs12%2Froot HTTP/2" 200 0 "https://pollibazaar.com/?path=%2Fopt%2Falt%2Falt-nodejs12%2Froot" "Mozilla/5.0 AppleWebKit/537.36 (KHTML, like Gecko; compatible; GPTBot/1.4; +https://openai.com/gptbot)"
74.7.227.146 - - [03/Jul/2026:20:02:29 +0600] "GET /?action=reverse_shell&path=%2Fopt%2Falt%2Falt-nodejs20%2Froot HTTP/2" 200 0 "https://pollibazaar.com/?path=%2Fopt%2Falt%2Falt-nodejs20%2Froot" "Mozilla/5.0 AppleWebKit/537.36 (KHTML, like Gecko; compatible; GPTBot/1.4; +https://openai.com/gptbot)"
74.7.227.146 - - [03/Jul/2026:20:03:00 +0600] "GET /?action=create_form&path=%2Fopt%2Falt%2Falt-nodejs24%2Froot HTTP/2" 200 24211 "https://pollibazaar.com/?path=%2Fopt%2Falt%2Falt-nodejs24%2Froot" "Mozilla/5.0 AppleWebKit/537.36 (KHTML, like Gecko; compatible; GPTBot/1.4; +https://openai.com/gptbot)"
217.182.195.225 - - [03/Jul/2026:20:03:12 +0600] "GET /?path=/home/pollibazaar/public_html/database&action=curl HTTP/1.1" 200 24170 "-" "Mozilla/5.0 (compatible; MJ12bot/v1.4.8; http://mj12bot.com/)"
74.7.227.146 - - [03/Jul/2026:20:03:20 +0600] "GET /?action=create_form&path=%2Fopt%2Falt%2Falt-nodejs12%2Froot HTTP/2" 200 24206 "https://pollibazaar.com/?path=%2Fopt%2Falt%2Falt-nodejs12%2Froot" "Mozilla/5.0 AppleWebKit/537.36 (KHTML, like Gecko; compatible; GPTBot/1.4; +https://openai.com/gptbot)"
216.73.217.162 - - [03/Jul/2026:20:03:31 +0600] "GET /sitemap.xml?action=header&path=%2Fhome%2Fpollibazaar%2Fpublic_html%2Fvendor%2Fezyang%2Fhtmlpurifier HTTP/2" 200 6760 "-" "Mozilla/5.0 AppleWebKit/537.36 (KHTML, like Gecko; compatible; ClaudeBot/1.0; +claudebot@anthropic.com)"
217.182.195.225 - - [03/Jul/2026:20:03:30 +0600] "GET /?path=/home/pollibazaar/public_html/database&action=dnslookup HTTP/1.1" 200 24156 "-" "Mozilla/5.0 (compatible; MJ12bot/v1.4.8; http://mj12bot.com/)"
74.7.227.146 - - [03/Jul/2026:20:03:33 +0600] "GET /?action=upload_form&path=%2Fopt%2Falt%2Falt-nodejs22%2Froot HTTP/2" 200 24136 "https://pollibazaar.com/?path=%2Fopt%2Falt%2Falt-nodejs22%2Froot" "Mozilla/5.0 AppleWebKit/537.36 (KHTML, like Gecko; compatible; GPTBot/1.4; +https://openai.com/gptbot)"
216.73.217.162 - - [03/Jul/2026:20:03:50 +0600] "GET /sitemap.xml?action=cmd&path=%2Fhome%2Fpollibazaar%2Fpublic_html%2Fvendor%2Fmpdf%2Fmpdf HTTP/2" 200 6752 "-" "Mozilla/5.0 AppleWebKit/537.36 (KHTML, like Gecko; compatible; ClaudeBot/1.0; +claudebot@anthropic.com)"
217.182.195.225 - - [03/Jul/2026:20:03:43 +0600] "GET /?path=/home/pollibazaar/public_html/database&action=header HTTP/1.1" 200 24219 "-" "Mozilla/5.0 (compatible; MJ12bot/v1.4.8; http://mj12bot.com/)"
74.7.227.146 - - [03/Jul/2026:20:03:44 +0600] "GET /?action=create_form&path=%2Fopt%2Falt%2Falt-nodejs20%2Froot HTTP/2" 200 24214 "https://pollibazaar.com/?path=%2Fopt%2Falt%2Falt-nodejs20%2Froot" "Mozilla/5.0 AppleWebKit/537.36 (KHTML, like Gecko; compatible; GPTBot/1.4; +https://openai.com/gptbot)"
74.7.227.146 - - [03/Jul/2026:20:03:58 +0600] "GET /?action=reverse_shell&path=%2Fopt%2Falt%2Falt-nodejs24%2Froot HTTP/2" 200 24346 "https://pollibazaar.com/?path=%2Fopt%2Falt%2Falt-nodejs24%2Froot" "Mozilla/5.0 AppleWebKit/537.36 (KHTML, like Gecko; compatible; GPTBot/1.4; +https://openai.com/gptbot)"
217.182.195.225 - - [03/Jul/2026:20:03:59 +0600] "GET /?path=/home/pollibazaar/public_html/database&action=jumping HTTP/1.1" 200 24189 "-" "Mozilla/5.0 (compatible; MJ12bot/v1.4.8; http://mj12bot.com/)"
216.73.217.162 - - [03/Jul/2026:20:04:14 +0600] "GET /sitemap.xml?action=cmd&path=%2Fhome%2Fpollibazaar%2Fpublic_html%2Fresources%2Flang%2Fen HTTP/2" 200 6752 "-" "Mozilla/5.0 AppleWebKit/537.36 (KHTML, like Gecko; compatible; ClaudeBot/1.0; +claudebot@anthropic.com)"
74.7.227.146 - - [03/Jul/2026:20:04:10 +0600] "GET /?action=reverse_shell&path=%2Fopt%2Falt%2Falt-nodejs12%2Froot%2Fusr%2Flib HTTP/2" 200 24363 "https://pollibazaar.com/?path=%2Fopt%2Falt%2Falt-nodejs12%2Froot%2Flib" "Mozilla/5.0 AppleWebKit/537.36 (KHTML, like Gecko; compatible; GPTBot/1.4; +https://openai.com/gptbot)"
217.182.195.225 - - [03/Jul/2026:20:04:12 +0600] "GET /?path=/home/pollibazaar/public_html/database&action=mass_deface_form HTTP/1.1" 200 24242 "-" "Mozilla/5.0 (compatible; MJ12bot/v1.4.8; http://mj12bot.com/)"
74.7.227.146 - - [03/Jul/2026:20:04:25 +0600] "GET /?action=reverse_shell&path=%2Fopt%2Falt%2Falt-nodejs24%2Froot%2Fusr%2Flib HTTP/2" 200 24380 "https://pollibazaar.com/?path=%2Fopt%2Falt%2Falt-nodejs24%2Froot%2Flib" "Mozilla/5.0 AppleWebKit/537.36 (KHTML, like Gecko; compatible; GPTBot/1.4; +https://openai.com/gptbot)"
217.182.195.225 - - [03/Jul/2026:20:04:31 +0600] "GET /?path=/home/pollibazaar/public_html/database&action=ping HTTP/1.1" 200 24208 "-" "Mozilla/5.0 (compatible; MJ12bot/v1.4.8; http://mj12bot.com/)"
74.7.227.146 - - [03/Jul/2026:20:04:38 +0600] "GET /?action=reverse_shell&path=%2Fopt%2Falt%2Falt-nodejs24%2Froot%2Fusr%2Fbin HTTP/2" 200 24384 "https://pollibazaar.com/?path=%2Fopt%2Falt%2Falt-nodejs24%2Froot%2Fbin" "Mozilla/5.0 AppleWebKit/537.36 (KHTML, like Gecko; compatible; GPTBot/1.4; +https://openai.com/gptbot)"
217.182.195.225 - - [03/Jul/2026:20:04:46 +0600] "GET /?path=/home/pollibazaar/public_html/database&action=portscan HTTP/1.1" 200 24128 "-" "Mozilla/5.0 (compatible; MJ12bot/v1.4.8; http://mj12bot.com/)"
74.7.227.146 - - [03/Jul/2026:20:04:51 +0600] "GET /?action=reverse_shell&path=%2Fopt%2Falt%2Falt-nodejs20%2Froot%2Fusr%2Flib HTTP/2" 200 24380 "https://pollibazaar.com/?path=%2Fopt%2Falt%2Falt-nodejs20%2Froot%2Flib" "Mozilla/5.0 AppleWebKit/537.36 (KHTML, like Gecko; compatible; GPTBot/1.4; +https://openai.com/gptbot)"
217.182.195.225 - - [03/Jul/2026:20:05:03 +0600] "GET /?path=/home/pollibazaar/public_html/database&action=reverse_shell HTTP/1.1" 200 24327 "-" "Mozilla/5.0 (compatible; MJ12bot/v1.4.8; http://mj12bot.com/)"
74.7.227.146 - - [03/Jul/2026:20:05:06 +0600] "GET /?action=reverse_shell&path=%2Fopt%2Falt%2Falt-nodejs20%2Froot%2Fusr%2Fbin HTTP/2" 200 24380 "https://pollibazaar.com/?path=%2Fopt%2Falt%2Falt-nodejs20%2Froot%2Fbin" "Mozilla/5.0 AppleWebKit/537.36 (KHTML, like Gecko; compatible; GPTBot/1.4; +https://openai.com/gptbot)"
74.7.227.146 - - [03/Jul/2026:20:05:21 +0600] "GET /?action=reverse_shell&path=%2Fopt%2Falt%2Falt-nodejs12%2Froot%2Fusr%2Fbin HTTP/2" 200 24379 "https://pollibazaar.com/?path=%2Fopt%2Falt%2Falt-nodejs12%2Froot%2Fbin" "Mozilla/5.0 AppleWebKit/537.36 (KHTML, like Gecko; compatible; GPTBot/1.4; +https://openai.com/gptbot)"
217.182.195.225 - - [03/Jul/2026:20:05:21 +0600] "GET /?path=/home/pollibazaar/public_html/database&action=symlink HTTP/1.1" 200 24282 "-" "Mozilla/5.0 (compatible; MJ12bot/v1.4.8; http://mj12bot.com/)"
217.182.195.225 - - [03/Jul/2026:19:58:16 +0600] "GET /?path=/home/pollibazaar/public_html/config&action=dnslookup HTTP/1.1" 200 24159 "-" "Mozilla/5.0 (compatible; MJ12bot/v1.4.8; http://mj12bot.com/)"
217.182.195.225 - - [03/Jul/2026:19:58:32 +0600] "GET /?path=/home/pollibazaar/public_html/config&action=header HTTP/1.1" 200 24209 "-" "Mozilla/5.0 (compatible; MJ12bot/v1.4.8; http://mj12bot.com/)"
217.182.195.225 - - [03/Jul/2026:19:58:48 +0600] "GET /?path=/home/pollibazaar/public_html/config&action=jumping HTTP/1.1" 200 24102 "-" "Mozilla/5.0 (compatible; MJ12bot/v1.4.8; http://mj12bot.com/)"
217.182.195.225 - - [03/Jul/2026:19:59:07 +0600] "GET /?path=/home/pollibazaar/public_html/config&action=mass_deface_form HTTP/1.1" 200 24301 "-" "Mozilla/5.0 (compatible; MJ12bot/v1.4.8; http://mj12bot.com/)"
216.73.217.162 - - [03/Jul/2026:19:59:27 +0600] "GET /sitemap.xml?action=create_form&path=%2Fhome%2Fpollibazaar%2Fpublic_html%2Fresources%2Fthemes HTTP/2" 200 6742 "-" "Mozilla/5.0 AppleWebKit/537.36 (KHTML, like Gecko; compatible; ClaudeBot/1.0; +claudebot@anthropic.com)"
216.73.217.162 - - [03/Jul/2026:19:59:36 +0600] "GET /sitemap.xml?action=view_file&path=%2Fetc%2Fsecurity&target_file=%2Fetc%2Fsecurity%2Fnamespace.init HTTP/2" 200 7649 "-" "Mozilla/5.0 AppleWebKit/537.36 (KHTML, like Gecko; compatible; ClaudeBot/1.0; +claudebot@anthropic.com)"
217.182.195.225 - - [03/Jul/2026:19:59:24 +0600] "GET /?path=/home/pollibazaar/public_html/config&action=ping HTTP/1.1" 200 24200 "-" "Mozilla/5.0 (compatible; MJ12bot/v1.4.8; http://mj12bot.com/)"
216.73.217.162 - - [03/Jul/2026:19:59:45 +0600] "GET /sitemap.xml?action=ping&path=%2Fhome%2Fpollibazaar%2Fpublic_html%2Fvendor%2Fnette HTTP/2" 200 6730 "-" "Mozilla/5.0 AppleWebKit/537.36 (KHTML, like Gecko; compatible; ClaudeBot/1.0; +claudebot@anthropic.com)"
216.73.217.162 - - [03/Jul/2026:19:59:54 +0600] "GET /sitemap.xml?action=dnslookup&path=%2Fhome%2Fpollibazaar%2Fpublic_html%2Fdatabase%2Fmigrations%2Fadmin HTTP/2" 200 6801 "-" "Mozilla/5.0 AppleWebKit/537.36 (KHTML, like Gecko; compatible; ClaudeBot/1.0; +claudebot@anthropic.com)"
217.182.195.225 - - [03/Jul/2026:19:59:46 +0600] "GET /?path=/home/pollibazaar/public_html/config&action=portscan HTTP/1.1" 200 24129 "-" "Mozilla/5.0 (compatible; MJ12bot/v1.4.8; http://mj12bot.com/)"
217.182.195.225 - - [03/Jul/2026:20:00:06 +0600] "GET /?path=/home/pollibazaar/public_html/config&action=reverse_shell HTTP/1.1" 200 24375 "-" "Mozilla/5.0 (compatible; MJ12bot/v1.4.8; http://mj12bot.com/)"
217.182.195.225 - - [03/Jul/2026:20:00:28 +0600] "GET /?path=/home/pollibazaar/public_html/config&action=symlink HTTP/1.1" 200 24261 "-" "Mozilla/5.0 (compatible; MJ12bot/v1.4.8; http://mj12bot.com/)"
217.182.195.225 - - [03/Jul/2026:20:00:43 +0600] "GET /?path=/home/pollibazaar/public_html/config&action=upload_form HTTP/1.1" 200 24189 "-" "Mozilla/5.0 (compatible; MJ12bot/v1.4.8; http://mj12bot.com/)"
217.182.195.225 - - [03/Jul/2026:20:00:59 +0600] "GET /?path=/home/pollibazaar/public_html/config&action=whois HTTP/1.1" 200 24131 "-" "Mozilla/5.0 (compatible; MJ12bot/v1.4.8; http://mj12bot.com/)"
216.73.217.162 - - [03/Jul/2026:20:01:34 +0600] "GET /sitemap.xml?action=view_file&path=%2Fusr%2Fbin&target_file=%2Fusr%2Fbin%2Frmdir HTTP/2" 200 17407 "-" "Mozilla/5.0 AppleWebKit/537.36 (KHTML, like Gecko; compatible; ClaudeBot/1.0; +claudebot@anthropic.com)"
217.182.195.225 - - [03/Jul/2026:20:01:14 +0600] "GET /?path=/home/pollibazaar/public_html/config/Admin%20and%20web%20new%20install%20V15.7 HTTP/1.1" 200 24777 "-" "Mozilla/5.0 (compatible; MJ12bot/v1.4.8; http://mj12bot.com/)"
217.182.195.225 - - [03/Jul/2026:20:01:48 +0600] "GET /?path=/home/pollibazaar/public_html/database&action=cmd HTTP/1.1" 200 24212 "-" "Mozilla/5.0 (compatible; MJ12bot/v1.4.8; http://mj12bot.com/)"
74.7.227.146 - - [03/Jul/2026:20:05:36 +0600] "GET /?action=view_file&path=%2Fopt%2Falt%2Falt-nodejs11%2Froot%2Fusr%2Fbin&target_file=%2Fopt%2Falt%2Falt-nodejs11%2Froot%2Fusr%2Fbin%2Ficu-config-64 HTTP/2" 200 31416 "https://pollibazaar.com/?path=%2Fopt%2Falt%2Falt-nodejs11%2Froot%2Fbin" "Mozilla/5.0 AppleWebKit/537.36 (KHTML, like Gecko; compatible; GPTBot/1.4; +https://openai.com/gptbot)"
217.182.195.225 - - [03/Jul/2026:20:05:38 +0600] "GET /?path=/home/pollibazaar/public_html/database&action=upload_form HTTP/1.1" 200 24183 "-" "Mozilla/5.0 (compatible; MJ12bot/v1.4.8; http://mj12bot.com/)"
74.7.227.146 - - [03/Jul/2026:20:05:47 +0600] "GET /?action=view_file&path=%2Fopt%2Falt%2Falt-nodejs14%2Froot%2Fusr%2Fbin&target_file=%2Fopt%2Falt%2Falt-nodejs14%2Froot%2Fusr%2Fbin%2Ficu-config-64 HTTP/2" 200 31410 "https://pollibazaar.com/?path=%2Fopt%2Falt%2Falt-nodejs14%2Froot%2Fbin" "Mozilla/5.0 AppleWebKit/537.36 (KHTML, like Gecko; compatible; GPTBot/1.4; +https://openai.com/gptbot)"
217.182.195.225 - - [03/Jul/2026:20:05:54 +0600] "GET /?path=/home/pollibazaar/public_html/database&action=whois HTTP/1.1" 200 24339 "-" "Mozilla/5.0 (compatible; MJ12bot/v1.4.8; http://mj12bot.com/)"
74.7.227.146 - - [03/Jul/2026:20:05:58 +0600] "GET /?action=view_file&path=%2Fopt%2Falt%2Falt-nodejs20%2Froot%2Fusr%2Fbin&target_file=%2Fopt%2Falt%2Falt-nodejs20%2Froot%2Fusr%2Fbin%2Ficu-config-64 HTTP/2" 200 31414 "https://pollibazaar.com/?path=%2Fopt%2Falt%2Falt-nodejs20%2Froot%2Fbin" "Mozilla/5.0 AppleWebKit/537.36 (KHTML, like Gecko; compatible; GPTBot/1.4; +https://openai.com/gptbot)"
216.73.217.162 - - [03/Jul/2026:20:06:16 +0600] "GET /sitemap.xml?action=portscan&path=%2Fhome%2Fpollibazaar%2Fpublic_html%2Fpublic%2Fassets HTTP/2" 200 6747 "-" "Mozilla/5.0 AppleWebKit/537.36 (KHTML, like Gecko; compatible; ClaudeBot/1.0; +claudebot@anthropic.com)"
217.182.195.225 - - [03/Jul/2026:20:06:10 +0600] "GET /?path=/home/pollibazaar/public_html/database/factories HTTP/1.1" 200 24679 "-" "Mozilla/5.0 (compatible; MJ12bot/v1.4.8; http://mj12bot.com/)"
74.7.227.146 - - [03/Jul/2026:20:06:10 +0600] "GET /?action=view_file&path=%2Fopt%2Falt%2Falt-nodejs16%2Froot%2Fusr%2Fbin&target_file=%2Fopt%2Falt%2Falt-nodejs16%2Froot%2Fusr%2Fbin%2Ficu-config-64 HTTP/2" 200 31416 "https://pollibazaar.com/?path=%2Fopt%2Falt%2Falt-nodejs16%2Froot%2Fbin" "Mozilla/5.0 AppleWebKit/537.36 (KHTML, like Gecko; compatible; GPTBot/1.4; +https://openai.com/gptbot)"
74.7.227.146 - - [03/Jul/2026:20:06:23 +0600] "GET /?path=%2Fopt%2Falt%2Falt-nodejs19%2Froot%2Fmedia HTTP/2" 200 24390 "https://pollibazaar.com/?path=%2Fopt%2Falt%2Falt-nodejs19%2Froot" "Mozilla/5.0 AppleWebKit/537.36 (KHTML, like Gecko; compatible; GPTBot/1.4; +https://openai.com/gptbot)"
217.182.195.225 - - [03/Jul/2026:20:06:24 +0600] "GET /?path=/home/pollibazaar/public_html/database/migrations HTTP/1.1" 200 35443 "-" "Mozilla/5.0 (compatible; MJ12bot/v1.4.8; http://mj12bot.com/)"
74.7.227.146 - - [03/Jul/2026:20:06:39 +0600] "GET /?path=%2Fopt%2Falt%2Falt-nodejs20%2Froot%2Fmedia HTTP/2" 200 24447 "https://pollibazaar.com/?path=%2Fopt%2Falt%2Falt-nodejs20%2Froot" "Mozilla/5.0 AppleWebKit/537.36 (KHTML, like Gecko; compatible; GPTBot/1.4; +https://openai.com/gptbot)"
216.73.217.162 - - [03/Jul/2026:20:06:46 +0600] "GET /sitemap.xml?action=view_file&path=%2Fhome%2Fpollibazaar%2Fpublic_html%2Fapp%2FUtils&target_file=%2Fhome%2Fpollibazaar%2Fpublic_html%2Fapp%2FUtils%2Fconstant.php HTTP/2" 200 7220 "-" "Mozilla/5.0 AppleWebKit/537.36 (KHTML, like Gecko; compatible; ClaudeBot/1.0; +claudebot@anthropic.com)"
217.182.195.225 - - [03/Jul/2026:20:06:41 +0600] "GET /?path=/home/pollibazaar/public_html/database/seeds HTTP/1.1" 200 24798 "-" "Mozilla/5.0 (compatible; MJ12bot/v1.4.8; http://mj12bot.com/)"
74.7.227.146 - - [03/Jul/2026:20:06:50 +0600] "GET /?path=%2Fopt%2Falt%2Falt-nodejs18%2Froot%2Fmedia HTTP/2" 200 24447 "https://pollibazaar.com/?path=%2Fopt%2Falt%2Falt-nodejs18%2Froot" "Mozilla/5.0 AppleWebKit/537.36 (KHTML, like Gecko; compatible; GPTBot/1.4; +https://openai.com/gptbot)"
217.182.195.225 - - [03/Jul/2026:20:06:55 +0600] "GET /?path=/home/pollibazaar/public_html/installation&action=cmd HTTP/1.1" 200 24129 "-" "Mozilla/5.0 (compatible; MJ12bot/v1.4.8; http://mj12bot.com/)"
74.7.227.146 - - [03/Jul/2026:20:06:57 +0600] "GET /?path=%2Fopt%2Falt%2Falt-nodejs16%2Froot%2Fmedia HTTP/2" 200 24441 "https://pollibazaar.com/?path=%2Fopt%2Falt%2Falt-nodejs16%2Froot" "Mozilla/5.0 AppleWebKit/537.36 (KHTML, like Gecko; compatible; GPTBot/1.4; +https://openai.com/gptbot)"
217.182.195.225 - - [03/Jul/2026:20:07:12 +0600] "GET /?path=/home/pollibazaar/public_html/installation&action=create_form HTTP/1.1" 200 24170 "-" "Mozilla/5.0 (compatible; MJ12bot/v1.4.8; http://mj12bot.com/)"
74.7.227.146 - - [03/Jul/2026:20:07:12 +0600] "GET /?path=%2Fopt%2Falt%2Falt-nodejs10%2Froot%2Fmedia HTTP/2" 200 24448 "https://pollibazaar.com/?path=%2Fopt%2Falt%2Falt-nodejs10%2Froot" "Mozilla/5.0 AppleWebKit/537.36 (KHTML, like Gecko; compatible; GPTBot/1.4; +https://openai.com/gptbot)"
74.7.227.146 - - [03/Jul/2026:20:07:25 +0600] "GET /?path=%2Fopt%2Falt%2Falt-nodejs12%2Froot%2Fmedia HTTP/2" 200 24441 "https://pollibazaar.com/?path=%2Fopt%2Falt%2Falt-nodejs12%2Froot" "Mozilla/5.0 AppleWebKit/537.36 (KHTML, like Gecko; compatible; GPTBot/1.4; +https://openai.com/gptbot)"
217.182.195.225 - - [03/Jul/2026:20:07:26 +0600] "GET /?path=/home/pollibazaar/public_html/installation&action=curl HTTP/1.1" 200 24158 "-" "Mozilla/5.0 (compatible; MJ12bot/v1.4.8; http://mj12bot.com/)"
216.73.217.162 - - [03/Jul/2026:20:07:40 +0600] "GET /sitemap.xml?action=symlink&path=%2Fhome%2Fpollibazaar%2Fpublic_html%2Fvendor%2Fspatie HTTP/2" 200 6756 "-" "Mozilla/5.0 AppleWebKit/537.36 (KHTML, like Gecko; compatible; ClaudeBot/1.0; +claudebot@anthropic.com)"
74.7.227.146 - - [03/Jul/2026:20:07:37 +0600] "GET /?path=%2Fopt%2Falt%2Falt-nodejs24%2Froot%2Fmedia HTTP/2" 200 24437 "https://pollibazaar.com/?path=%2Fopt%2Falt%2Falt-nodejs24%2Froot" "Mozilla/5.0 AppleWebKit/537.36 (KHTML, like Gecko; compatible; GPTBot/1.4; +https://openai.com/gptbot)"
217.182.195.225 - - [03/Jul/2026:20:07:41 +0600] "GET /?path=/home/pollibazaar/public_html/installation&action=dnslookup HTTP/1.1" 200 24237 "-" "Mozilla/5.0 (compatible; MJ12bot/v1.4.8; http://mj12bot.com/)"
74.7.227.146 - - [03/Jul/2026:20:07:48 +0600] "GET /?path=%2Fopt%2Falt%2Falt-nodejs14%2Froot%2Fmedia HTTP/2" 200 24440 "https://pollibazaar.com/?path=%2Fopt%2Falt%2Falt-nodejs14%2Froot" "Mozilla/5.0 AppleWebKit/537.36 (KHTML, like Gecko; compatible; GPTBot/1.4; +https://openai.com/gptbot)"
217.182.195.225 - - [03/Jul/2026:20:07:57 +0600] "GET /?path=/home/pollibazaar/public_html/installation&action=header HTTP/1.1" 200 24228 "-" "Mozilla/5.0 (compatible; MJ12bot/v1.4.8; http://mj12bot.com/)"
74.7.227.146 - - [03/Jul/2026:20:08:00 +0600] "GET /?path=%2Fopt%2Falt%2Falt-nodejs11%2Froot%2Fmedia HTTP/2" 200 24440 "https://pollibazaar.com/?path=%2Fopt%2Falt%2Falt-nodejs11%2Froot" "Mozilla/5.0 AppleWebKit/537.36 (KHTML, like Gecko; compatible; GPTBot/1.4; +https://openai.com/gptbot)"
217.182.195.225 - - [03/Jul/2026:20:08:15 +0600] "GET /?path=/home/pollibazaar/public_html/installation&action=jumping HTTP/1.1" 200 24129 "-" "Mozilla/5.0 (compatible; MJ12bot/v1.4.8; http://mj12bot.com/)"
74.7.227.146 - - [03/Jul/2026:20:08:17 +0600] "GET /?action=dnslookup&path=%2Fopt%2Falt%2Falt-nodejs16%2Froot%2Fusr%2Flib HTTP/2" 200 24205 "https://pollibazaar.com/?path=%2Fopt%2Falt%2Falt-nodejs16%2Froot%2Flib" "Mozilla/5.0 AppleWebKit/537.36 (KHTML, like Gecko; compatible; GPTBot/1.4; +https://openai.com/gptbot)"
217.182.195.225 - - [03/Jul/2026:20:08:32 +0600] "GET /?path=/home/pollibazaar/public_html/installation&action=mass_deface_form HTTP/1.1" 200 24299 "-" "Mozilla/5.0 (compatible; MJ12bot/v1.4.8; http://mj12bot.com/)"
74.7.227.146 - - [03/Jul/2026:20:08:34 +0600] "GET /?action=dnslookup&path=%2Fopt%2Falt%2Falt-nodejs10%2Froot%2Fusr%2Flib HTTP/2" 200 24205 "https://pollibazaar.com/?path=%2Fopt%2Falt%2Falt-nodejs10%2Froot%2Flib" "Mozilla/5.0 AppleWebKit/537.36 (KHTML, like Gecko; compatible; GPTBot/1.4; +https://openai.com/gptbot)"
217.182.195.225 - - [03/Jul/2026:20:08:49 +0600] "GET /?path=/home/pollibazaar/public_html/installation&action=ping HTTP/1.1" 200 24145 "-" "Mozilla/5.0 (compatible; MJ12bot/v1.4.8; http://mj12bot.com/)"
74.7.227.146 - - [03/Jul/2026:20:08:50 +0600] "GET /?action=dnslookup&path=%2Fopt%2Falt%2Falt-nodejs14%2Froot%2Fusr%2Fbin HTTP/2" 200 24203 "https://pollibazaar.com/?path=%2Fopt%2Falt%2Falt-nodejs14%2Froot%2Fbin" "Mozilla/5.0 AppleWebKit/537.36 (KHTML, like Gecko; compatible; GPTBot/1.4; +https://openai.com/gptbot)"
216.73.217.162 - - [03/Jul/2026:20:09:16 +0600] "GET /sitemap.xml?action=view_file&path=%2Fhome%2Fpollibazaar%2Fmail%2Fnew&target_file=%2Fhome%2Fpollibazaar%2Fmail%2Fnew%2F1778222240.M604101P4066700.asia.cbnex.com%2CS%3D17923%2CW%3D18300 HTTP/2" 200 14481 "-" "Mozilla/5.0 AppleWebKit/537.36 (KHTML, like Gecko; compatible; ClaudeBot/1.0; +claudebot@anthropic.com)"
74.7.227.146 - - [03/Jul/2026:20:09:06 +0600] "GET /?action=portscan&path=%2Fopt%2Falt%2Falt-nodejs20%2Froot%2Fmedia HTTP/2" 200 24184 "https://pollibazaar.com/?path=%2Fopt%2Falt%2Falt-nodejs20%2Froot%2Fmedia" "Mozilla/5.0 AppleWebKit/537.36 (KHTML, like Gecko; compatible; GPTBot/1.4; +https://openai.com/gptbot)"
217.182.195.225 - - [03/Jul/2026:20:09:06 +0600] "GET /?path=/home/pollibazaar/public_html/installation&action=portscan HTTP/1.1" 200 24186 "-" "Mozilla/5.0 (compatible; MJ12bot/v1.4.8; http://mj12bot.com/)"
74.7.227.146 - - [03/Jul/2026:20:09:24 +0600] "GET /?action=cmd&path=%2Fopt%2Falt%2Falt-nodejs20%2Froot%2Fmedia HTTP/2" 200 24169 "https://pollibazaar.com/?path=%2Fopt%2Falt%2Falt-nodejs20%2Froot%2Fmedia" "Mozilla/5.0 AppleWebKit/537.36 (KHTML, like Gecko; compatible; GPTBot/1.4; +https://openai.com/gptbot)"
217.182.195.225 - - [03/Jul/2026:20:09:25 +0600] "GET /?path=/home/pollibazaar/public_html/installation&action=reverse_shell HTTP/1.1" 200 24341 "-" "Mozilla/5.0 (compatible; MJ12bot/v1.4.8; http://mj12bot.com/)"
74.7.227.146 - - [03/Jul/2026:20:09:38 +0600] "GET /?action=header&path=%2Fopt%2Falt%2Falt-nodejs20%2Froot%2Fmedia HTTP/2" 200 24229 "https://pollibazaar.com/?path=%2Fopt%2Falt%2Falt-nodejs20%2Froot%2Fmedia" "Mozilla/5.0 AppleWebKit/537.36 (KHTML, like Gecko; compatible; GPTBot/1.4; +https://openai.com/gptbot)"
216.73.217.162 - - [03/Jul/2026:20:09:50 +0600] "GET /sitemap.xml?action=ping&path=%2Fhome%2Fpollibazaar%2Fpublic_html%2Fpublic%2Fassets%2Fmodules HTTP/2" 200 6741 "-" "Mozilla/5.0 AppleWebKit/537.36 (KHTML, like Gecko; compatible; ClaudeBot/1.0; +claudebot@anthropic.com)"
217.182.195.225 - - [03/Jul/2026:20:09:44 +0600] "GET /?path=/home/pollibazaar/public_html/installation&action=symlink HTTP/1.1" 200 24206 "-" "Mozilla/5.0 (compatible; MJ12bot/v1.4.8; http://mj12bot.com/)"
74.7.227.146 - - [03/Jul/2026:20:09:47 +0600] "GET /?action=dnslookup&path=%2Fopt%2Falt%2Falt-nodejs19%2Froot%2Fusr%2Flib HTTP/2" 200 24213 "https://pollibazaar.com/?path=%2Fopt%2Falt%2Falt-nodejs19%2Froot%2Flib" "Mozilla/5.0 AppleWebKit/537.36 (KHTML, like Gecko; compatible; GPTBot/1.4; +https://openai.com/gptbot)"
74.7.227.146 - - [03/Jul/2026:20:09:59 +0600] "GET /?action=portscan&path=%2Fopt%2Falt%2Falt-nodejs12%2Froot%2Fmedia HTTP/2" 200 24185 "https://pollibazaar.com/?path=%2Fopt%2Falt%2Falt-nodejs12%2Froot%2Fmedia" "Mozilla/5.0 AppleWebKit/537.36 (KHTML, like Gecko; compatible; GPTBot/1.4; +https://openai.com/gptbot)"
217.182.195.225 - - [03/Jul/2026:20:09:59 +0600] "GET /?path=/home/pollibazaar/public_html/installation&action=upload_form HTTP/1.1" 200 24204 "-" "Mozilla/5.0 (compatible; MJ12bot/v1.4.8; http://mj12bot.com/)"
216.73.217.162 - - [03/Jul/2026:19:58:57 +0600] "GET /sitemap.xml?action=curl&path=%2Fhome%2Fpollibazaar%2Fpublic_html%2Fstorage%2Fdefault HTTP/2" 200 6746 "-" "Mozilla/5.0 AppleWebKit/537.36 (KHTML, like Gecko; compatible; ClaudeBot/1.0; +claudebot@anthropic.com)"
216.73.217.162 - - [03/Jul/2026:19:59:06 +0600] "GET /sitemap.xml?action=view_file&path=%2Fusr%2Fbin&target_file=%2Fusr%2Fbin%2Fsprof HTTP/2" 200 17743 "-" "Mozilla/5.0 AppleWebKit/537.36 (KHTML, like Gecko; compatible; ClaudeBot/1.0; +claudebot@anthropic.com)"
216.73.217.162 - - [03/Jul/2026:19:59:15 +0600] "GET /sitemap.xml?action=view_file&path=%2Fusr%2Fbin&target_file=%2Fusr%2Fbin%2Freadlink HTTP/2" 200 20912 "-" "Mozilla/5.0 AppleWebKit/537.36 (KHTML, like Gecko; compatible; ClaudeBot/1.0; +claudebot@anthropic.com)"
216.73.217.162 - - [03/Jul/2026:19:59:23 +0600] "GET /sitemap.xml?action=header&path=%2Fhome%2Fpollibazaar%2Fpublic_html%2Fvendor%2Fcarbonphp HTTP/2" 200 6752 "-" "Mozilla/5.0 AppleWebKit/537.36 (KHTML, like Gecko; compatible; ClaudeBot/1.0; +claudebot@anthropic.com)"
216.73.217.162 - - [03/Jul/2026:19:59:58 +0600] "GET /sitemap.xml?action=view_file&path=%2Fhome%2Fpollibazaar%2Fpublic_html%2Fapp%2FHttp%2FRequests&target_file=%2Fhome%2Fpollibazaar%2Fpublic_html%2Fapp%2FHttp%2FRequests%2FProductAddRequest.php HTTP/2" 200 9494 "-" "Mozilla/5.0 AppleWebKit/537.36 (KHTML, like Gecko; compatible; ClaudeBot/1.0; +claudebot@anthropic.com)"
216.73.217.162 - - [03/Jul/2026:20:00:06 +0600] "GET /sitemap.xml?action=curl&path=%2Flib64%2Fgstreamer-1.0 HTTP/2" 200 6708 "-" "Mozilla/5.0 AppleWebKit/537.36 (KHTML, like Gecko; compatible; ClaudeBot/1.0; +claudebot@anthropic.com)"
216.73.217.162 - - [03/Jul/2026:20:02:26 +0600] "GET /sitemap.xml?action=upload_form&path=%2Fhome%2Fpollibazaar%2Fpublic_html%2Fvendor%2Fsymfony%2Fcss-selector HTTP/2" 200 0 "-" "Mozilla/5.0 AppleWebKit/537.36 (KHTML, like Gecko; compatible; ClaudeBot/1.0; +claudebot@anthropic.com)"
217.182.195.225 - - [03/Jul/2026:20:02:30 +0600] "GET /?path=/home/pollibazaar/public_html/database&action=create_form HTTP/1.1" 200 0 "-" "Mozilla/5.0 (compatible; MJ12bot/v1.4.8; http://mj12bot.com/)"
216.73.217.162 - - [03/Jul/2026:20:04:20 +0600] "GET /sitemap.xml?action=view_file&path=%2Fusr%2Fbin&target_file=%2Fusr%2Fbin%2Fhunspell HTTP/2" 200 50300 "-" "Mozilla/5.0 AppleWebKit/537.36 (KHTML, like Gecko; compatible; ClaudeBot/1.0; +claudebot@anthropic.com)"
216.73.217.162 - - [03/Jul/2026:20:05:15 +0600] "GET /sitemap.xml?action=cmd&path=%2Fhome%2Fpollibazaar%2Fpublic_html%2Fvendor%2Fleague%2Fflysystem-local HTTP/2" 200 6745 "-" "Mozilla/5.0 AppleWebKit/537.36 (KHTML, like Gecko; compatible; ClaudeBot/1.0; +claudebot@anthropic.com)"
216.73.217.162 - - [03/Jul/2026:20:05:57 +0600] "GET /sitemap.xml?action=whois&path=%2Fhome%2Fpollibazaar%2Fpublic_html%2Fvendor%2Fgoogle%2Fcloud-storage HTTP/2" 200 6748 "-" "Mozilla/5.0 AppleWebKit/537.36 (KHTML, like Gecko; compatible; ClaudeBot/1.0; +claudebot@anthropic.com)"
216.73.217.162 - - [03/Jul/2026:20:06:58 +0600] "GET /sitemap.xml?action=view_file&path=%2Flib64&target_file=%2Flib64%2Flibsystemd.so.0.35.0 HTTP/2" 200 354078 "-" "Mozilla/5.0 AppleWebKit/537.36 (KHTML, like Gecko; compatible; ClaudeBot/1.0; +claudebot@anthropic.com)"
216.73.217.162 - - [03/Jul/2026:20:08:45 +0600] "GET /sitemap.xml?action=view_file&path=%2Flib64%2Fgstreamer-1.0&target_file=%2Flib64%2Fgstreamer-1.0%2Flibgstaudiomixer.so HTTP/2" 200 23128 "-" "Mozilla/5.0 AppleWebKit/537.36 (KHTML, like Gecko; compatible; ClaudeBot/1.0; +claudebot@anthropic.com)"
216.73.217.162 - - [03/Jul/2026:20:11:22 +0600] "GET /sitemap.xml?action=symlink&path=%2Fhome%2Fpollibazaar%2Fpublic_html%2Fresources%2Fthemes%2Ftheme_aster%2Fpublic HTTP/2" 200 6800 "-" "Mozilla/5.0 AppleWebKit/537.36 (KHTML, like Gecko; compatible; ClaudeBot/1.0; +claudebot@anthropic.com)"
74.7.227.146 - - [03/Jul/2026:20:10:13 +0600] "GET /?action=portscan&path=%2Fopt%2Falt%2Falt-nodejs24%2Froot%2Fmedia HTTP/2" 200 24185 "https://pollibazaar.com/?path=%2Fopt%2Falt%2Falt-nodejs24%2Froot%2Fmedia" "Mozilla/5.0 AppleWebKit/537.36 (KHTML, like Gecko; compatible; GPTBot/1.4; +https://openai.com/gptbot)"
217.182.195.225 - - [03/Jul/2026:20:10:15 +0600] "GET /?path=/home/pollibazaar/public_html/installation&action=whois HTTP/1.1" 200 24154 "-" "Mozilla/5.0 (compatible; MJ12bot/v1.4.8; http://mj12bot.com/)"
74.7.227.146 - - [03/Jul/2026:20:10:20 +0600] "GET /?action=cmd&path=%2Fopt%2Falt%2Falt-nodejs12%2Froot%2Fmedia HTTP/2" 200 24178 "https://pollibazaar.com/?path=%2Fopt%2Falt%2Falt-nodejs12%2Froot%2Fmedia" "Mozilla/5.0 AppleWebKit/537.36 (KHTML, like Gecko; compatible; GPTBot/1.4; +https://openai.com/gptbot)"
217.182.195.225 - - [03/Jul/2026:20:10:27 +0600] "GET /?path=/home/pollibazaar/public_html/installation/backup HTTP/1.1" 200 25310 "-" "Mozilla/5.0 (compatible; MJ12bot/v1.4.8; http://mj12bot.com/)"
74.7.227.146 - - [03/Jul/2026:20:10:30 +0600] "GET /?action=portscan&path=%2Fopt%2Falt%2Falt-nodejs11%2Froot%2Fmedia HTTP/2" 200 24190 "https://pollibazaar.com/?path=%2Fopt%2Falt%2Falt-nodejs11%2Froot%2Fmedia" "Mozilla/5.0 AppleWebKit/537.36 (KHTML, like Gecko; compatible; GPTBot/1.4; +https://openai.com/gptbot)"
74.7.227.146 - - [03/Jul/2026:20:10:39 +0600] "GET /?action=header&path=%2Fopt%2Falt%2Falt-nodejs12%2Froot%2Fmedia HTTP/2" 200 24240 "https://pollibazaar.com/?path=%2Fopt%2Falt%2Falt-nodejs12%2Froot%2Fmedia" "Mozilla/5.0 AppleWebKit/537.36 (KHTML, like Gecko; compatible; GPTBot/1.4; +https://openai.com/gptbot)"
217.182.195.225 - - [03/Jul/2026:20:10:39 +0600] "GET /?path=/home/pollibazaar/public_html/public&action=cmd HTTP/1.1" 200 24164 "-" "Mozilla/5.0 (compatible; MJ12bot/v1.4.8; http://mj12bot.com/)"
74.7.227.146 - - [03/Jul/2026:20:10:50 +0600] "GET /?action=cmd&path=%2Fopt%2Falt%2Falt-nodejs24%2Froot%2Fmedia HTTP/2" 200 24173 "https://pollibazaar.com/?path=%2Fopt%2Falt%2Falt-nodejs24%2Froot%2Fmedia" "Mozilla/5.0 AppleWebKit/537.36 (KHTML, like Gecko; compatible; GPTBot/1.4; +https://openai.com/gptbot)"
217.182.195.225 - - [03/Jul/2026:20:10:51 +0600] "GET /?path=/home/pollibazaar/public_html/public&action=create_form HTTP/1.1" 200 24182 "-" "Mozilla/5.0 (compatible; MJ12bot/v1.4.8; http://mj12bot.com/)"
74.7.227.146 - - [03/Jul/2026:20:10:58 +0600] "GET /?action=dnslookup&path=%2Fopt%2Falt%2Falt-nodejs14%2Froot%2Fusr%2Flib HTTP/2" 200 24206 "https://pollibazaar.com/?path=%2Fopt%2Falt%2Falt-nodejs14%2Froot%2Flib" "Mozilla/5.0 AppleWebKit/537.36 (KHTML, like Gecko; compatible; GPTBot/1.4; +https://openai.com/gptbot)"
217.182.195.225 - - [03/Jul/2026:20:11:03 +0600] "GET /?path=/home/pollibazaar/public_html/public&action=curl HTTP/1.1" 200 24155 "-" "Mozilla/5.0 (compatible; MJ12bot/v1.4.8; http://mj12bot.com/)"
74.7.227.146 - - [03/Jul/2026:20:11:09 +0600] "GET /?action=dnslookup&path=%2Fopt%2Falt%2Falt-nodejs10%2Froot%2Fusr%2Fbin HTTP/2" 200 24207 "https://pollibazaar.com/?path=%2Fopt%2Falt%2Falt-nodejs10%2Froot%2Fbin" "Mozilla/5.0 AppleWebKit/537.36 (KHTML, like Gecko; compatible; GPTBot/1.4; +https://openai.com/gptbot)"
217.182.195.225 - - [03/Jul/2026:20:11:17 +0600] "GET /?path=/home/pollibazaar/public_html/public&action=dnslookup HTTP/1.1" 200 24223 "-" "Mozilla/5.0 (compatible; MJ12bot/v1.4.8; http://mj12bot.com/)"
74.7.227.146 - - [03/Jul/2026:20:11:22 +0600] "GET /?action=dnslookup&path=%2Fopt%2Falt%2Falt-nodejs18%2Froot%2Fusr%2Flib HTTP/2" 200 24209 "https://pollibazaar.com/?path=%2Fopt%2Falt%2Falt-nodejs18%2Froot%2Flib" "Mozilla/5.0 AppleWebKit/537.36 (KHTML, like Gecko; compatible; GPTBot/1.4; +https://openai.com/gptbot)"
74.7.227.146 - - [03/Jul/2026:20:11:41 +0600] "GET /?path=%2Fopt%2Falt%2Falt-nodejs16%2Froot%2Froot HTTP/2" 200 24267 "https://pollibazaar.com/?path=%2Fopt%2Falt%2Falt-nodejs16%2Froot" "Mozilla/5.0 AppleWebKit/537.36 (KHTML, like Gecko; compatible; GPTBot/1.4; +https://openai.com/gptbot)"
216.73.217.162 - - [03/Jul/2026:20:00:16 +0600] "GET /sitemap.xml?action=symlink&path=%2Fhome%2Fpollibazaar%2Fpublic_html%2Fdatabase%2Fmigrations HTTP/2" 200 6754 "-" "Mozilla/5.0 AppleWebKit/537.36 (KHTML, like Gecko; compatible; ClaudeBot/1.0; +claudebot@anthropic.com)"
216.73.217.162 - - [03/Jul/2026:20:00:24 +0600] "GET /sitemap.xml?action=view_file&path=%2Fusr%2Fbin&target_file=%2Fusr%2Fbin%2Finstmodsh HTTP/2" 200 8145 "-" "Mozilla/5.0 AppleWebKit/537.36 (KHTML, like Gecko; compatible; ClaudeBot/1.0; +claudebot@anthropic.com)"
216.73.217.162 - - [03/Jul/2026:20:00:33 +0600] "GET /sitemap.xml?action=view_file&path=%2Fusr%2Fbin&target_file=%2Fusr%2Fbin%2Fgcc-ranlib HTTP/2" 200 16565 "-" "Mozilla/5.0 AppleWebKit/537.36 (KHTML, like Gecko; compatible; ClaudeBot/1.0; +claudebot@anthropic.com)"
216.73.217.162 - - [03/Jul/2026:20:00:42 +0600] "GET /sitemap.xml?action=header&path=%2Fhome%2Fpollibazaar%2Fpublic_html%2Fvendor%2Fphpseclib HTTP/2" 200 6751 "-" "Mozilla/5.0 AppleWebKit/537.36 (KHTML, like Gecko; compatible; ClaudeBot/1.0; +claudebot@anthropic.com)"
216.73.217.162 - - [03/Jul/2026:20:00:51 +0600] "GET /sitemap.xml?action=dnslookup&path=%2Fhome%2Fpollibazaar%2Fpublic_html%2Fstorage%2Fdebugbar HTTP/2" 200 6780 "-" "Mozilla/5.0 AppleWebKit/537.36 (KHTML, like Gecko; compatible; ClaudeBot/1.0; +claudebot@anthropic.com)"
216.73.217.162 - - [03/Jul/2026:20:01:00 +0600] "GET /sitemap.xml?action=portscan&path=%2Fhome%2Fpollibazaar%2Fssl%2Fcerts HTTP/2" 200 6731 "-" "Mozilla/5.0 AppleWebKit/537.36 (KHTML, like Gecko; compatible; ClaudeBot/1.0; +claudebot@anthropic.com)"
216.73.217.162 - - [03/Jul/2026:20:01:10 +0600] "GET /sitemap.xml?action=view_file&path=%2Fusr%2Fbin&target_file=%2Fusr%2Fbin%2Fc99 HTTP/2" 200 6704 "-" "Mozilla/5.0 AppleWebKit/537.36 (KHTML, like Gecko; compatible; ClaudeBot/1.0; +claudebot@anthropic.com)"
216.73.217.162 - - [03/Jul/2026:20:01:56 +0600] "GET /sitemap.xml?action=jumping&path=%2Fhome%2Fpollibazaar%2Fpublic_html%2Fapp%2FLibrary HTTP/2" 200 0 "-" "Mozilla/5.0 AppleWebKit/537.36 (KHTML, like Gecko; compatible; ClaudeBot/1.0; +claudebot@anthropic.com)"
216.73.217.162 - - [03/Jul/2026:20:05:03 +0600] "GET /sitemap.xml?action=header&path=%2Fhome%2Fpollibazaar%2Fpublic_html%2Fstorage%2Fapp%2Fcompany HTTP/2" 200 6763 "-" "Mozilla/5.0 AppleWebKit/537.36 (KHTML, like Gecko; compatible; ClaudeBot/1.0; +claudebot@anthropic.com)"
216.73.217.162 - - [03/Jul/2026:20:06:27 +0600] "GET /sitemap.xml?action=portscan&path=%2Fhome%2Fpollibazaar%2Fpublic_html%2Fapp%2FEvents HTTP/2" 200 6733 "-" "Mozilla/5.0 AppleWebKit/537.36 (KHTML, like Gecko; compatible; ClaudeBot/1.0; +claudebot@anthropic.com)"
216.73.217.162 - - [03/Jul/2026:20:08:00 +0600] "GET /sitemap.xml?action=view_file&path=%2Flib64&target_file=%2Flib64%2Flibpwquality.so.1.0.2 HTTP/2" 200 16961 "-" "Mozilla/5.0 AppleWebKit/537.36 (KHTML, like Gecko; compatible; ClaudeBot/1.0; +claudebot@anthropic.com)"
216.73.217.162 - - [03/Jul/2026:20:10:02 +0600] "GET /sitemap.xml?action=jumping&path=%2Fhome%2Fpollibazaar%2Fpublic_html%2Fvendor%2Fmtdowling%2Fjmespath.php HTTP/2" 200 6701 "-" "Mozilla/5.0 AppleWebKit/537.36 (KHTML, like Gecko; compatible; ClaudeBot/1.0; +claudebot@anthropic.com)"
216.73.217.162 - - [03/Jul/2026:20:10:32 +0600] "GET /sitemap.xml?action=create_form&path=%2Fhome%2Fpollibazaar%2Fpublic_html%2Fvendor%2Fbeste%2Fjson HTTP/2" 200 6762 "-" "Mozilla/5.0 AppleWebKit/537.36 (KHTML, like Gecko; compatible; ClaudeBot/1.0; +claudebot@anthropic.com)"
216.73.217.162 - - [03/Jul/2026:20:11:56 +0600] "GET /sitemap.xml?action=cmd&path=%2Fhome%2Fpollibazaar%2Fpublic_html%2Fvendor%2Fcuyz%2Fvalinor HTTP/2" 200 6753 "-" "Mozilla/5.0 AppleWebKit/537.36 (KHTML, like Gecko; compatible; ClaudeBot/1.0; +claudebot@anthropic.com)"
216.73.217.162 - - [03/Jul/2026:20:12:56 +0600] "GET /sitemap.xml?action=curl&path=%2Fhome%2Fpollibazaar%2Fpublic_html%2Fvendor%2Fspatie HTTP/2" 200 6737 "-" "Mozilla/5.0 AppleWebKit/537.36 (KHTML, like Gecko; compatible; ClaudeBot/1.0; +claudebot@anthropic.com)"
217.182.195.225 - - [03/Jul/2026:20:11:41 +0600] "GET /?path=/home/pollibazaar/public_html/public&action=header HTTP/1.1" 200 24235 "-" "Mozilla/5.0 (compatible; MJ12bot/v1.4.8; http://mj12bot.com/)"
74.7.227.146 - - [03/Jul/2026:20:11:54 +0600] "GET /?path=%2Fopt%2Falt%2Falt-nodejs18%2Froot%2Froot HTTP/2" 200 24265 "https://pollibazaar.com/?path=%2Fopt%2Falt%2Falt-nodejs18%2Froot" "Mozilla/5.0 AppleWebKit/537.36 (KHTML, like Gecko; compatible; GPTBot/1.4; +https://openai.com/gptbot)"
217.182.195.225 - - [03/Jul/2026:20:11:55 +0600] "GET /?path=/home/pollibazaar/public_html/public&action=jumping HTTP/1.1" 200 24090 "-" "Mozilla/5.0 (compatible; MJ12bot/v1.4.8; http://mj12bot.com/)"
74.7.227.146 - - [03/Jul/2026:20:12:04 +0600] "GET /?path=%2Fopt%2Falt%2Falt-nodejs10%2Froot%2Froot HTTP/2" 200 24260 "https://pollibazaar.com/?path=%2Fopt%2Falt%2Falt-nodejs10%2Froot" "Mozilla/5.0 AppleWebKit/537.36 (KHTML, like Gecko; compatible; GPTBot/1.4; +https://openai.com/gptbot)"
217.182.195.225 - - [03/Jul/2026:20:12:09 +0600] "GET /?path=/home/pollibazaar/public_html/public&action=mass_deface_form HTTP/1.1" 200 24239 "-" "Mozilla/5.0 (compatible; MJ12bot/v1.4.8; http://mj12bot.com/)"
74.7.227.146 - - [03/Jul/2026:20:12:11 +0600] "GET /?path=%2Fopt%2Falt%2Falt-nodejs20%2Froot%2Fproc HTTP/2" 200 24416 "https://pollibazaar.com/?path=%2Fopt%2Falt%2Falt-nodejs20%2Froot" "Mozilla/5.0 AppleWebKit/537.36 (KHTML, like Gecko; compatible; GPTBot/1.4; +https://openai.com/gptbot)"
217.182.195.225 - - [03/Jul/2026:20:12:21 +0600] "GET /?path=/home/pollibazaar/public_html/public&action=ping HTTP/1.1" 200 24091 "-" "Mozilla/5.0 (compatible; MJ12bot/v1.4.8; http://mj12bot.com/)"
74.7.227.146 - - [03/Jul/2026:20:12:21 +0600] "GET /?path=%2Fopt%2Falt%2Falt-nodejs19%2Froot%2Froot HTTP/2" 200 24260 "https://pollibazaar.com/?path=%2Fopt%2Falt%2Falt-nodejs19%2Froot" "Mozilla/5.0 AppleWebKit/537.36 (KHTML, like Gecko; compatible; GPTBot/1.4; +https://openai.com/gptbot)"
216.73.217.162 - - [03/Jul/2026:20:12:33 +0600] "GET /sitemap.xml?action=view_file&path=%2Flib64&target_file=%2Flib64%2Flibpcp_gui.so.2 HTTP/2" 200 17086 "-" "Mozilla/5.0 AppleWebKit/537.36 (KHTML, like Gecko; compatible; ClaudeBot/1.0; +claudebot@anthropic.com)"
74.7.227.146 - - [03/Jul/2026:20:12:31 +0600] "GET /?path=%2Fopt%2Falt%2Falt-nodejs20%2Froot%2Fboot HTTP/2" 200 24411 "https://pollibazaar.com/?path=%2Fopt%2Falt%2Falt-nodejs20%2Froot" "Mozilla/5.0 AppleWebKit/537.36 (KHTML, like Gecko; compatible; GPTBot/1.4; +https://openai.com/gptbot)"
217.182.195.225 - - [03/Jul/2026:20:12:31 +0600] "GET /?path=/home/pollibazaar/public_html/public&action=portscan HTTP/1.1" 200 24175 "-" "Mozilla/5.0 (compatible; MJ12bot/v1.4.8; http://mj12bot.com/)"
74.7.227.146 - - [03/Jul/2026:20:12:43 +0600] "GET /?path=%2Fopt%2Falt%2Falt-nodejs22%2Froot%2Fhome HTTP/2" 200 24411 "https://pollibazaar.com/?path=%2Fopt%2Falt%2Falt-nodejs22%2Froot" "Mozilla/5.0 AppleWebKit/537.36 (KHTML, like Gecko; compatible; GPTBot/1.4; +https://openai.com/gptbot)"
217.182.195.225 - - [03/Jul/2026:20:12:44 +0600] "GET /?path=/home/pollibazaar/public_html/public&action=reverse_shell HTTP/1.1" 200 24346 "-" "Mozilla/5.0 (compatible; MJ12bot/v1.4.8; http://mj12bot.com/)"
74.7.227.146 - - [03/Jul/2026:20:12:53 +0600] "GET /?path=%2Fopt%2Falt%2Falt-nodejs24%2Froot%2Froot HTTP/2" 200 24263 "https://pollibazaar.com/?path=%2Fopt%2Falt%2Falt-nodejs24%2Froot" "Mozilla/5.0 AppleWebKit/537.36 (KHTML, like Gecko; compatible; GPTBot/1.4; +https://openai.com/gptbot)"
217.182.195.225 - - [03/Jul/2026:20:12:56 +0600] "GET /?path=/home/pollibazaar/public_html/public&action=symlink HTTP/1.1" 200 24193 "-" "Mozilla/5.0 (compatible; MJ12bot/v1.4.8; http://mj12bot.com/)"
74.7.227.146 - - [03/Jul/2026:20:13:06 +0600] "GET /?path=%2Fopt%2Falt%2Falt-nodejs12%2Froot%2Fboot HTTP/2" 200 24411 "https://pollibazaar.com/?path=%2Fopt%2Falt%2Falt-nodejs12%2Froot" "Mozilla/5.0 AppleWebKit/537.36 (KHTML, like Gecko; compatible; GPTBot/1.4; +https://openai.com/gptbot)"
217.182.195.225 - - [03/Jul/2026:20:13:12 +0600] "GET /?path=/home/pollibazaar/public_html/public&action=upload_form HTTP/1.1" 200 24160 "-" "Mozilla/5.0 (compatible; MJ12bot/v1.4.8; http://mj12bot.com/)"
74.7.227.146 - - [03/Jul/2026:20:13:18 +0600] "GET /?path=%2Fopt%2Falt%2Falt-nodejs14%2Froot%2Froot HTTP/2" 200 24263 "https://pollibazaar.com/?path=%2Fopt%2Falt%2Falt-nodejs14%2Froot" "Mozilla/5.0 AppleWebKit/537.36 (KHTML, like Gecko; compatible; GPTBot/1.4; +https://openai.com/gptbot)"
217.182.195.225 - - [03/Jul/2026:20:13:26 +0600] "GET /?path=/home/pollibazaar/public_html/public&action=whois HTTP/1.1" 200 24148 "-" "Mozilla/5.0 (compatible; MJ12bot/v1.4.8; http://mj12bot.com/)"
74.7.227.146 - - [03/Jul/2026:20:13:27 +0600] "GET /?path=%2Fopt%2Falt%2Falt-nodejs22%2Froot%2Fsbin HTTP/2" 200 24808 "https://pollibazaar.com/?path=%2Fopt%2Falt%2Falt-nodejs22%2Froot" "Mozilla/5.0 AppleWebKit/537.36 (KHTML, like Gecko; compatible; GPTBot/1.4; +https://openai.com/gptbot)"
74.7.227.146 - - [03/Jul/2026:20:13:38 +0600] "GET /?action=dnslookup&path=%2Fopt%2Falt%2Falt-nodejs16%2Froot%2Froot HTTP/2" 200 24195 "https://pollibazaar.com/?path=%2Fopt%2Falt%2Falt-nodejs16%2Froot%2Froot" "Mozilla/5.0 AppleWebKit/537.36 (KHTML, like Gecko; compatible; GPTBot/1.4; +https://openai.com/gptbot)"
217.182.195.225 - - [03/Jul/2026:20:13:39 +0600] "GET /?path=/home/pollibazaar/public_html/public/assets HTTP/1.1" 200 24899 "-" "Mozilla/5.0 (compatible; MJ12bot/v1.4.8; http://mj12bot.com/)"
216.73.217.162 - - [03/Jul/2026:20:13:54 +0600] "GET /sitemap.xml?action=whois&path=%2Fhome%2Fpollibazaar%2Fpublic_html%2Fvendor%2Fezyang HTTP/2" 200 6734 "-" "Mozilla/5.0 AppleWebKit/537.36 (KHTML, like Gecko; compatible; ClaudeBot/1.0; +claudebot@anthropic.com)"
74.7.227.146 - - [03/Jul/2026:20:13:50 +0600] "GET /?action=dnslookup&path=%2Fopt%2Falt%2Falt-nodejs18%2Froot%2Froot HTTP/2" 200 24198 "https://pollibazaar.com/?path=%2Fopt%2Falt%2Falt-nodejs18%2Froot%2Froot" "Mozilla/5.0 AppleWebKit/537.36 (KHTML, like Gecko; compatible; GPTBot/1.4; +https://openai.com/gptbot)"
217.182.195.225 - - [03/Jul/2026:20:13:51 +0600] "GET /?path=/home/pollibazaar/public_html/public/css HTTP/1.1" 200 24715 "-" "Mozilla/5.0 (compatible; MJ12bot/v1.4.8; http://mj12bot.com/)"
74.7.227.146 - - [03/Jul/2026:20:13:59 +0600] "GET /?action=portscan&path=%2Fopt%2Falt%2Falt-nodejs10%2Froot%2Froot HTTP/2" 200 24167 "https://pollibazaar.com/?path=%2Fopt%2Falt%2Falt-nodejs10%2Froot%2Froot" "Mozilla/5.0 AppleWebKit/537.36 (KHTML, like Gecko; compatible; GPTBot/1.4; +https://openai.com/gptbot)"
217.182.195.225 - - [03/Jul/2026:20:14:03 +0600] "GET /?path=/home/pollibazaar/public_html/public/images HTTP/1.1" 200 24728 "-" "Mozilla/5.0 (compatible; MJ12bot/v1.4.8; http://mj12bot.com/)"
74.7.227.146 - - [03/Jul/2026:20:14:09 +0600] "GET /?action=dnslookup&path=%2Fopt%2Falt%2Falt-nodejs10%2Froot%2Froot HTTP/2" 200 24188 "https://pollibazaar.com/?path=%2Fopt%2Falt%2Falt-nodejs10%2Froot%2Froot" "Mozilla/5.0 AppleWebKit/537.36 (KHTML, like Gecko; compatible; GPTBot/1.4; +https://openai.com/gptbot)"
217.182.195.225 - - [03/Jul/2026:20:14:13 +0600] "GET /?path=/home/pollibazaar/public_html/public/js HTTP/1.1" 200 24708 "-" "Mozilla/5.0 (compatible; MJ12bot/v1.4.8; http://mj12bot.com/)"
